{"id":27451,"date":"2022-03-22T18:43:18","date_gmt":"2022-03-22T17:43:18","guid":{"rendered":"https:\/\/poblenouurbandistrict.com\/?page_id=27451"},"modified":"2022-03-22T18:43:58","modified_gmt":"2022-03-22T17:43:58","slug":"music-urban-circuit-2019-2","status":"publish","type":"page","link":"https:\/\/poblenouurbandistrict.com\/ca\/music-urban-circuit-2019-2\/","title":{"rendered":"Music Urban Circuit 2019"},"content":{"rendered":"<p><\/p>\n<h3>El Music Urban Circuit neix com a resposta a una demanda creixent del p\u00fablic de Poblenou Urban District d\u2019una programaci\u00f3 musical m\u00e9s enll\u00e0 de l\u2019habitual. Amb cinc anys d\u2019experi\u00e8ncia en l\u2019organitzaci\u00f3 del Windows Art Circuit, Poblenou Urban District es posa a la feina per a portar una nova convocat\u00f2ria per bandes, solistes o DJ emergents i ofereix un recorregut musical singular pels espais de la seva comunitat.<\/h3>\n<h3><strong>La primera edici\u00f3 del Music Urban Circuit \/ MUC presenta la seva programaci\u00f3 musical pel 4 de maig dins del marc del Poblenou Open Day.<\/strong><\/h3>\n<p><\/p>","protected":false},"excerpt":{"rendered":"<p>El Music Urban Circuit neix com a resposta a una demanda creixent del p\u00fablic de Poblenou Urban District d\u2019una programaci\u00f3&#8230; <a href=\"https:\/\/poblenouurbandistrict.com\/ca\/music-urban-circuit-2019-2\/\">M\u00e9s  \u2192<\/a><\/p>\n","protected":false},"author":5,"featured_media":15044,"parent":0,"menu_order":0,"comment_status":"closed","ping_status":"closed","template":"templates\/template-map.php","meta":{"_acf_changed":false,"footnotes":""},"class_list":["post-27451","page","type-page","status-publish","has-post-thumbnail","hentry"],"acf":[],"yoast_head":"<!-- This site is optimized with the Yoast SEO plugin v27.5 - https:\/\/yoast.com\/product\/yoast-seo-wordpress\/ -->\n<title>Music Urban Circuit 2019 &#8211; Poblenou Urban District<\/title>\n<meta name=\"description\" content=\"La primera edici\u00f3n del Music Urban Circuit \/ MUC presenta su programaci\u00f3n musical para el 4 de mayo dentro del marco del Poblenou Open Day.\" \/>\n<meta name=\"robots\" content=\"index, follow, max-snippet:-1, max-image-preview:large, max-video-preview:-1\" \/>\n<link rel=\"canonical\" href=\"https:\/\/poblenouurbandistrict.com\/ca\/music-urban-circuit-2019-2\/\" \/>\n<meta property=\"og:locale\" content=\"ca_ES\" \/>\n<meta property=\"og:type\" content=\"article\" \/>\n<meta property=\"og:title\" content=\"Music Urban Circuit 2019 &#8211; Poblenou Urban District\" \/>\n<meta property=\"og:description\" content=\"La primera edici\u00f3n del Music Urban Circuit \/ MUC presenta su programaci\u00f3n musical para el 4 de mayo dentro del marco del Poblenou Open Day.\" \/>\n<meta property=\"og:url\" content=\"https:\/\/poblenouurbandistrict.com\/ca\/music-urban-circuit-2019-2\/\" \/>\n<meta property=\"og:site_name\" content=\"Poblenou Urban District\" \/>\n<meta property=\"article:modified_time\" content=\"2022-03-22T17:43:58+00:00\" \/>\n<meta property=\"og:image\" content=\"https:\/\/poblenouurbandistrict.com\/wp-content\/uploads\/2019\/08\/MUC_PUD_RRSS_620x380-1.jpg\" \/>\n\t<meta property=\"og:image:width\" content=\"620\" \/>\n\t<meta property=\"og:image:height\" content=\"380\" \/>\n\t<meta property=\"og:image:type\" content=\"image\/jpeg\" \/>\n<meta name=\"twitter:card\" content=\"summary_large_image\" \/>\n<meta name=\"twitter:label1\" content=\"Temps estimat de lectura\" \/>\n\t<meta name=\"twitter:data1\" content=\"1 minut\" \/>\n<script type=\"application\/ld+json\" class=\"yoast-schema-graph\">{\"@context\":\"https:\\\/\\\/schema.org\",\"@graph\":[{\"@type\":\"WebPage\",\"@id\":\"https:\\\/\\\/poblenouurbandistrict.com\\\/ca\\\/music-urban-circuit-2019-2\\\/\",\"url\":\"https:\\\/\\\/poblenouurbandistrict.com\\\/ca\\\/music-urban-circuit-2019-2\\\/\",\"name\":\"Music Urban Circuit 2019 &#8211; Poblenou Urban District\",\"isPartOf\":{\"@id\":\"https:\\\/\\\/poblenouurbandistrict.com\\\/ca\\\/#website\"},\"primaryImageOfPage\":{\"@id\":\"https:\\\/\\\/poblenouurbandistrict.com\\\/ca\\\/music-urban-circuit-2019-2\\\/#primaryimage\"},\"image\":{\"@id\":\"https:\\\/\\\/poblenouurbandistrict.com\\\/music-urban-circuit-2019-2\\\/#primaryimage\"},\"thumbnailUrl\":\"https:\\\/\\\/media.poblenouurbandistrict.com\\\/2019\\\/08\\\/25024354\\\/MUC_PUD_RRSS_620x380-1.jpg\",\"datePublished\":\"2022-03-22T17:43:18+00:00\",\"dateModified\":\"2022-03-22T17:43:58+00:00\",\"description\":\"La primera edici\u00f3n del Music Urban Circuit \\\/ MUC presenta su programaci\u00f3n musical para el 4 de mayo dentro del marco del Poblenou Open Day.\",\"breadcrumb\":{\"@id\":\"https:\\\/\\\/poblenouurbandistrict.com\\\/ca\\\/music-urban-circuit-2019-2\\\/#breadcrumb\"},\"inLanguage\":\"ca\",\"potentialAction\":[{\"@type\":\"ReadAction\",\"target\":[[\"https:\\\/\\\/poblenouurbandistrict.com\\\/ca\\\/music-urban-circuit-2019-2\\\/\"]]}]},{\"@type\":\"ImageObject\",\"inLanguage\":\"ca\",\"@id\":\"https:\\\/\\\/poblenouurbandistrict.com\\\/ca\\\/music-urban-circuit-2019-2\\\/#primaryimage\",\"url\":\"https:\\\/\\\/media.poblenouurbandistrict.com\\\/2019\\\/08\\\/25024354\\\/MUC_PUD_RRSS_620x380-1.jpg\",\"contentUrl\":\"https:\\\/\\\/media.poblenouurbandistrict.com\\\/2019\\\/08\\\/25024354\\\/MUC_PUD_RRSS_620x380-1.jpg\",\"width\":620,\"height\":380},{\"@type\":\"BreadcrumbList\",\"@id\":\"https:\\\/\\\/poblenouurbandistrict.com\\\/ca\\\/music-urban-circuit-2019-2\\\/#breadcrumb\",\"itemListElement\":[{\"@type\":\"ListItem\",\"position\":1,\"name\":\"Home\",\"item\":\"https:\\\/\\\/poblenouurbandistrict.com\\\/ca\\\/\"},{\"@type\":\"ListItem\",\"position\":2,\"name\":\"Music Urban Circuit 2019\"}]},{\"@type\":\"WebSite\",\"@id\":\"https:\\\/\\\/poblenouurbandistrict.com\\\/ca\\\/#website\",\"url\":\"https:\\\/\\\/poblenouurbandistrict.com\\\/ca\\\/\",\"name\":\"Poblenou Urban District\",\"description\":\"Comunitat Creativa\",\"potentialAction\":[{\"@type\":\"SearchAction\",\"target\":{\"@type\":\"EntryPoint\",\"urlTemplate\":\"https:\\\/\\\/poblenouurbandistrict.com\\\/ca\\\/?s={search_term_string}\"},\"query-input\":{\"@type\":\"PropertyValueSpecification\",\"valueRequired\":true,\"valueName\":\"search_term_string\"}}],\"inLanguage\":\"ca\"}]}<\/script>\n<!-- \/ Yoast SEO plugin. -->","yoast_head_json":{"title":"Music Urban Circuit 2019 &#8211; Poblenou Urban District","description":"La primera edici\u00f3n del Music Urban Circuit \/ MUC presenta su programaci\u00f3n musical para el 4 de mayo dentro del marco del Poblenou Open Day.","robots":{"index":"index","follow":"follow","max-snippet":"max-snippet:-1","max-image-preview":"max-image-preview:large","max-video-preview":"max-video-preview:-1"},"canonical":"https:\/\/poblenouurbandistrict.com\/ca\/music-urban-circuit-2019-2\/","og_locale":"ca_ES","og_type":"article","og_title":"Music Urban Circuit 2019 &#8211; Poblenou Urban District","og_description":"La primera edici\u00f3n del Music Urban Circuit \/ MUC presenta su programaci\u00f3n musical para el 4 de mayo dentro del marco del Poblenou Open Day.","og_url":"https:\/\/poblenouurbandistrict.com\/ca\/music-urban-circuit-2019-2\/","og_site_name":"Poblenou Urban District","article_modified_time":"2022-03-22T17:43:58+00:00","og_image":[{"width":620,"height":380,"url":"https:\/\/poblenouurbandistrict.com\/wp-content\/uploads\/2019\/08\/MUC_PUD_RRSS_620x380-1.jpg","type":"image\/jpeg"}],"twitter_card":"summary_large_image","twitter_misc":{"Temps estimat de lectura":"1 minut"},"schema":{"@context":"https:\/\/schema.org","@graph":[{"@type":"WebPage","@id":"https:\/\/poblenouurbandistrict.com\/ca\/music-urban-circuit-2019-2\/","url":"https:\/\/poblenouurbandistrict.com\/ca\/music-urban-circuit-2019-2\/","name":"Music Urban Circuit 2019 &#8211; Poblenou Urban District","isPartOf":{"@id":"https:\/\/poblenouurbandistrict.com\/ca\/#website"},"primaryImageOfPage":{"@id":"https:\/\/poblenouurbandistrict.com\/ca\/music-urban-circuit-2019-2\/#primaryimage"},"image":{"@id":"https:\/\/poblenouurbandistrict.com\/music-urban-circuit-2019-2\/#primaryimage"},"thumbnailUrl":"https:\/\/media.poblenouurbandistrict.com\/2019\/08\/25024354\/MUC_PUD_RRSS_620x380-1.jpg","datePublished":"2022-03-22T17:43:18+00:00","dateModified":"2022-03-22T17:43:58+00:00","description":"La primera edici\u00f3n del Music Urban Circuit \/ MUC presenta su programaci\u00f3n musical para el 4 de mayo dentro del marco del Poblenou Open Day.","breadcrumb":{"@id":"https:\/\/poblenouurbandistrict.com\/ca\/music-urban-circuit-2019-2\/#breadcrumb"},"inLanguage":"ca","potentialAction":[{"@type":"ReadAction","target":[["https:\/\/poblenouurbandistrict.com\/ca\/music-urban-circuit-2019-2\/"]]}]},{"@type":"ImageObject","inLanguage":"ca","@id":"https:\/\/poblenouurbandistrict.com\/ca\/music-urban-circuit-2019-2\/#primaryimage","url":"https:\/\/media.poblenouurbandistrict.com\/2019\/08\/25024354\/MUC_PUD_RRSS_620x380-1.jpg","contentUrl":"https:\/\/media.poblenouurbandistrict.com\/2019\/08\/25024354\/MUC_PUD_RRSS_620x380-1.jpg","width":620,"height":380},{"@type":"BreadcrumbList","@id":"https:\/\/poblenouurbandistrict.com\/ca\/music-urban-circuit-2019-2\/#breadcrumb","itemListElement":[{"@type":"ListItem","position":1,"name":"Home","item":"https:\/\/poblenouurbandistrict.com\/ca\/"},{"@type":"ListItem","position":2,"name":"Music Urban Circuit 2019"}]},{"@type":"WebSite","@id":"https:\/\/poblenouurbandistrict.com\/ca\/#website","url":"https:\/\/poblenouurbandistrict.com\/ca\/","name":"Poblenou Urban District","description":"Comunitat Creativa","potentialAction":[{"@type":"SearchAction","target":{"@type":"EntryPoint","urlTemplate":"https:\/\/poblenouurbandistrict.com\/ca\/?s={search_term_string}"},"query-input":{"@type":"PropertyValueSpecification","valueRequired":true,"valueName":"search_term_string"}}],"inLanguage":"ca"}]}},"_links":{"self":[{"href":"https:\/\/poblenouurbandistrict.com\/ca\/wp-json\/wp\/v2\/pages\/27451","targetHints":{"allow":["GET"]}}],"collection":[{"href":"https:\/\/poblenouurbandistrict.com\/ca\/wp-json\/wp\/v2\/pages"}],"about":[{"href":"https:\/\/poblenouurbandistrict.com\/ca\/wp-json\/wp\/v2\/types\/page"}],"author":[{"embeddable":true,"href":"https:\/\/poblenouurbandistrict.com\/ca\/wp-json\/wp\/v2\/users\/5"}],"replies":[{"embeddable":true,"href":"https:\/\/poblenouurbandistrict.com\/ca\/wp-json\/wp\/v2\/comments?post=27451"}],"version-history":[{"count":1,"href":"https:\/\/poblenouurbandistrict.com\/ca\/wp-json\/wp\/v2\/pages\/27451\/revisions"}],"predecessor-version":[{"id":27453,"href":"https:\/\/poblenouurbandistrict.com\/ca\/wp-json\/wp\/v2\/pages\/27451\/revisions\/27453"}],"wp:featuredmedia":[{"embeddable":true,"href":"https:\/\/poblenouurbandistrict.com\/ca\/wp-json\/wp\/v2\/media\/15044"}],"wp:attachment":[{"href":"https:\/\/poblenouurbandistrict.com\/ca\/wp-json\/wp\/v2\/media?parent=27451"}],"curies":[{"name":"wp","href":"https:\/\/api.w.org\/{rel}","templated":true}]}}

<p></p>
<h3>El Music Urban Circuit neix com a resposta a una demanda creixent del públic de Poblenou Urban District d’una programació musical més enllà de l’habitual. Amb cinc anys d’experiència en l’organització del Windows Art Circuit, Poblenou Urban District es posa a la feina per a portar una nova convocatòria per bandes, solistes o DJ emergents i ofereix un recorregut musical singular pels espais de la seva comunitat.</h3>
<h3><strong>La primera edició del Music Urban Circuit / MUC presenta la seva programació musical pel 4 de maig dins del marc del Poblenou Open Day.</strong></h3>
<p></p>

<p>El Music Urban Circuit neix com a resposta a una demanda creixent del públic de Poblenou Urban District d’una programació&#8230; <a href="https://poblenouurbandistrict.com/ca/music-urban-circuit-2019-2/">Més  →</a></p>

<!-- This site is optimized with the Yoast SEO plugin v27.5 - https://yoast.com/product/yoast-seo-wordpress/ -->
<title>Music Urban Circuit 2019 &#8211; Poblenou Urban District</title>
<meta name="description" content="La primera edición del Music Urban Circuit / MUC presenta su programación musical para el 4 de mayo dentro del marco del Poblenou Open Day." />
<meta name="robots" content="index, follow, max-snippet:-1, max-image-preview:large, max-video-preview:-1" />
<link rel="canonical" href="https://poblenouurbandistrict.com/ca/music-urban-circuit-2019-2/" />
<meta property="og:locale" content="ca_ES" />
<meta property="og:type" content="article" />
<meta property="og:title" content="Music Urban Circuit 2019 &#8211; Poblenou Urban District" />
<meta property="og:description" content="La primera edición del Music Urban Circuit / MUC presenta su programación musical para el 4 de mayo dentro del marco del Poblenou Open Day." />
<meta property="og:url" content="https://poblenouurbandistrict.com/ca/music-urban-circuit-2019-2/" />
<meta property="og:site_name" content="Poblenou Urban District" />
<meta property="article:modified_time" content="2022-03-22T17:43:58+00:00" />
<meta property="og:image" content="https://poblenouurbandistrict.com/wp-content/uploads/2019/08/MUC_PUD_RRSS_620x380-1.jpg" />
	<meta property="og:image:width" content="620" />
	<meta property="og:image:height" content="380" />
	<meta property="og:image:type" content="image/jpeg" />
<meta name="twitter:card" content="summary_large_image" />
<meta name="twitter:label1" content="Temps estimat de lectura" />
	<meta name="twitter:data1" content="1 minut" />
<script type="application/ld+json" class="yoast-schema-graph">{"@context":"https:\/\/schema.org","@graph":[{"@type":"WebPage","@id":"https:\/\/poblenouurbandistrict.com\/ca\/music-urban-circuit-2019-2\/","url":"https:\/\/poblenouurbandistrict.com\/ca\/music-urban-circuit-2019-2\/","name":"Music Urban Circuit 2019 &#8211; Poblenou Urban District","isPartOf":{"@id":"https:\/\/poblenouurbandistrict.com\/ca\/#website"},"primaryImageOfPage":{"@id":"https:\/\/poblenouurbandistrict.com\/ca\/music-urban-circuit-2019-2\/#primaryimage"},"image":{"@id":"https:\/\/poblenouurbandistrict.com\/music-urban-circuit-2019-2\/#primaryimage"},"thumbnailUrl":"https:\/\/media.poblenouurbandistrict.com\/2019\/08\/25024354\/MUC_PUD_RRSS_620x380-1.jpg","datePublished":"2022-03-22T17:43:18+00:00","dateModified":"2022-03-22T17:43:58+00:00","description":"La primera edición del Music Urban Circuit \/ MUC presenta su programación musical para el 4 de mayo dentro del marco del Poblenou Open Day.","breadcrumb":{"@id":"https:\/\/poblenouurbandistrict.com\/ca\/music-urban-circuit-2019-2\/#breadcrumb"},"inLanguage":"ca","potentialAction":[{"@type":"ReadAction","target":[["https:\/\/poblenouurbandistrict.com\/ca\/music-urban-circuit-2019-2\/"]]}]},{"@type":"ImageObject","inLanguage":"ca","@id":"https:\/\/poblenouurbandistrict.com\/ca\/music-urban-circuit-2019-2\/#primaryimage","url":"https:\/\/media.poblenouurbandistrict.com\/2019\/08\/25024354\/MUC_PUD_RRSS_620x380-1.jpg","contentUrl":"https:\/\/media.poblenouurbandistrict.com\/2019\/08\/25024354\/MUC_PUD_RRSS_620x380-1.jpg","width":620,"height":380},{"@type":"BreadcrumbList","@id":"https:\/\/poblenouurbandistrict.com\/ca\/music-urban-circuit-2019-2\/#breadcrumb","itemListElement":[{"@type":"ListItem","position":1,"name":"Home","item":"https:\/\/poblenouurbandistrict.com\/ca\/"},{"@type":"ListItem","position":2,"name":"Music Urban Circuit 2019"}]},{"@type":"WebSite","@id":"https:\/\/poblenouurbandistrict.com\/ca\/#website","url":"https:\/\/poblenouurbandistrict.com\/ca\/","name":"Poblenou Urban District","description":"Comunitat Creativa","potentialAction":[{"@type":"SearchAction","target":{"@type":"EntryPoint","urlTemplate":"https:\/\/poblenouurbandistrict.com\/ca\/?s={search_term_string}"},"query-input":{"@type":"PropertyValueSpecification","valueRequired":true,"valueName":"search_term_string"}}],"inLanguage":"ca"}]}</script>
<!-- / Yoast SEO plugin. -->

La primera edición del Music Urban Circuit / MUC presenta su programación musical para el 4 de mayo dentro del marco del Poblenou Open Day.
