{"id":27491,"date":"2022-03-23T15:32:00","date_gmt":"2022-03-23T14:32:00","guid":{"rendered":"https:\/\/poblenouurbandistrict.com\/?page_id=27491"},"modified":"2022-03-23T15:33:47","modified_gmt":"2022-03-23T14:33:47","slug":"windows-art-circuit-2019","status":"publish","type":"page","link":"https:\/\/poblenouurbandistrict.com\/ca\/windows-art-circuit-2019\/","title":{"rendered":"Windows Art Circuit 2019"},"content":{"rendered":"<p><\/p>\n<h3>El Windows Art Circuit (WAC) \u00e9s un dels esdeveniments vertebradors del Poblenou Urban District, un circuit que permet el p\u00fablic experimentar en directe el proc\u00e9s complet de creaci\u00f3 de l\u2019art mural sobre suports no convencionals, reclamant els carrers i recuperant els espais en des\u00fas com a \u00e0rees d\u2019alt valor cultural.<\/h3>\n<h3>La quinta edici\u00f3 se celebrar\u00e0 el 4 de maig dins del marc del Poblenou Open Day, i comptar\u00e0 amb nous artistes que donaran vida al barri amb les seves creacions.<\/h3>\n<p><\/p>","protected":false},"excerpt":{"rendered":"<p>El Windows Art Circuit (WAC) \u00e9s un dels esdeveniments vertebradors del Poblenou Urban District, un circuit que permet el p\u00fablic&#8230; <a href=\"https:\/\/poblenouurbandistrict.com\/ca\/windows-art-circuit-2019\/\">M\u00e9s  \u2192<\/a><\/p>\n","protected":false},"author":5,"featured_media":20250,"parent":0,"menu_order":0,"comment_status":"closed","ping_status":"closed","template":"templates\/template-map.php","meta":{"_acf_changed":false,"footnotes":""},"class_list":["post-27491","page","type-page","status-publish","has-post-thumbnail","hentry"],"acf":[],"yoast_head":"<!-- This site is optimized with the Yoast SEO plugin v27.5 - https:\/\/yoast.com\/product\/yoast-seo-wordpress\/ -->\n<title>Quinta edici\u00f3 del Windows Art Circuit<\/title>\n<meta name=\"description\" content=\"El 4 de maig celebrem la quinta edici\u00f3 del Windows Art Circuit \/ WAC dins del marc del Poblenou Open Day.\" \/>\n<meta name=\"robots\" content=\"index, follow, max-snippet:-1, max-image-preview:large, max-video-preview:-1\" \/>\n<link rel=\"canonical\" href=\"https:\/\/poblenouurbandistrict.com\/ca\/windows-art-circuit-2019\/\" \/>\n<meta property=\"og:locale\" content=\"ca_ES\" \/>\n<meta property=\"og:type\" content=\"article\" \/>\n<meta property=\"og:title\" content=\"Quinta edici\u00f3 del Windows Art Circuit\" \/>\n<meta property=\"og:description\" content=\"El 4 de maig celebrem la quinta edici\u00f3 del Windows Art Circuit \/ WAC dins del marc del Poblenou Open Day.\" \/>\n<meta property=\"og:url\" content=\"https:\/\/poblenouurbandistrict.com\/ca\/windows-art-circuit-2019\/\" \/>\n<meta property=\"og:site_name\" content=\"Poblenou Urban District\" \/>\n<meta property=\"article:modified_time\" content=\"2022-03-23T14:33:47+00:00\" \/>\n<meta property=\"og:image\" content=\"https:\/\/poblenouurbandistrict.com\/wp-content\/uploads\/2019\/10\/2019_wac_00084.jpg\" \/>\n\t<meta property=\"og:image:width\" content=\"2048\" \/>\n\t<meta property=\"og:image:height\" content=\"1365\" \/>\n\t<meta property=\"og:image:type\" content=\"image\/jpeg\" \/>\n<meta name=\"twitter:card\" content=\"summary_large_image\" \/>\n<meta name=\"twitter:label1\" content=\"Temps estimat de lectura\" \/>\n\t<meta name=\"twitter:data1\" content=\"1 minut\" \/>\n<script type=\"application\/ld+json\" class=\"yoast-schema-graph\">{\"@context\":\"https:\\\/\\\/schema.org\",\"@graph\":[{\"@type\":\"WebPage\",\"@id\":\"https:\\\/\\\/poblenouurbandistrict.com\\\/ca\\\/windows-art-circuit-2019\\\/\",\"url\":\"https:\\\/\\\/poblenouurbandistrict.com\\\/ca\\\/windows-art-circuit-2019\\\/\",\"name\":\"Quinta edici\u00f3 del Windows Art Circuit\",\"isPartOf\":{\"@id\":\"https:\\\/\\\/poblenouurbandistrict.com\\\/ca\\\/#website\"},\"primaryImageOfPage\":{\"@id\":\"https:\\\/\\\/poblenouurbandistrict.com\\\/ca\\\/windows-art-circuit-2019\\\/#primaryimage\"},\"image\":{\"@id\":\"https:\\\/\\\/poblenouurbandistrict.com\\\/windows-art-circuit-2019\\\/#primaryimage\"},\"thumbnailUrl\":\"https:\\\/\\\/poblenouurbandistrict.com\\\/wp-content\\\/uploads\\\/2019\\\/10\\\/2019_wac_00084.jpg\",\"datePublished\":\"2022-03-23T14:32:00+00:00\",\"dateModified\":\"2022-03-23T14:33:47+00:00\",\"description\":\"El 4 de maig celebrem la quinta edici\u00f3 del Windows Art Circuit \\\/ WAC dins del marc del Poblenou Open Day.\",\"breadcrumb\":{\"@id\":\"https:\\\/\\\/poblenouurbandistrict.com\\\/ca\\\/windows-art-circuit-2019\\\/#breadcrumb\"},\"inLanguage\":\"ca\",\"potentialAction\":[{\"@type\":\"ReadAction\",\"target\":[[\"https:\\\/\\\/poblenouurbandistrict.com\\\/ca\\\/windows-art-circuit-2019\\\/\"]]}]},{\"@type\":\"ImageObject\",\"inLanguage\":\"ca\",\"@id\":\"https:\\\/\\\/poblenouurbandistrict.com\\\/ca\\\/windows-art-circuit-2019\\\/#primaryimage\",\"url\":\"https:\\\/\\\/poblenouurbandistrict.com\\\/wp-content\\\/uploads\\\/2019\\\/10\\\/2019_wac_00084.jpg\",\"contentUrl\":\"https:\\\/\\\/poblenouurbandistrict.com\\\/wp-content\\\/uploads\\\/2019\\\/10\\\/2019_wac_00084.jpg\",\"width\":2048,\"height\":1365},{\"@type\":\"BreadcrumbList\",\"@id\":\"https:\\\/\\\/poblenouurbandistrict.com\\\/ca\\\/windows-art-circuit-2019\\\/#breadcrumb\",\"itemListElement\":[{\"@type\":\"ListItem\",\"position\":1,\"name\":\"Home\",\"item\":\"https:\\\/\\\/poblenouurbandistrict.com\\\/ca\\\/\"},{\"@type\":\"ListItem\",\"position\":2,\"name\":\"Windows Art Circuit 2019\"}]},{\"@type\":\"WebSite\",\"@id\":\"https:\\\/\\\/poblenouurbandistrict.com\\\/ca\\\/#website\",\"url\":\"https:\\\/\\\/poblenouurbandistrict.com\\\/ca\\\/\",\"name\":\"Poblenou Urban District\",\"description\":\"Comunitat Creativa\",\"potentialAction\":[{\"@type\":\"SearchAction\",\"target\":{\"@type\":\"EntryPoint\",\"urlTemplate\":\"https:\\\/\\\/poblenouurbandistrict.com\\\/ca\\\/?s={search_term_string}\"},\"query-input\":{\"@type\":\"PropertyValueSpecification\",\"valueRequired\":true,\"valueName\":\"search_term_string\"}}],\"inLanguage\":\"ca\"}]}<\/script>\n<!-- \/ Yoast SEO plugin. -->","yoast_head_json":{"title":"Quinta edici\u00f3 del Windows Art Circuit","description":"El 4 de maig celebrem la quinta edici\u00f3 del Windows Art Circuit \/ WAC dins del marc del Poblenou Open Day.","robots":{"index":"index","follow":"follow","max-snippet":"max-snippet:-1","max-image-preview":"max-image-preview:large","max-video-preview":"max-video-preview:-1"},"canonical":"https:\/\/poblenouurbandistrict.com\/ca\/windows-art-circuit-2019\/","og_locale":"ca_ES","og_type":"article","og_title":"Quinta edici\u00f3 del Windows Art Circuit","og_description":"El 4 de maig celebrem la quinta edici\u00f3 del Windows Art Circuit \/ WAC dins del marc del Poblenou Open Day.","og_url":"https:\/\/poblenouurbandistrict.com\/ca\/windows-art-circuit-2019\/","og_site_name":"Poblenou Urban District","article_modified_time":"2022-03-23T14:33:47+00:00","og_image":[{"width":2048,"height":1365,"url":"https:\/\/poblenouurbandistrict.com\/wp-content\/uploads\/2019\/10\/2019_wac_00084.jpg","type":"image\/jpeg"}],"twitter_card":"summary_large_image","twitter_misc":{"Temps estimat de lectura":"1 minut"},"schema":{"@context":"https:\/\/schema.org","@graph":[{"@type":"WebPage","@id":"https:\/\/poblenouurbandistrict.com\/ca\/windows-art-circuit-2019\/","url":"https:\/\/poblenouurbandistrict.com\/ca\/windows-art-circuit-2019\/","name":"Quinta edici\u00f3 del Windows Art Circuit","isPartOf":{"@id":"https:\/\/poblenouurbandistrict.com\/ca\/#website"},"primaryImageOfPage":{"@id":"https:\/\/poblenouurbandistrict.com\/ca\/windows-art-circuit-2019\/#primaryimage"},"image":{"@id":"https:\/\/poblenouurbandistrict.com\/windows-art-circuit-2019\/#primaryimage"},"thumbnailUrl":"https:\/\/poblenouurbandistrict.com\/wp-content\/uploads\/2019\/10\/2019_wac_00084.jpg","datePublished":"2022-03-23T14:32:00+00:00","dateModified":"2022-03-23T14:33:47+00:00","description":"El 4 de maig celebrem la quinta edici\u00f3 del Windows Art Circuit \/ WAC dins del marc del Poblenou Open Day.","breadcrumb":{"@id":"https:\/\/poblenouurbandistrict.com\/ca\/windows-art-circuit-2019\/#breadcrumb"},"inLanguage":"ca","potentialAction":[{"@type":"ReadAction","target":[["https:\/\/poblenouurbandistrict.com\/ca\/windows-art-circuit-2019\/"]]}]},{"@type":"ImageObject","inLanguage":"ca","@id":"https:\/\/poblenouurbandistrict.com\/ca\/windows-art-circuit-2019\/#primaryimage","url":"https:\/\/poblenouurbandistrict.com\/wp-content\/uploads\/2019\/10\/2019_wac_00084.jpg","contentUrl":"https:\/\/poblenouurbandistrict.com\/wp-content\/uploads\/2019\/10\/2019_wac_00084.jpg","width":2048,"height":1365},{"@type":"BreadcrumbList","@id":"https:\/\/poblenouurbandistrict.com\/ca\/windows-art-circuit-2019\/#breadcrumb","itemListElement":[{"@type":"ListItem","position":1,"name":"Home","item":"https:\/\/poblenouurbandistrict.com\/ca\/"},{"@type":"ListItem","position":2,"name":"Windows Art Circuit 2019"}]},{"@type":"WebSite","@id":"https:\/\/poblenouurbandistrict.com\/ca\/#website","url":"https:\/\/poblenouurbandistrict.com\/ca\/","name":"Poblenou Urban District","description":"Comunitat Creativa","potentialAction":[{"@type":"SearchAction","target":{"@type":"EntryPoint","urlTemplate":"https:\/\/poblenouurbandistrict.com\/ca\/?s={search_term_string}"},"query-input":{"@type":"PropertyValueSpecification","valueRequired":true,"valueName":"search_term_string"}}],"inLanguage":"ca"}]}},"_links":{"self":[{"href":"https:\/\/poblenouurbandistrict.com\/ca\/wp-json\/wp\/v2\/pages\/27491","targetHints":{"allow":["GET"]}}],"collection":[{"href":"https:\/\/poblenouurbandistrict.com\/ca\/wp-json\/wp\/v2\/pages"}],"about":[{"href":"https:\/\/poblenouurbandistrict.com\/ca\/wp-json\/wp\/v2\/types\/page"}],"author":[{"embeddable":true,"href":"https:\/\/poblenouurbandistrict.com\/ca\/wp-json\/wp\/v2\/users\/5"}],"replies":[{"embeddable":true,"href":"https:\/\/poblenouurbandistrict.com\/ca\/wp-json\/wp\/v2\/comments?post=27491"}],"version-history":[{"count":2,"href":"https:\/\/poblenouurbandistrict.com\/ca\/wp-json\/wp\/v2\/pages\/27491\/revisions"}],"predecessor-version":[{"id":27494,"href":"https:\/\/poblenouurbandistrict.com\/ca\/wp-json\/wp\/v2\/pages\/27491\/revisions\/27494"}],"wp:featuredmedia":[{"embeddable":true,"href":"https:\/\/poblenouurbandistrict.com\/ca\/wp-json\/wp\/v2\/media\/20250"}],"wp:attachment":[{"href":"https:\/\/poblenouurbandistrict.com\/ca\/wp-json\/wp\/v2\/media?parent=27491"}],"curies":[{"name":"wp","href":"https:\/\/api.w.org\/{rel}","templated":true}]}}

<p></p>
<h3>El Windows Art Circuit (WAC) és un dels esdeveniments vertebradors del Poblenou Urban District, un circuit que permet el públic experimentar en directe el procés complet de creació de l’art mural sobre suports no convencionals, reclamant els carrers i recuperant els espais en desús com a àrees d’alt valor cultural.</h3>
<h3>La quinta edició se celebrarà el 4 de maig dins del marc del Poblenou Open Day, i comptarà amb nous artistes que donaran vida al barri amb les seves creacions.</h3>
<p></p>

<p>El Windows Art Circuit (WAC) és un dels esdeveniments vertebradors del Poblenou Urban District, un circuit que permet el públic&#8230; <a href="https://poblenouurbandistrict.com/ca/windows-art-circuit-2019/">Més  →</a></p>

<!-- This site is optimized with the Yoast SEO plugin v27.5 - https://yoast.com/product/yoast-seo-wordpress/ -->
<title>Quinta edició del Windows Art Circuit</title>
<meta name="description" content="El 4 de maig celebrem la quinta edició del Windows Art Circuit / WAC dins del marc del Poblenou Open Day." />
<meta name="robots" content="index, follow, max-snippet:-1, max-image-preview:large, max-video-preview:-1" />
<link rel="canonical" href="https://poblenouurbandistrict.com/ca/windows-art-circuit-2019/" />
<meta property="og:locale" content="ca_ES" />
<meta property="og:type" content="article" />
<meta property="og:title" content="Quinta edició del Windows Art Circuit" />
<meta property="og:description" content="El 4 de maig celebrem la quinta edició del Windows Art Circuit / WAC dins del marc del Poblenou Open Day." />
<meta property="og:url" content="https://poblenouurbandistrict.com/ca/windows-art-circuit-2019/" />
<meta property="og:site_name" content="Poblenou Urban District" />
<meta property="article:modified_time" content="2022-03-23T14:33:47+00:00" />
<meta property="og:image" content="https://poblenouurbandistrict.com/wp-content/uploads/2019/10/2019_wac_00084.jpg" />
	<meta property="og:image:width" content="2048" />
	<meta property="og:image:height" content="1365" />
	<meta property="og:image:type" content="image/jpeg" />
<meta name="twitter:card" content="summary_large_image" />
<meta name="twitter:label1" content="Temps estimat de lectura" />
	<meta name="twitter:data1" content="1 minut" />
<script type="application/ld+json" class="yoast-schema-graph">{"@context":"https:\/\/schema.org","@graph":[{"@type":"WebPage","@id":"https:\/\/poblenouurbandistrict.com\/ca\/windows-art-circuit-2019\/","url":"https:\/\/poblenouurbandistrict.com\/ca\/windows-art-circuit-2019\/","name":"Quinta edició del Windows Art Circuit","isPartOf":{"@id":"https:\/\/poblenouurbandistrict.com\/ca\/#website"},"primaryImageOfPage":{"@id":"https:\/\/poblenouurbandistrict.com\/ca\/windows-art-circuit-2019\/#primaryimage"},"image":{"@id":"https:\/\/poblenouurbandistrict.com\/windows-art-circuit-2019\/#primaryimage"},"thumbnailUrl":"https:\/\/poblenouurbandistrict.com\/wp-content\/uploads\/2019\/10\/2019_wac_00084.jpg","datePublished":"2022-03-23T14:32:00+00:00","dateModified":"2022-03-23T14:33:47+00:00","description":"El 4 de maig celebrem la quinta edició del Windows Art Circuit \/ WAC dins del marc del Poblenou Open Day.","breadcrumb":{"@id":"https:\/\/poblenouurbandistrict.com\/ca\/windows-art-circuit-2019\/#breadcrumb"},"inLanguage":"ca","potentialAction":[{"@type":"ReadAction","target":[["https:\/\/poblenouurbandistrict.com\/ca\/windows-art-circuit-2019\/"]]}]},{"@type":"ImageObject","inLanguage":"ca","@id":"https:\/\/poblenouurbandistrict.com\/ca\/windows-art-circuit-2019\/#primaryimage","url":"https:\/\/poblenouurbandistrict.com\/wp-content\/uploads\/2019\/10\/2019_wac_00084.jpg","contentUrl":"https:\/\/poblenouurbandistrict.com\/wp-content\/uploads\/2019\/10\/2019_wac_00084.jpg","width":2048,"height":1365},{"@type":"BreadcrumbList","@id":"https:\/\/poblenouurbandistrict.com\/ca\/windows-art-circuit-2019\/#breadcrumb","itemListElement":[{"@type":"ListItem","position":1,"name":"Home","item":"https:\/\/poblenouurbandistrict.com\/ca\/"},{"@type":"ListItem","position":2,"name":"Windows Art Circuit 2019"}]},{"@type":"WebSite","@id":"https:\/\/poblenouurbandistrict.com\/ca\/#website","url":"https:\/\/poblenouurbandistrict.com\/ca\/","name":"Poblenou Urban District","description":"Comunitat Creativa","potentialAction":[{"@type":"SearchAction","target":{"@type":"EntryPoint","urlTemplate":"https:\/\/poblenouurbandistrict.com\/ca\/?s={search_term_string}"},"query-input":{"@type":"PropertyValueSpecification","valueRequired":true,"valueName":"search_term_string"}}],"inLanguage":"ca"}]}</script>
<!-- / Yoast SEO plugin. -->

Quinta edició del Windows Art Circuit

El 4 de maig celebrem la quinta edició del Windows Art Circuit / WAC dins del marc del Poblenou Open Day.
