{"id":27503,"date":"2022-03-23T15:58:13","date_gmt":"2022-03-23T14:58:13","guid":{"rendered":"https:\/\/poblenouurbandistrict.com\/?page_id=27503"},"modified":"2022-03-23T15:59:12","modified_gmt":"2022-03-23T14:59:12","slug":"windows-art-circuit-2016-2","status":"publish","type":"page","link":"https:\/\/poblenouurbandistrict.com\/ca\/windows-art-circuit-2016-2\/","title":{"rendered":"Windows Art Circuit 2016"},"content":{"rendered":"<p><\/p>\n<h3>El Windows Art Circuit (WAC) \u00e9s un dels esdeveniments vertebradors del Poblenou Urban District, un circuit que permet el p\u00fablic experimentar en directe el proc\u00e9s complet de creaci\u00f3 de l\u2019art mural sobre suports no convencionals, reclamant els carrers i recuperant els espais en des\u00fas com a \u00e0rees d\u2019alt valor cultural.<\/h3>\n<h3>La segona edici\u00f3 se celebrar\u00e0 el 16 de desembre dins del marc del Poblenou Open Night, i comptar\u00e0 amb 14 espais i d&#8217;intervencions en directe de 17 il\u00b7lustradors i muralistes.<\/h3>\n<p><\/p>","protected":false},"excerpt":{"rendered":"<p>El Windows Art Circuit (WAC) \u00e9s un dels esdeveniments vertebradors del Poblenou Urban District, un circuit que permet el p\u00fablic&#8230; <a href=\"https:\/\/poblenouurbandistrict.com\/ca\/windows-art-circuit-2016-2\/\">M\u00e9s  \u2192<\/a><\/p>\n","protected":false},"author":5,"featured_media":27334,"parent":0,"menu_order":0,"comment_status":"closed","ping_status":"closed","template":"templates\/template-map.php","meta":{"_acf_changed":false,"footnotes":""},"class_list":["post-27503","page","type-page","status-publish","has-post-thumbnail","hentry"],"acf":[],"yoast_head":"<!-- This site is optimized with the Yoast SEO plugin v27.5 - https:\/\/yoast.com\/product\/yoast-seo-wordpress\/ -->\n<title>Segona edici\u00f3 del Windows Art Circuit<\/title>\n<meta name=\"description\" content=\"El 16 de desembre celebrem la segona edici\u00f3 del Windows Art Circuit \/ WAC en el marc del Poblenou Open Night\" \/>\n<meta name=\"robots\" content=\"index, follow, max-snippet:-1, max-image-preview:large, max-video-preview:-1\" \/>\n<link rel=\"canonical\" href=\"https:\/\/poblenouurbandistrict.com\/ca\/windows-art-circuit-2016-2\/\" \/>\n<meta property=\"og:locale\" content=\"ca_ES\" \/>\n<meta property=\"og:type\" content=\"article\" \/>\n<meta property=\"og:title\" content=\"Segona edici\u00f3 del Windows Art Circuit\" \/>\n<meta property=\"og:description\" content=\"El 16 de desembre celebrem la segona edici\u00f3 del Windows Art Circuit \/ WAC en el marc del Poblenou Open Night\" \/>\n<meta property=\"og:url\" content=\"https:\/\/poblenouurbandistrict.com\/ca\/windows-art-circuit-2016-2\/\" \/>\n<meta property=\"og:site_name\" content=\"Poblenou Urban District\" \/>\n<meta property=\"article:modified_time\" content=\"2022-03-23T14:59:12+00:00\" \/>\n<meta property=\"og:image\" content=\"https:\/\/poblenouurbandistrict.com\/wp-content\/uploads\/2022\/03\/aleix-jove-open-night-minyam-scaled.jpg\" \/>\n\t<meta property=\"og:image:width\" content=\"2560\" \/>\n\t<meta property=\"og:image:height\" content=\"1707\" \/>\n\t<meta property=\"og:image:type\" content=\"image\/jpeg\" \/>\n<meta name=\"twitter:card\" content=\"summary_large_image\" \/>\n<meta name=\"twitter:label1\" content=\"Temps estimat de lectura\" \/>\n\t<meta name=\"twitter:data1\" content=\"1 minut\" \/>\n<script type=\"application\/ld+json\" class=\"yoast-schema-graph\">{\"@context\":\"https:\\\/\\\/schema.org\",\"@graph\":[{\"@type\":\"WebPage\",\"@id\":\"https:\\\/\\\/poblenouurbandistrict.com\\\/ca\\\/windows-art-circuit-2016-2\\\/\",\"url\":\"https:\\\/\\\/poblenouurbandistrict.com\\\/ca\\\/windows-art-circuit-2016-2\\\/\",\"name\":\"Segona edici\u00f3 del Windows Art Circuit\",\"isPartOf\":{\"@id\":\"https:\\\/\\\/poblenouurbandistrict.com\\\/ca\\\/#website\"},\"primaryImageOfPage\":{\"@id\":\"https:\\\/\\\/poblenouurbandistrict.com\\\/ca\\\/windows-art-circuit-2016-2\\\/#primaryimage\"},\"image\":{\"@id\":\"https:\\\/\\\/poblenouurbandistrict.com\\\/windows-art-circuit-2016-2\\\/#primaryimage\"},\"thumbnailUrl\":\"https:\\\/\\\/media.poblenouurbandistrict.com\\\/2022\\\/03\\\/25045537\\\/aleix-jove-open-night-minyam-scaled.jpg\",\"datePublished\":\"2022-03-23T14:58:13+00:00\",\"dateModified\":\"2022-03-23T14:59:12+00:00\",\"description\":\"El 16 de desembre celebrem la segona edici\u00f3 del Windows Art Circuit \\\/ WAC en el marc del Poblenou Open Night\",\"breadcrumb\":{\"@id\":\"https:\\\/\\\/poblenouurbandistrict.com\\\/ca\\\/windows-art-circuit-2016-2\\\/#breadcrumb\"},\"inLanguage\":\"ca\",\"potentialAction\":[{\"@type\":\"ReadAction\",\"target\":[[\"https:\\\/\\\/poblenouurbandistrict.com\\\/ca\\\/windows-art-circuit-2016-2\\\/\"]]}]},{\"@type\":\"ImageObject\",\"inLanguage\":\"ca\",\"@id\":\"https:\\\/\\\/poblenouurbandistrict.com\\\/ca\\\/windows-art-circuit-2016-2\\\/#primaryimage\",\"url\":\"https:\\\/\\\/media.poblenouurbandistrict.com\\\/2022\\\/03\\\/25045537\\\/aleix-jove-open-night-minyam-scaled.jpg\",\"contentUrl\":\"https:\\\/\\\/media.poblenouurbandistrict.com\\\/2022\\\/03\\\/25045537\\\/aleix-jove-open-night-minyam-scaled.jpg\",\"width\":2560,\"height\":1707},{\"@type\":\"BreadcrumbList\",\"@id\":\"https:\\\/\\\/poblenouurbandistrict.com\\\/ca\\\/windows-art-circuit-2016-2\\\/#breadcrumb\",\"itemListElement\":[{\"@type\":\"ListItem\",\"position\":1,\"name\":\"Home\",\"item\":\"https:\\\/\\\/poblenouurbandistrict.com\\\/ca\\\/\"},{\"@type\":\"ListItem\",\"position\":2,\"name\":\"Windows Art Circuit 2016\"}]},{\"@type\":\"WebSite\",\"@id\":\"https:\\\/\\\/poblenouurbandistrict.com\\\/ca\\\/#website\",\"url\":\"https:\\\/\\\/poblenouurbandistrict.com\\\/ca\\\/\",\"name\":\"Poblenou Urban District\",\"description\":\"Comunitat Creativa\",\"potentialAction\":[{\"@type\":\"SearchAction\",\"target\":{\"@type\":\"EntryPoint\",\"urlTemplate\":\"https:\\\/\\\/poblenouurbandistrict.com\\\/ca\\\/?s={search_term_string}\"},\"query-input\":{\"@type\":\"PropertyValueSpecification\",\"valueRequired\":true,\"valueName\":\"search_term_string\"}}],\"inLanguage\":\"ca\"}]}<\/script>\n<!-- \/ Yoast SEO plugin. -->","yoast_head_json":{"title":"Segona edici\u00f3 del Windows Art Circuit","description":"El 16 de desembre celebrem la segona edici\u00f3 del Windows Art Circuit \/ WAC en el marc del Poblenou Open Night","robots":{"index":"index","follow":"follow","max-snippet":"max-snippet:-1","max-image-preview":"max-image-preview:large","max-video-preview":"max-video-preview:-1"},"canonical":"https:\/\/poblenouurbandistrict.com\/ca\/windows-art-circuit-2016-2\/","og_locale":"ca_ES","og_type":"article","og_title":"Segona edici\u00f3 del Windows Art Circuit","og_description":"El 16 de desembre celebrem la segona edici\u00f3 del Windows Art Circuit \/ WAC en el marc del Poblenou Open Night","og_url":"https:\/\/poblenouurbandistrict.com\/ca\/windows-art-circuit-2016-2\/","og_site_name":"Poblenou Urban District","article_modified_time":"2022-03-23T14:59:12+00:00","og_image":[{"width":2560,"height":1707,"url":"https:\/\/poblenouurbandistrict.com\/wp-content\/uploads\/2022\/03\/aleix-jove-open-night-minyam-scaled.jpg","type":"image\/jpeg"}],"twitter_card":"summary_large_image","twitter_misc":{"Temps estimat de lectura":"1 minut"},"schema":{"@context":"https:\/\/schema.org","@graph":[{"@type":"WebPage","@id":"https:\/\/poblenouurbandistrict.com\/ca\/windows-art-circuit-2016-2\/","url":"https:\/\/poblenouurbandistrict.com\/ca\/windows-art-circuit-2016-2\/","name":"Segona edici\u00f3 del Windows Art Circuit","isPartOf":{"@id":"https:\/\/poblenouurbandistrict.com\/ca\/#website"},"primaryImageOfPage":{"@id":"https:\/\/poblenouurbandistrict.com\/ca\/windows-art-circuit-2016-2\/#primaryimage"},"image":{"@id":"https:\/\/poblenouurbandistrict.com\/windows-art-circuit-2016-2\/#primaryimage"},"thumbnailUrl":"https:\/\/media.poblenouurbandistrict.com\/2022\/03\/25045537\/aleix-jove-open-night-minyam-scaled.jpg","datePublished":"2022-03-23T14:58:13+00:00","dateModified":"2022-03-23T14:59:12+00:00","description":"El 16 de desembre celebrem la segona edici\u00f3 del Windows Art Circuit \/ WAC en el marc del Poblenou Open Night","breadcrumb":{"@id":"https:\/\/poblenouurbandistrict.com\/ca\/windows-art-circuit-2016-2\/#breadcrumb"},"inLanguage":"ca","potentialAction":[{"@type":"ReadAction","target":[["https:\/\/poblenouurbandistrict.com\/ca\/windows-art-circuit-2016-2\/"]]}]},{"@type":"ImageObject","inLanguage":"ca","@id":"https:\/\/poblenouurbandistrict.com\/ca\/windows-art-circuit-2016-2\/#primaryimage","url":"https:\/\/media.poblenouurbandistrict.com\/2022\/03\/25045537\/aleix-jove-open-night-minyam-scaled.jpg","contentUrl":"https:\/\/media.poblenouurbandistrict.com\/2022\/03\/25045537\/aleix-jove-open-night-minyam-scaled.jpg","width":2560,"height":1707},{"@type":"BreadcrumbList","@id":"https:\/\/poblenouurbandistrict.com\/ca\/windows-art-circuit-2016-2\/#breadcrumb","itemListElement":[{"@type":"ListItem","position":1,"name":"Home","item":"https:\/\/poblenouurbandistrict.com\/ca\/"},{"@type":"ListItem","position":2,"name":"Windows Art Circuit 2016"}]},{"@type":"WebSite","@id":"https:\/\/poblenouurbandistrict.com\/ca\/#website","url":"https:\/\/poblenouurbandistrict.com\/ca\/","name":"Poblenou Urban District","description":"Comunitat Creativa","potentialAction":[{"@type":"SearchAction","target":{"@type":"EntryPoint","urlTemplate":"https:\/\/poblenouurbandistrict.com\/ca\/?s={search_term_string}"},"query-input":{"@type":"PropertyValueSpecification","valueRequired":true,"valueName":"search_term_string"}}],"inLanguage":"ca"}]}},"_links":{"self":[{"href":"https:\/\/poblenouurbandistrict.com\/ca\/wp-json\/wp\/v2\/pages\/27503","targetHints":{"allow":["GET"]}}],"collection":[{"href":"https:\/\/poblenouurbandistrict.com\/ca\/wp-json\/wp\/v2\/pages"}],"about":[{"href":"https:\/\/poblenouurbandistrict.com\/ca\/wp-json\/wp\/v2\/types\/page"}],"author":[{"embeddable":true,"href":"https:\/\/poblenouurbandistrict.com\/ca\/wp-json\/wp\/v2\/users\/5"}],"replies":[{"embeddable":true,"href":"https:\/\/poblenouurbandistrict.com\/ca\/wp-json\/wp\/v2\/comments?post=27503"}],"version-history":[{"count":2,"href":"https:\/\/poblenouurbandistrict.com\/ca\/wp-json\/wp\/v2\/pages\/27503\/revisions"}],"predecessor-version":[{"id":27506,"href":"https:\/\/poblenouurbandistrict.com\/ca\/wp-json\/wp\/v2\/pages\/27503\/revisions\/27506"}],"wp:featuredmedia":[{"embeddable":true,"href":"https:\/\/poblenouurbandistrict.com\/ca\/wp-json\/wp\/v2\/media\/27334"}],"wp:attachment":[{"href":"https:\/\/poblenouurbandistrict.com\/ca\/wp-json\/wp\/v2\/media?parent=27503"}],"curies":[{"name":"wp","href":"https:\/\/api.w.org\/{rel}","templated":true}]}}

<p></p>
<h3>El Windows Art Circuit (WAC) és un dels esdeveniments vertebradors del Poblenou Urban District, un circuit que permet el públic experimentar en directe el procés complet de creació de l’art mural sobre suports no convencionals, reclamant els carrers i recuperant els espais en desús com a àrees d’alt valor cultural.</h3>
<h3>La segona edició se celebrarà el 16 de desembre dins del marc del Poblenou Open Night, i comptarà amb 14 espais i d&#8217;intervencions en directe de 17 il·lustradors i muralistes.</h3>
<p></p>

<p>El Windows Art Circuit (WAC) és un dels esdeveniments vertebradors del Poblenou Urban District, un circuit que permet el públic&#8230; <a href="https://poblenouurbandistrict.com/ca/windows-art-circuit-2016-2/">Més  →</a></p>

<!-- This site is optimized with the Yoast SEO plugin v27.5 - https://yoast.com/product/yoast-seo-wordpress/ -->
<title>Segona edició del Windows Art Circuit</title>
<meta name="description" content="El 16 de desembre celebrem la segona edició del Windows Art Circuit / WAC en el marc del Poblenou Open Night" />
<meta name="robots" content="index, follow, max-snippet:-1, max-image-preview:large, max-video-preview:-1" />
<link rel="canonical" href="https://poblenouurbandistrict.com/ca/windows-art-circuit-2016-2/" />
<meta property="og:locale" content="ca_ES" />
<meta property="og:type" content="article" />
<meta property="og:title" content="Segona edició del Windows Art Circuit" />
<meta property="og:description" content="El 16 de desembre celebrem la segona edició del Windows Art Circuit / WAC en el marc del Poblenou Open Night" />
<meta property="og:url" content="https://poblenouurbandistrict.com/ca/windows-art-circuit-2016-2/" />
<meta property="og:site_name" content="Poblenou Urban District" />
<meta property="article:modified_time" content="2022-03-23T14:59:12+00:00" />
<meta property="og:image" content="https://poblenouurbandistrict.com/wp-content/uploads/2022/03/aleix-jove-open-night-minyam-scaled.jpg" />
	<meta property="og:image:width" content="2560" />
	<meta property="og:image:height" content="1707" />
	<meta property="og:image:type" content="image/jpeg" />
<meta name="twitter:card" content="summary_large_image" />
<meta name="twitter:label1" content="Temps estimat de lectura" />
	<meta name="twitter:data1" content="1 minut" />
<script type="application/ld+json" class="yoast-schema-graph">{"@context":"https:\/\/schema.org","@graph":[{"@type":"WebPage","@id":"https:\/\/poblenouurbandistrict.com\/ca\/windows-art-circuit-2016-2\/","url":"https:\/\/poblenouurbandistrict.com\/ca\/windows-art-circuit-2016-2\/","name":"Segona edició del Windows Art Circuit","isPartOf":{"@id":"https:\/\/poblenouurbandistrict.com\/ca\/#website"},"primaryImageOfPage":{"@id":"https:\/\/poblenouurbandistrict.com\/ca\/windows-art-circuit-2016-2\/#primaryimage"},"image":{"@id":"https:\/\/poblenouurbandistrict.com\/windows-art-circuit-2016-2\/#primaryimage"},"thumbnailUrl":"https:\/\/media.poblenouurbandistrict.com\/2022\/03\/25045537\/aleix-jove-open-night-minyam-scaled.jpg","datePublished":"2022-03-23T14:58:13+00:00","dateModified":"2022-03-23T14:59:12+00:00","description":"El 16 de desembre celebrem la segona edició del Windows Art Circuit \/ WAC en el marc del Poblenou Open Night","breadcrumb":{"@id":"https:\/\/poblenouurbandistrict.com\/ca\/windows-art-circuit-2016-2\/#breadcrumb"},"inLanguage":"ca","potentialAction":[{"@type":"ReadAction","target":[["https:\/\/poblenouurbandistrict.com\/ca\/windows-art-circuit-2016-2\/"]]}]},{"@type":"ImageObject","inLanguage":"ca","@id":"https:\/\/poblenouurbandistrict.com\/ca\/windows-art-circuit-2016-2\/#primaryimage","url":"https:\/\/media.poblenouurbandistrict.com\/2022\/03\/25045537\/aleix-jove-open-night-minyam-scaled.jpg","contentUrl":"https:\/\/media.poblenouurbandistrict.com\/2022\/03\/25045537\/aleix-jove-open-night-minyam-scaled.jpg","width":2560,"height":1707},{"@type":"BreadcrumbList","@id":"https:\/\/poblenouurbandistrict.com\/ca\/windows-art-circuit-2016-2\/#breadcrumb","itemListElement":[{"@type":"ListItem","position":1,"name":"Home","item":"https:\/\/poblenouurbandistrict.com\/ca\/"},{"@type":"ListItem","position":2,"name":"Windows Art Circuit 2016"}]},{"@type":"WebSite","@id":"https:\/\/poblenouurbandistrict.com\/ca\/#website","url":"https:\/\/poblenouurbandistrict.com\/ca\/","name":"Poblenou Urban District","description":"Comunitat Creativa","potentialAction":[{"@type":"SearchAction","target":{"@type":"EntryPoint","urlTemplate":"https:\/\/poblenouurbandistrict.com\/ca\/?s={search_term_string}"},"query-input":{"@type":"PropertyValueSpecification","valueRequired":true,"valueName":"search_term_string"}}],"inLanguage":"ca"}]}</script>
<!-- / Yoast SEO plugin. -->

Segona edició del Windows Art Circuit

El 16 de desembre celebrem la segona edició del Windows Art Circuit / WAC en el marc del Poblenou Open Night
