{"id":38163,"date":"2023-04-18T11:40:35","date_gmt":"2023-04-18T09:40:35","guid":{"rendered":"https:\/\/poblenouurbandistrict.com\/?page_id=38163"},"modified":"2023-07-24T23:11:25","modified_gmt":"2023-07-24T21:11:25","slug":"urban-talks-6","status":"publish","type":"page","link":"https:\/\/poblenouurbandistrict.com\/ca\/urban-talks-6\/","title":{"rendered":"Urban Talks #6"},"content":{"rendered":"<p><\/p>\n<h3><b>\u201cFRONTERA ARTIFICIAL: IA, Art i Creativitat\u201d<\/b><\/h3>\n<h4>4 DE MAIG | 17 h a 20 h | Disseny Hub Barcelona<\/h4>\n<hr \/>\n<p>La sisena edici\u00f3 de les Urban Talks est\u00e0 organitzada pel Poblenou Urban District, La Plataforma i Life In The Woods, i tindran lloc el pr\u00f2xim <strong>4 de maig<\/strong> al Disseny Hub Barcelona.<\/p>\n<p>Moderades per Frankie Piz\u00e1, &#8220;Frontera artificial: IA, Art i Creativitat&#8221; tractar\u00e0 de donar llum al debat sobre la compet\u00e8ncia de les m\u00e0quines en la resoluci\u00f3 de reptes i en la presa de decisions, en un lloc fins ara ocupat exclusivament per la ment. Parlarem de capacitats, possibilitats lluny del soroll medi\u00e0tic i de l&#8217;impacte present i futur als camps de l&#8217;art i la creativitat.<\/p>\n<h3><b>TALK #1<\/b><b>: \u201cM\u00e0quines i l\u00edmits creatius\u201d<\/b><\/h3>\n<p>Les m\u00e0quines poden inventar quan no s\u00f3n conscients de la seva pr\u00f2pia exist\u00e8ncia? La primera xerrada tractar\u00e0 sobre el furor pels nous sistemes d\u2019intel\u00b7lig\u00e8ncia artificial com ChatGPT, Stable Diffusion, etc., que ens permeten crear imatges realistes, contestar converses, generar projectes de forma integral i assistir-nos en innombrables processos.<\/p>\n<h6><strong>Participants TALK #1:<\/strong><\/h6>\n<ul>\n<li>\n<h6>Axel Gasulla (Fundador\u00a0<a href=\"https:\/\/domesticstreamers.com\/\">Domestic Data Streamers<\/a>)<\/h6>\n<\/li>\n<li>\n<h6>Marta Handenawer (Directora de Creatividad de Domestic Data Streamers).<\/h6>\n<\/li>\n<\/ul>\n<hr \/>\n<h3><b>TALK #2:\u00a0<\/b>\u201cFrontera artificial\u201d<\/h3>\n<p>La Intel\u00b7lig\u00e8ncia Artificial transformar\u00e0 la nostra comprensi\u00f3 del que \u00e9s, com funciona i com es valora l\u2019art contemporani? Des de l\u2019esclat dels sistemes d\u2019IA, el futur de molts professionals del disseny i de l\u2019art contemporani ha canviat, i no precisament perqu\u00e8 aquestes eines amplien seva creativitat o efici\u00e8ncia, sin\u00f3 perqu\u00e8 es comencen a intuir canvis profunds.<\/p>\n<h6><b>Participants TALK #2:<\/b><\/h6>\n<ul>\n<li>\n<h6>Sa\u00fal Baeza (Director Creativo <a href=\"https:\/\/www.does-work.com\/\">DOES<\/a>)<\/h6>\n<\/li>\n<li>\n<h6>Cristina Checa (Desert\/<a href=\"https:\/\/www.guzzu.io\/\">Guzzu<\/a>)<\/h6>\n<\/li>\n<li>\n<h6>Sebastian Soriano\u00a0 (Cofundador\u00a0<a href=\"https:\/\/www.lowkeymoves.com\/\">Low Key Moves<\/a>)<\/h6>\n<\/li>\n<\/ul>\n<hr \/>\n<h5 style=\"text-align: center;\"><strong>Activitat gratu\u00efta<\/strong><\/h5>\n<h5 style=\"text-align: center;\"><strong>Pots seguir les Urban Talks en streaming a trav\u00e9s del nostre <a href=\"https:\/\/www.youtube.com\/channel\/UCyVb54OCWKmehErJQbsO7Gw\">canal de Youtube<\/a>\u00a0i\u00a0<a href=\"https:\/\/www.instagram.com\/poblenouud\/\">perfil d\u2019Instagram<\/a><\/strong><\/h5>\n<p><\/p>","protected":false},"excerpt":{"rendered":"<p>\u201cFRONTERA ARTIFICIAL: IA, Art i Creativitat\u201d 4 DE MAIG | 17 h a 20 h | Disseny Hub Barcelona La&#8230; <a href=\"https:\/\/poblenouurbandistrict.com\/ca\/urban-talks-6\/\">M\u00e9s  \u2192<\/a><\/p>\n","protected":false},"author":5,"featured_media":0,"parent":0,"menu_order":4,"comment_status":"closed","ping_status":"closed","template":"templates\/template-imagemap.php","meta":{"_acf_changed":false,"footnotes":""},"class_list":["post-38163","page","type-page","status-publish","hentry"],"acf":[],"yoast_head":"<!-- This site is optimized with the Yoast SEO plugin v27.5 - https:\/\/yoast.com\/product\/yoast-seo-wordpress\/ -->\n<title>Urban Talks #6<\/title>\n<meta name=\"description\" content=\"4 DE MAIG | 17 h a 20 h | Disseny Hub Barcelona\" \/>\n<meta name=\"robots\" content=\"index, follow, max-snippet:-1, max-image-preview:large, max-video-preview:-1\" \/>\n<link rel=\"canonical\" href=\"https:\/\/poblenouurbandistrict.com\/ca\/urban-talks-6\/\" \/>\n<meta property=\"og:locale\" content=\"ca_ES\" \/>\n<meta property=\"og:type\" content=\"article\" \/>\n<meta property=\"og:title\" content=\"Urban Talks #6\" \/>\n<meta property=\"og:description\" content=\"4 DE MAIG | 17 h a 20 h | Disseny Hub Barcelona\" \/>\n<meta property=\"og:url\" content=\"https:\/\/poblenouurbandistrict.com\/ca\/urban-talks-6\/\" \/>\n<meta property=\"og:site_name\" content=\"Poblenou Urban District\" \/>\n<meta property=\"article:modified_time\" content=\"2023-07-24T21:11:25+00:00\" \/>\n<meta name=\"twitter:card\" content=\"summary_large_image\" \/>\n<meta name=\"twitter:label1\" content=\"Temps estimat de lectura\" \/>\n\t<meta name=\"twitter:data1\" content=\"2 minuts\" \/>\n<script type=\"application\/ld+json\" class=\"yoast-schema-graph\">{\"@context\":\"https:\\\/\\\/schema.org\",\"@graph\":[{\"@type\":\"WebPage\",\"@id\":\"https:\\\/\\\/poblenouurbandistrict.com\\\/ca\\\/urban-talks-6\\\/\",\"url\":\"https:\\\/\\\/poblenouurbandistrict.com\\\/ca\\\/urban-talks-6\\\/\",\"name\":\"Urban Talks #6\",\"isPartOf\":{\"@id\":\"https:\\\/\\\/poblenouurbandistrict.com\\\/ca\\\/#website\"},\"datePublished\":\"2023-04-18T09:40:35+00:00\",\"dateModified\":\"2023-07-24T21:11:25+00:00\",\"description\":\"4 DE MAIG | 17 h a 20 h | Disseny Hub Barcelona\",\"breadcrumb\":{\"@id\":\"https:\\\/\\\/poblenouurbandistrict.com\\\/ca\\\/urban-talks-6\\\/#breadcrumb\"},\"inLanguage\":\"ca\",\"potentialAction\":[{\"@type\":\"ReadAction\",\"target\":[[\"https:\\\/\\\/poblenouurbandistrict.com\\\/ca\\\/urban-talks-6\\\/\"]]}]},{\"@type\":\"BreadcrumbList\",\"@id\":\"https:\\\/\\\/poblenouurbandistrict.com\\\/ca\\\/urban-talks-6\\\/#breadcrumb\",\"itemListElement\":[{\"@type\":\"ListItem\",\"position\":1,\"name\":\"Home\",\"item\":\"https:\\\/\\\/poblenouurbandistrict.com\\\/ca\\\/\"},{\"@type\":\"ListItem\",\"position\":2,\"name\":\"Urban Talks #6\"}]},{\"@type\":\"WebSite\",\"@id\":\"https:\\\/\\\/poblenouurbandistrict.com\\\/ca\\\/#website\",\"url\":\"https:\\\/\\\/poblenouurbandistrict.com\\\/ca\\\/\",\"name\":\"Poblenou Urban District\",\"description\":\"Comunitat Creativa\",\"potentialAction\":[{\"@type\":\"SearchAction\",\"target\":{\"@type\":\"EntryPoint\",\"urlTemplate\":\"https:\\\/\\\/poblenouurbandistrict.com\\\/ca\\\/?s={search_term_string}\"},\"query-input\":{\"@type\":\"PropertyValueSpecification\",\"valueRequired\":true,\"valueName\":\"search_term_string\"}}],\"inLanguage\":\"ca\"}]}<\/script>\n<!-- \/ Yoast SEO plugin. -->","yoast_head_json":{"title":"Urban Talks #6","description":"4 DE MAIG | 17 h a 20 h | Disseny Hub Barcelona","robots":{"index":"index","follow":"follow","max-snippet":"max-snippet:-1","max-image-preview":"max-image-preview:large","max-video-preview":"max-video-preview:-1"},"canonical":"https:\/\/poblenouurbandistrict.com\/ca\/urban-talks-6\/","og_locale":"ca_ES","og_type":"article","og_title":"Urban Talks #6","og_description":"4 DE MAIG | 17 h a 20 h | Disseny Hub Barcelona","og_url":"https:\/\/poblenouurbandistrict.com\/ca\/urban-talks-6\/","og_site_name":"Poblenou Urban District","article_modified_time":"2023-07-24T21:11:25+00:00","twitter_card":"summary_large_image","twitter_misc":{"Temps estimat de lectura":"2 minuts"},"schema":{"@context":"https:\/\/schema.org","@graph":[{"@type":"WebPage","@id":"https:\/\/poblenouurbandistrict.com\/ca\/urban-talks-6\/","url":"https:\/\/poblenouurbandistrict.com\/ca\/urban-talks-6\/","name":"Urban Talks #6","isPartOf":{"@id":"https:\/\/poblenouurbandistrict.com\/ca\/#website"},"datePublished":"2023-04-18T09:40:35+00:00","dateModified":"2023-07-24T21:11:25+00:00","description":"4 DE MAIG | 17 h a 20 h | Disseny Hub Barcelona","breadcrumb":{"@id":"https:\/\/poblenouurbandistrict.com\/ca\/urban-talks-6\/#breadcrumb"},"inLanguage":"ca","potentialAction":[{"@type":"ReadAction","target":[["https:\/\/poblenouurbandistrict.com\/ca\/urban-talks-6\/"]]}]},{"@type":"BreadcrumbList","@id":"https:\/\/poblenouurbandistrict.com\/ca\/urban-talks-6\/#breadcrumb","itemListElement":[{"@type":"ListItem","position":1,"name":"Home","item":"https:\/\/poblenouurbandistrict.com\/ca\/"},{"@type":"ListItem","position":2,"name":"Urban Talks #6"}]},{"@type":"WebSite","@id":"https:\/\/poblenouurbandistrict.com\/ca\/#website","url":"https:\/\/poblenouurbandistrict.com\/ca\/","name":"Poblenou Urban District","description":"Comunitat Creativa","potentialAction":[{"@type":"SearchAction","target":{"@type":"EntryPoint","urlTemplate":"https:\/\/poblenouurbandistrict.com\/ca\/?s={search_term_string}"},"query-input":{"@type":"PropertyValueSpecification","valueRequired":true,"valueName":"search_term_string"}}],"inLanguage":"ca"}]}},"_links":{"self":[{"href":"https:\/\/poblenouurbandistrict.com\/ca\/wp-json\/wp\/v2\/pages\/38163","targetHints":{"allow":["GET"]}}],"collection":[{"href":"https:\/\/poblenouurbandistrict.com\/ca\/wp-json\/wp\/v2\/pages"}],"about":[{"href":"https:\/\/poblenouurbandistrict.com\/ca\/wp-json\/wp\/v2\/types\/page"}],"author":[{"embeddable":true,"href":"https:\/\/poblenouurbandistrict.com\/ca\/wp-json\/wp\/v2\/users\/5"}],"replies":[{"embeddable":true,"href":"https:\/\/poblenouurbandistrict.com\/ca\/wp-json\/wp\/v2\/comments?post=38163"}],"version-history":[{"count":64,"href":"https:\/\/poblenouurbandistrict.com\/ca\/wp-json\/wp\/v2\/pages\/38163\/revisions"}],"predecessor-version":[{"id":40622,"href":"https:\/\/poblenouurbandistrict.com\/ca\/wp-json\/wp\/v2\/pages\/38163\/revisions\/40622"}],"wp:attachment":[{"href":"https:\/\/poblenouurbandistrict.com\/ca\/wp-json\/wp\/v2\/media?parent=38163"}],"curies":[{"name":"wp","href":"https:\/\/api.w.org\/{rel}","templated":true}]}}

<p></p>
<h3><b>“FRONTERA ARTIFICIAL: IA, Art i Creativitat”</b></h3>
<h4>4 DE MAIG | 17 h a 20 h | Disseny Hub Barcelona</h4>
<hr />
<p>La sisena edició de les Urban Talks està organitzada pel Poblenou Urban District, La Plataforma i Life In The Woods, i tindran lloc el pròxim <strong>4 de maig</strong> al Disseny Hub Barcelona.</p>
<p>Moderades per Frankie Pizá, &#8220;Frontera artificial: IA, Art i Creativitat&#8221; tractarà de donar llum al debat sobre la competència de les màquines en la resolució de reptes i en la presa de decisions, en un lloc fins ara ocupat exclusivament per la ment. Parlarem de capacitats, possibilitats lluny del soroll mediàtic i de l&#8217;impacte present i futur als camps de l&#8217;art i la creativitat.</p>
<h3><b>TALK #1</b><b>: “Màquines i límits creatius”</b></h3>
<p>Les màquines poden inventar quan no són conscients de la seva pròpia existència? La primera xerrada tractarà sobre el furor pels nous sistemes d’intel·ligència artificial com ChatGPT, Stable Diffusion, etc., que ens permeten crear imatges realistes, contestar converses, generar projectes de forma integral i assistir-nos en innombrables processos.</p>
<h6><strong>Participants TALK #1:</strong></h6>
<ul>
<li>
<h6>Axel Gasulla (Fundador <a href="https://domesticstreamers.com/">Domestic Data Streamers</a>)</h6>
</li>
<li>
<h6>Marta Handenawer (Directora de Creatividad de Domestic Data Streamers).</h6>
</li>
</ul>
<hr />
<h3><b>TALK #2: </b>“Frontera artificial”</h3>
<p>La Intel·ligència Artificial transformarà la nostra comprensió del que és, com funciona i com es valora l’art contemporani? Des de l’esclat dels sistemes d’IA, el futur de molts professionals del disseny i de l’art contemporani ha canviat, i no precisament perquè aquestes eines amplien seva creativitat o eficiència, sinó perquè es comencen a intuir canvis profunds.</p>
<h6><b>Participants TALK #2:</b></h6>
<ul>
<li>
<h6>Saúl Baeza (Director Creativo <a href="https://www.does-work.com/">DOES</a>)</h6>
</li>
<li>
<h6>Cristina Checa (Desert/<a href="https://www.guzzu.io/">Guzzu</a>)</h6>
</li>
<li>
<h6>Sebastian Soriano  (Cofundador <a href="https://www.lowkeymoves.com/">Low Key Moves</a>)</h6>
</li>
</ul>
<hr />
<h5 style="text-align: center;"><strong>Activitat gratuïta</strong></h5>
<h5 style="text-align: center;"><strong>Pots seguir les Urban Talks en streaming a través del nostre <a href="https://www.youtube.com/channel/UCyVb54OCWKmehErJQbsO7Gw">canal de Youtube</a> i <a href="https://www.instagram.com/poblenouud/">perfil d’Instagram</a></strong></h5>
<p></p>

<p>“FRONTERA ARTIFICIAL: IA, Art i Creativitat” 4 DE MAIG | 17 h a 20 h | Disseny Hub Barcelona La&#8230; <a href="https://poblenouurbandistrict.com/ca/urban-talks-6/">Més  →</a></p>
