{"id":26001,"date":"2022-02-08T12:23:18","date_gmt":"2022-02-08T11:23:18","guid":{"rendered":"https:\/\/poblenouurbandistrict.com\/?post_type=tribe_events&#038;p=26001"},"modified":"2022-02-08T12:38:14","modified_gmt":"2022-02-08T11:38:14","slug":"concert-toni-mora","status":"publish","type":"tribe_events","link":"https:\/\/poblenouurbandistrict.com\/ca\/agenda\/concert-toni-mora\/","title":{"rendered":"Festival Emergents Barcelona"},"content":{"rendered":"<p>Torna la gran cita per descobrir els joves talents que protagonitzaran l\u2019escena musical durant els propers anys. Del 10 al 13 de febrer joves m\u00fasics oferiran concerts de m\u00fasica cl\u00e0ssica en totes les seves vessants, aix\u00ed com el jazz i el flamenc local m\u00e9s destacat.<\/p>\n<p><strong>Dijous 10 de febrer:<\/strong><\/p>\n<p>19h: Jove Capella Reial de Cataluya<\/p>\n<p>21h: Toni Mora<\/p>\n<p><strong>Divendres 11 de febrer:<\/strong><\/p>\n<p>19h: La Consagraci\u00f3n de la Primavera<\/p>\n<p>21h: Ernest Pip\u00f3<\/p>\n<p><strong>Dissabte 12 de febrer:<\/strong><\/p>\n<p>11h: Mireia Tarrag\u00f3 y Carmen Santamar\u00eda<\/p>\n<p>12h: Johan Dalene y Nicola Eimer<\/p>\n<p>13h: Lucie Horsch y Thomas Dunford<\/p>\n<p>16h: Eudald Buch<\/p>\n<p>17h: Ben Goldscheider y Giuseppe Guarrera<\/p>\n<p>18h: Trio Isimsiz<\/p>\n<p>19h: Daumants Liepins<\/p>\n<p>19h: La Consagraci\u00f3n de la Primavera<\/p>\n<p>21h: Liceu Jazz Grup<\/p>\n<p><strong>Diumenge 13 de febrer:<\/strong><\/p>\n<p>18h: Romeo y Julieta<\/p>\n<p>&nbsp;<\/p>\n<p>&nbsp;<\/p>","protected":false},"excerpt":{"rendered":"<p>Torna la gran cita per descobrir els joves talents que protagonitzaran l\u2019escena musical durant els propers anys. Del 10 al&#8230; <a href=\"https:\/\/poblenouurbandistrict.com\/ca\/agenda\/concert-toni-mora\/\">M\u00e9s  \u2192<\/a><\/p>\n","protected":false},"author":5,"featured_media":26005,"template":"","meta":{"_acf_changed":false,"_tribe_events_status":"","_tribe_events_status_reason":"","_tribe_events_is_hybrid":"","_tribe_events_is_virtual":"","_tribe_events_virtual_video_source":"","_tribe_events_virtual_embed_video":"","_tribe_events_virtual_linked_button_text":"","_tribe_events_virtual_linked_button":"","_tribe_events_virtual_show_embed_at":"","_tribe_events_virtual_show_embed_to":[],"_tribe_events_virtual_show_on_event":"","_tribe_events_virtual_show_on_views":"","_tribe_events_virtual_url":"","footnotes":""},"tags":[],"tribe_events_cat":[],"class_list":["post-26001","tribe_events","type-tribe_events","status-publish","has-post-thumbnail","hentry"],"acf":[],"yoast_head":"<!-- This site is optimized with the Yoast SEO plugin v27.5 - https:\/\/yoast.com\/product\/yoast-seo-wordpress\/ -->\n<title>Festival Emergents Barcelona &#8211; Poblenou Urban District<\/title>\n<meta name=\"robots\" content=\"index, follow, max-snippet:-1, max-image-preview:large, max-video-preview:-1\" \/>\n<link rel=\"canonical\" href=\"https:\/\/poblenouurbandistrict.com\/ca\/agenda\/concert-toni-mora\/\" \/>\n<meta property=\"og:locale\" content=\"ca_ES\" \/>\n<meta property=\"og:type\" content=\"article\" \/>\n<meta property=\"og:title\" content=\"Festival Emergents Barcelona &#8211; Poblenou Urban District\" \/>\n<meta property=\"og:description\" content=\"Torna la gran cita per descobrir els joves talents que protagonitzaran l\u2019escena musical durant els propers anys. Del 10 al... M\u00e9s \u2192\" \/>\n<meta property=\"og:url\" content=\"https:\/\/poblenouurbandistrict.com\/ca\/agenda\/concert-toni-mora\/\" \/>\n<meta property=\"og:site_name\" content=\"Poblenou Urban District\" \/>\n<meta property=\"article:modified_time\" content=\"2022-02-08T11:38:14+00:00\" \/>\n<meta property=\"og:image\" content=\"https:\/\/poblenouurbandistrict.com\/wp-content\/uploads\/2022\/02\/sans-titre-21.png\" \/>\n\t<meta property=\"og:image:width\" content=\"1080\" \/>\n\t<meta property=\"og:image:height\" content=\"1080\" \/>\n\t<meta property=\"og:image:type\" content=\"image\/jpeg\" \/>\n<meta name=\"twitter:card\" content=\"summary_large_image\" \/>\n<meta name=\"twitter:label1\" content=\"Temps estimat de lectura\" \/>\n\t<meta name=\"twitter:data1\" content=\"1 minut\" \/>\n<script type=\"application\/ld+json\" class=\"yoast-schema-graph\">{\"@context\":\"https:\\\/\\\/schema.org\",\"@graph\":[{\"@type\":\"WebPage\",\"@id\":\"https:\\\/\\\/poblenouurbandistrict.com\\\/ca\\\/agenda\\\/concert-toni-mora\\\/\",\"url\":\"https:\\\/\\\/poblenouurbandistrict.com\\\/ca\\\/agenda\\\/concert-toni-mora\\\/\",\"name\":\"Festival Emergents Barcelona &#8211; Poblenou Urban District\",\"isPartOf\":{\"@id\":\"https:\\\/\\\/poblenouurbandistrict.com\\\/ca\\\/#website\"},\"primaryImageOfPage\":{\"@id\":\"https:\\\/\\\/poblenouurbandistrict.com\\\/ca\\\/agenda\\\/concert-toni-mora\\\/#primaryimage\"},\"image\":{\"@id\":\"https:\\\/\\\/poblenouurbandistrict.com\\\/agenda\\\/concert-toni-mora\\\/#primaryimage\"},\"thumbnailUrl\":\"https:\\\/\\\/media.poblenouurbandistrict.com\\\/2022\\\/02\\\/25044544\\\/sans-titre-21.jpg\",\"datePublished\":\"2022-02-08T11:23:18+00:00\",\"dateModified\":\"2022-02-08T11:38:14+00:00\",\"breadcrumb\":{\"@id\":\"https:\\\/\\\/poblenouurbandistrict.com\\\/ca\\\/agenda\\\/concert-toni-mora\\\/#breadcrumb\"},\"inLanguage\":\"ca\",\"potentialAction\":[{\"@type\":\"ReadAction\",\"target\":[[\"https:\\\/\\\/poblenouurbandistrict.com\\\/ca\\\/agenda\\\/concert-toni-mora\\\/\"]]}]},{\"@type\":\"ImageObject\",\"inLanguage\":\"ca\",\"@id\":\"https:\\\/\\\/poblenouurbandistrict.com\\\/ca\\\/agenda\\\/concert-toni-mora\\\/#primaryimage\",\"url\":\"https:\\\/\\\/media.poblenouurbandistrict.com\\\/2022\\\/02\\\/25044544\\\/sans-titre-21.jpg\",\"contentUrl\":\"https:\\\/\\\/media.poblenouurbandistrict.com\\\/2022\\\/02\\\/25044544\\\/sans-titre-21.jpg\",\"width\":1080,\"height\":1080},{\"@type\":\"BreadcrumbList\",\"@id\":\"https:\\\/\\\/poblenouurbandistrict.com\\\/ca\\\/agenda\\\/concert-toni-mora\\\/#breadcrumb\",\"itemListElement\":[{\"@type\":\"ListItem\",\"position\":1,\"name\":\"Home\",\"item\":\"https:\\\/\\\/poblenouurbandistrict.com\\\/ca\\\/\"},{\"@type\":\"ListItem\",\"position\":2,\"name\":\"Esdeveniments\",\"item\":\"https:\\\/\\\/poblenouurbandistrict.com\\\/ca\\\/agenda\\\/\"},{\"@type\":\"ListItem\",\"position\":3,\"name\":\"Festival Emergents Barcelona\"}]},{\"@type\":\"WebSite\",\"@id\":\"https:\\\/\\\/poblenouurbandistrict.com\\\/ca\\\/#website\",\"url\":\"https:\\\/\\\/poblenouurbandistrict.com\\\/ca\\\/\",\"name\":\"Poblenou Urban District\",\"description\":\"Comunitat Creativa\",\"potentialAction\":[{\"@type\":\"SearchAction\",\"target\":{\"@type\":\"EntryPoint\",\"urlTemplate\":\"https:\\\/\\\/poblenouurbandistrict.com\\\/ca\\\/?s={search_term_string}\"},\"query-input\":{\"@type\":\"PropertyValueSpecification\",\"valueRequired\":true,\"valueName\":\"search_term_string\"}}],\"inLanguage\":\"ca\"}]}<\/script>\n<!-- \/ Yoast SEO plugin. -->","yoast_head_json":{"title":"Festival Emergents Barcelona &#8211; Poblenou Urban District","robots":{"index":"index","follow":"follow","max-snippet":"max-snippet:-1","max-image-preview":"max-image-preview:large","max-video-preview":"max-video-preview:-1"},"canonical":"https:\/\/poblenouurbandistrict.com\/ca\/agenda\/concert-toni-mora\/","og_locale":"ca_ES","og_type":"article","og_title":"Festival Emergents Barcelona &#8211; Poblenou Urban District","og_description":"Torna la gran cita per descobrir els joves talents que protagonitzaran l\u2019escena musical durant els propers anys. Del 10 al... M\u00e9s \u2192","og_url":"https:\/\/poblenouurbandistrict.com\/ca\/agenda\/concert-toni-mora\/","og_site_name":"Poblenou Urban District","article_modified_time":"2022-02-08T11:38:14+00:00","og_image":[{"width":1080,"height":1080,"url":"https:\/\/poblenouurbandistrict.com\/wp-content\/uploads\/2022\/02\/sans-titre-21.png","type":"image\/jpeg"}],"twitter_card":"summary_large_image","twitter_misc":{"Temps estimat de lectura":"1 minut"},"schema":{"@context":"https:\/\/schema.org","@graph":[{"@type":"WebPage","@id":"https:\/\/poblenouurbandistrict.com\/ca\/agenda\/concert-toni-mora\/","url":"https:\/\/poblenouurbandistrict.com\/ca\/agenda\/concert-toni-mora\/","name":"Festival Emergents Barcelona &#8211; Poblenou Urban District","isPartOf":{"@id":"https:\/\/poblenouurbandistrict.com\/ca\/#website"},"primaryImageOfPage":{"@id":"https:\/\/poblenouurbandistrict.com\/ca\/agenda\/concert-toni-mora\/#primaryimage"},"image":{"@id":"https:\/\/poblenouurbandistrict.com\/agenda\/concert-toni-mora\/#primaryimage"},"thumbnailUrl":"https:\/\/media.poblenouurbandistrict.com\/2022\/02\/25044544\/sans-titre-21.jpg","datePublished":"2022-02-08T11:23:18+00:00","dateModified":"2022-02-08T11:38:14+00:00","breadcrumb":{"@id":"https:\/\/poblenouurbandistrict.com\/ca\/agenda\/concert-toni-mora\/#breadcrumb"},"inLanguage":"ca","potentialAction":[{"@type":"ReadAction","target":[["https:\/\/poblenouurbandistrict.com\/ca\/agenda\/concert-toni-mora\/"]]}]},{"@type":"ImageObject","inLanguage":"ca","@id":"https:\/\/poblenouurbandistrict.com\/ca\/agenda\/concert-toni-mora\/#primaryimage","url":"https:\/\/media.poblenouurbandistrict.com\/2022\/02\/25044544\/sans-titre-21.jpg","contentUrl":"https:\/\/media.poblenouurbandistrict.com\/2022\/02\/25044544\/sans-titre-21.jpg","width":1080,"height":1080},{"@type":"BreadcrumbList","@id":"https:\/\/poblenouurbandistrict.com\/ca\/agenda\/concert-toni-mora\/#breadcrumb","itemListElement":[{"@type":"ListItem","position":1,"name":"Home","item":"https:\/\/poblenouurbandistrict.com\/ca\/"},{"@type":"ListItem","position":2,"name":"Esdeveniments","item":"https:\/\/poblenouurbandistrict.com\/ca\/agenda\/"},{"@type":"ListItem","position":3,"name":"Festival Emergents Barcelona"}]},{"@type":"WebSite","@id":"https:\/\/poblenouurbandistrict.com\/ca\/#website","url":"https:\/\/poblenouurbandistrict.com\/ca\/","name":"Poblenou Urban District","description":"Comunitat Creativa","potentialAction":[{"@type":"SearchAction","target":{"@type":"EntryPoint","urlTemplate":"https:\/\/poblenouurbandistrict.com\/ca\/?s={search_term_string}"},"query-input":{"@type":"PropertyValueSpecification","valueRequired":true,"valueName":"search_term_string"}}],"inLanguage":"ca"}]}},"_links":{"self":[{"href":"https:\/\/poblenouurbandistrict.com\/ca\/wp-json\/wp\/v2\/tribe_events\/26001","targetHints":{"allow":["GET"]}}],"collection":[{"href":"https:\/\/poblenouurbandistrict.com\/ca\/wp-json\/wp\/v2\/tribe_events"}],"about":[{"href":"https:\/\/poblenouurbandistrict.com\/ca\/wp-json\/wp\/v2\/types\/tribe_events"}],"author":[{"embeddable":true,"href":"https:\/\/poblenouurbandistrict.com\/ca\/wp-json\/wp\/v2\/users\/5"}],"version-history":[{"count":3,"href":"https:\/\/poblenouurbandistrict.com\/ca\/wp-json\/wp\/v2\/tribe_events\/26001\/revisions"}],"predecessor-version":[{"id":26007,"href":"https:\/\/poblenouurbandistrict.com\/ca\/wp-json\/wp\/v2\/tribe_events\/26001\/revisions\/26007"}],"wp:featuredmedia":[{"embeddable":true,"href":"https:\/\/poblenouurbandistrict.com\/ca\/wp-json\/wp\/v2\/media\/26005"}],"wp:attachment":[{"href":"https:\/\/poblenouurbandistrict.com\/ca\/wp-json\/wp\/v2\/media?parent=26001"}],"wp:term":[{"taxonomy":"post_tag","embeddable":true,"href":"https:\/\/poblenouurbandistrict.com\/ca\/wp-json\/wp\/v2\/tags?post=26001"},{"taxonomy":"tribe_events_cat","embeddable":true,"href":"https:\/\/poblenouurbandistrict.com\/ca\/wp-json\/wp\/v2\/tribe_events_cat?post=26001"}],"curies":[{"name":"wp","href":"https:\/\/api.w.org\/{rel}","templated":true}]}}

<p>Torna la gran cita per descobrir els joves talents que protagonitzaran l’escena musical durant els propers anys. Del 10 al 13 de febrer joves músics oferiran concerts de música clàssica en totes les seves vessants, així com el jazz i el flamenc local més destacat.</p>
<p><strong>Dijous 10 de febrer:</strong></p>
<p>19h: Jove Capella Reial de Cataluya</p>
<p>21h: Toni Mora</p>
<p><strong>Divendres 11 de febrer:</strong></p>
<p>19h: La Consagración de la Primavera</p>
<p>21h: Ernest Pipó</p>
<p><strong>Dissabte 12 de febrer:</strong></p>
<p>11h: Mireia Tarragó y Carmen Santamaría</p>
<p>12h: Johan Dalene y Nicola Eimer</p>
<p>13h: Lucie Horsch y Thomas Dunford</p>
<p>16h: Eudald Buch</p>
<p>17h: Ben Goldscheider y Giuseppe Guarrera</p>
<p>18h: Trio Isimsiz</p>
<p>19h: Daumants Liepins</p>
<p>19h: La Consagración de la Primavera</p>
<p>21h: Liceu Jazz Grup</p>
<p><strong>Diumenge 13 de febrer:</strong></p>
<p>18h: Romeo y Julieta</p>
<p>&nbsp;</p>
<p>&nbsp;</p>

<p>Torna la gran cita per descobrir els joves talents que protagonitzaran l’escena musical durant els propers anys. Del 10 al&#8230; <a href="https://poblenouurbandistrict.com/ca/agenda/concert-toni-mora/">Més  →</a></p>

<!-- This site is optimized with the Yoast SEO plugin v27.5 - https://yoast.com/product/yoast-seo-wordpress/ -->
<title>Festival Emergents Barcelona &#8211; Poblenou Urban District</title>
<meta name="robots" content="index, follow, max-snippet:-1, max-image-preview:large, max-video-preview:-1" />
<link rel="canonical" href="https://poblenouurbandistrict.com/ca/agenda/concert-toni-mora/" />
<meta property="og:locale" content="ca_ES" />
<meta property="og:type" content="article" />
<meta property="og:title" content="Festival Emergents Barcelona &#8211; Poblenou Urban District" />
<meta property="og:description" content="Torna la gran cita per descobrir els joves talents que protagonitzaran l’escena musical durant els propers anys. Del 10 al... Més →" />
<meta property="og:url" content="https://poblenouurbandistrict.com/ca/agenda/concert-toni-mora/" />
<meta property="og:site_name" content="Poblenou Urban District" />
<meta property="article:modified_time" content="2022-02-08T11:38:14+00:00" />
<meta property="og:image" content="https://poblenouurbandistrict.com/wp-content/uploads/2022/02/sans-titre-21.png" />
	<meta property="og:image:width" content="1080" />
	<meta property="og:image:height" content="1080" />
	<meta property="og:image:type" content="image/jpeg" />
<meta name="twitter:card" content="summary_large_image" />
<meta name="twitter:label1" content="Temps estimat de lectura" />
	<meta name="twitter:data1" content="1 minut" />
<script type="application/ld+json" class="yoast-schema-graph">{"@context":"https:\/\/schema.org","@graph":[{"@type":"WebPage","@id":"https:\/\/poblenouurbandistrict.com\/ca\/agenda\/concert-toni-mora\/","url":"https:\/\/poblenouurbandistrict.com\/ca\/agenda\/concert-toni-mora\/","name":"Festival Emergents Barcelona &#8211; Poblenou Urban District","isPartOf":{"@id":"https:\/\/poblenouurbandistrict.com\/ca\/#website"},"primaryImageOfPage":{"@id":"https:\/\/poblenouurbandistrict.com\/ca\/agenda\/concert-toni-mora\/#primaryimage"},"image":{"@id":"https:\/\/poblenouurbandistrict.com\/agenda\/concert-toni-mora\/#primaryimage"},"thumbnailUrl":"https:\/\/media.poblenouurbandistrict.com\/2022\/02\/25044544\/sans-titre-21.jpg","datePublished":"2022-02-08T11:23:18+00:00","dateModified":"2022-02-08T11:38:14+00:00","breadcrumb":{"@id":"https:\/\/poblenouurbandistrict.com\/ca\/agenda\/concert-toni-mora\/#breadcrumb"},"inLanguage":"ca","potentialAction":[{"@type":"ReadAction","target":[["https:\/\/poblenouurbandistrict.com\/ca\/agenda\/concert-toni-mora\/"]]}]},{"@type":"ImageObject","inLanguage":"ca","@id":"https:\/\/poblenouurbandistrict.com\/ca\/agenda\/concert-toni-mora\/#primaryimage","url":"https:\/\/media.poblenouurbandistrict.com\/2022\/02\/25044544\/sans-titre-21.jpg","contentUrl":"https:\/\/media.poblenouurbandistrict.com\/2022\/02\/25044544\/sans-titre-21.jpg","width":1080,"height":1080},{"@type":"BreadcrumbList","@id":"https:\/\/poblenouurbandistrict.com\/ca\/agenda\/concert-toni-mora\/#breadcrumb","itemListElement":[{"@type":"ListItem","position":1,"name":"Home","item":"https:\/\/poblenouurbandistrict.com\/ca\/"},{"@type":"ListItem","position":2,"name":"Esdeveniments","item":"https:\/\/poblenouurbandistrict.com\/ca\/agenda\/"},{"@type":"ListItem","position":3,"name":"Festival Emergents Barcelona"}]},{"@type":"WebSite","@id":"https:\/\/poblenouurbandistrict.com\/ca\/#website","url":"https:\/\/poblenouurbandistrict.com\/ca\/","name":"Poblenou Urban District","description":"Comunitat Creativa","potentialAction":[{"@type":"SearchAction","target":{"@type":"EntryPoint","urlTemplate":"https:\/\/poblenouurbandistrict.com\/ca\/?s={search_term_string}"},"query-input":{"@type":"PropertyValueSpecification","valueRequired":true,"valueName":"search_term_string"}}],"inLanguage":"ca"}]}</script>
<!-- / Yoast SEO plugin. -->

Torna la gran cita per descobrir els joves talents que protagonitzaran l’escena musical durant els propers anys. Del 10 al... Més →
