{"id":26658,"date":"2022-03-02T18:05:06","date_gmt":"2022-03-02T17:05:06","guid":{"rendered":"https:\/\/poblenouurbandistrict.com\/?post_type=tribe_events&#038;p=26658"},"modified":"2022-03-02T18:05:06","modified_gmt":"2022-03-02T17:05:06","slug":"hrtz-el-gran-festival-de-laudiovisual","status":"publish","type":"tribe_events","link":"https:\/\/poblenouurbandistrict.com\/ca\/agenda\/hrtz-el-gran-festival-de-laudiovisual\/","title":{"rendered":"HRTZ: el gran festival de l\u2019audiovisual"},"content":{"rendered":"<p><span style=\"color: #000000;\">Cap a on va l\u2019audiovisual? \u00c9s la gran pregunta que es fa el sector, i tamb\u00e9 la nova edici\u00f3 del\u00a0<strong><a style=\"color: #000000;\" href=\"https:\/\/news.baued.es\/ca\/index.php\/tag\/hrtz-ca\/\">HRTZ<\/a><\/strong>, el festival autogestionat per l\u2019alumnat de l\u2019itinerari d\u2019Audiovisual del\u00a0Grau en Disseny.\u00a0<\/span><\/p>","protected":false},"excerpt":{"rendered":"<p>Cap a on va l\u2019audiovisual? \u00c9s la gran pregunta que es fa el sector, i tamb\u00e9 la nova edici\u00f3 del\u00a0HRTZ,&#8230; <a href=\"https:\/\/poblenouurbandistrict.com\/ca\/agenda\/hrtz-el-gran-festival-de-laudiovisual\/\">M\u00e9s  \u2192<\/a><\/p>\n","protected":false},"author":5,"featured_media":26659,"template":"","meta":{"_acf_changed":false,"_tribe_events_status":"","_tribe_events_status_reason":"","_tribe_events_is_hybrid":"","_tribe_events_is_virtual":"","_tribe_events_virtual_video_source":"","_tribe_events_virtual_embed_video":"","_tribe_events_virtual_linked_button_text":"","_tribe_events_virtual_linked_button":"","_tribe_events_virtual_show_embed_at":"","_tribe_events_virtual_show_embed_to":[],"_tribe_events_virtual_show_on_event":"","_tribe_events_virtual_show_on_views":"","_tribe_events_virtual_url":"","footnotes":""},"tags":[],"tribe_events_cat":[],"class_list":["post-26658","tribe_events","type-tribe_events","status-publish","has-post-thumbnail","hentry"],"acf":[],"yoast_head":"<!-- This site is optimized with the Yoast SEO plugin v27.5 - https:\/\/yoast.com\/product\/yoast-seo-wordpress\/ -->\n<title>HRTZ: el gran festival de l\u2019audiovisual &#8211; Poblenou Urban District<\/title>\n<meta name=\"robots\" content=\"index, follow, max-snippet:-1, max-image-preview:large, max-video-preview:-1\" \/>\n<link rel=\"canonical\" href=\"https:\/\/poblenouurbandistrict.com\/ca\/agenda\/hrtz-el-gran-festival-de-laudiovisual\/\" \/>\n<meta property=\"og:locale\" content=\"ca_ES\" \/>\n<meta property=\"og:type\" content=\"article\" \/>\n<meta property=\"og:title\" content=\"HRTZ: el gran festival de l\u2019audiovisual &#8211; Poblenou Urban District\" \/>\n<meta property=\"og:description\" content=\"Cap a on va l\u2019audiovisual? \u00c9s la gran pregunta que es fa el sector, i tamb\u00e9 la nova edici\u00f3 del\u00a0HRTZ,... M\u00e9s \u2192\" \/>\n<meta property=\"og:url\" content=\"https:\/\/poblenouurbandistrict.com\/ca\/agenda\/hrtz-el-gran-festival-de-laudiovisual\/\" \/>\n<meta property=\"og:site_name\" content=\"Poblenou Urban District\" \/>\n<meta property=\"og:image\" content=\"https:\/\/poblenouurbandistrict.com\/wp-content\/uploads\/2022\/03\/diseno-sin-titulo-4.jpg\" \/>\n\t<meta property=\"og:image:width\" content=\"1080\" \/>\n\t<meta property=\"og:image:height\" content=\"1080\" \/>\n\t<meta property=\"og:image:type\" content=\"image\/png\" \/>\n<meta name=\"twitter:card\" content=\"summary_large_image\" \/>\n<script type=\"application\/ld+json\" class=\"yoast-schema-graph\">{\"@context\":\"https:\\\/\\\/schema.org\",\"@graph\":[{\"@type\":\"WebPage\",\"@id\":\"https:\\\/\\\/poblenouurbandistrict.com\\\/ca\\\/agenda\\\/hrtz-el-gran-festival-de-laudiovisual\\\/\",\"url\":\"https:\\\/\\\/poblenouurbandistrict.com\\\/ca\\\/agenda\\\/hrtz-el-gran-festival-de-laudiovisual\\\/\",\"name\":\"HRTZ: el gran festival de l\u2019audiovisual &#8211; Poblenou Urban District\",\"isPartOf\":{\"@id\":\"https:\\\/\\\/poblenouurbandistrict.com\\\/ca\\\/#website\"},\"primaryImageOfPage\":{\"@id\":\"https:\\\/\\\/poblenouurbandistrict.com\\\/ca\\\/agenda\\\/hrtz-el-gran-festival-de-laudiovisual\\\/#primaryimage\"},\"image\":{\"@id\":\"https:\\\/\\\/poblenouurbandistrict.com\\\/agenda\\\/hrtz-el-gran-festival-de-laudiovisual\\\/#primaryimage\"},\"thumbnailUrl\":\"https:\\\/\\\/poblenouurbandistrict.com\\\/wp-content\\\/uploads\\\/2022\\\/03\\\/diseno-sin-titulo-4.jpg\",\"datePublished\":\"2022-03-02T17:05:06+00:00\",\"breadcrumb\":{\"@id\":\"https:\\\/\\\/poblenouurbandistrict.com\\\/ca\\\/agenda\\\/hrtz-el-gran-festival-de-laudiovisual\\\/#breadcrumb\"},\"inLanguage\":\"ca\",\"potentialAction\":[{\"@type\":\"ReadAction\",\"target\":[[\"https:\\\/\\\/poblenouurbandistrict.com\\\/ca\\\/agenda\\\/hrtz-el-gran-festival-de-laudiovisual\\\/\"]]}]},{\"@type\":\"ImageObject\",\"inLanguage\":\"ca\",\"@id\":\"https:\\\/\\\/poblenouurbandistrict.com\\\/ca\\\/agenda\\\/hrtz-el-gran-festival-de-laudiovisual\\\/#primaryimage\",\"url\":\"https:\\\/\\\/poblenouurbandistrict.com\\\/wp-content\\\/uploads\\\/2022\\\/03\\\/diseno-sin-titulo-4.jpg\",\"contentUrl\":\"https:\\\/\\\/poblenouurbandistrict.com\\\/wp-content\\\/uploads\\\/2022\\\/03\\\/diseno-sin-titulo-4.jpg\",\"width\":1080,\"height\":1080},{\"@type\":\"BreadcrumbList\",\"@id\":\"https:\\\/\\\/poblenouurbandistrict.com\\\/ca\\\/agenda\\\/hrtz-el-gran-festival-de-laudiovisual\\\/#breadcrumb\",\"itemListElement\":[{\"@type\":\"ListItem\",\"position\":1,\"name\":\"Home\",\"item\":\"https:\\\/\\\/poblenouurbandistrict.com\\\/ca\\\/\"},{\"@type\":\"ListItem\",\"position\":2,\"name\":\"Esdeveniments\",\"item\":\"https:\\\/\\\/poblenouurbandistrict.com\\\/ca\\\/agenda\\\/\"},{\"@type\":\"ListItem\",\"position\":3,\"name\":\"HRTZ: el gran festival de l\u2019audiovisual\"}]},{\"@type\":\"WebSite\",\"@id\":\"https:\\\/\\\/poblenouurbandistrict.com\\\/ca\\\/#website\",\"url\":\"https:\\\/\\\/poblenouurbandistrict.com\\\/ca\\\/\",\"name\":\"Poblenou Urban District\",\"description\":\"Comunitat Creativa\",\"potentialAction\":[{\"@type\":\"SearchAction\",\"target\":{\"@type\":\"EntryPoint\",\"urlTemplate\":\"https:\\\/\\\/poblenouurbandistrict.com\\\/ca\\\/?s={search_term_string}\"},\"query-input\":{\"@type\":\"PropertyValueSpecification\",\"valueRequired\":true,\"valueName\":\"search_term_string\"}}],\"inLanguage\":\"ca\"}]}<\/script>\n<!-- \/ Yoast SEO plugin. -->","yoast_head_json":{"title":"HRTZ: el gran festival de l\u2019audiovisual &#8211; Poblenou Urban District","robots":{"index":"index","follow":"follow","max-snippet":"max-snippet:-1","max-image-preview":"max-image-preview:large","max-video-preview":"max-video-preview:-1"},"canonical":"https:\/\/poblenouurbandistrict.com\/ca\/agenda\/hrtz-el-gran-festival-de-laudiovisual\/","og_locale":"ca_ES","og_type":"article","og_title":"HRTZ: el gran festival de l\u2019audiovisual &#8211; Poblenou Urban District","og_description":"Cap a on va l\u2019audiovisual? \u00c9s la gran pregunta que es fa el sector, i tamb\u00e9 la nova edici\u00f3 del\u00a0HRTZ,... M\u00e9s \u2192","og_url":"https:\/\/poblenouurbandistrict.com\/ca\/agenda\/hrtz-el-gran-festival-de-laudiovisual\/","og_site_name":"Poblenou Urban District","og_image":[{"width":1080,"height":1080,"url":"https:\/\/poblenouurbandistrict.com\/wp-content\/uploads\/2022\/03\/diseno-sin-titulo-4.jpg","type":"image\/png"}],"twitter_card":"summary_large_image","schema":{"@context":"https:\/\/schema.org","@graph":[{"@type":"WebPage","@id":"https:\/\/poblenouurbandistrict.com\/ca\/agenda\/hrtz-el-gran-festival-de-laudiovisual\/","url":"https:\/\/poblenouurbandistrict.com\/ca\/agenda\/hrtz-el-gran-festival-de-laudiovisual\/","name":"HRTZ: el gran festival de l\u2019audiovisual &#8211; Poblenou Urban District","isPartOf":{"@id":"https:\/\/poblenouurbandistrict.com\/ca\/#website"},"primaryImageOfPage":{"@id":"https:\/\/poblenouurbandistrict.com\/ca\/agenda\/hrtz-el-gran-festival-de-laudiovisual\/#primaryimage"},"image":{"@id":"https:\/\/poblenouurbandistrict.com\/agenda\/hrtz-el-gran-festival-de-laudiovisual\/#primaryimage"},"thumbnailUrl":"https:\/\/poblenouurbandistrict.com\/wp-content\/uploads\/2022\/03\/diseno-sin-titulo-4.jpg","datePublished":"2022-03-02T17:05:06+00:00","breadcrumb":{"@id":"https:\/\/poblenouurbandistrict.com\/ca\/agenda\/hrtz-el-gran-festival-de-laudiovisual\/#breadcrumb"},"inLanguage":"ca","potentialAction":[{"@type":"ReadAction","target":[["https:\/\/poblenouurbandistrict.com\/ca\/agenda\/hrtz-el-gran-festival-de-laudiovisual\/"]]}]},{"@type":"ImageObject","inLanguage":"ca","@id":"https:\/\/poblenouurbandistrict.com\/ca\/agenda\/hrtz-el-gran-festival-de-laudiovisual\/#primaryimage","url":"https:\/\/poblenouurbandistrict.com\/wp-content\/uploads\/2022\/03\/diseno-sin-titulo-4.jpg","contentUrl":"https:\/\/poblenouurbandistrict.com\/wp-content\/uploads\/2022\/03\/diseno-sin-titulo-4.jpg","width":1080,"height":1080},{"@type":"BreadcrumbList","@id":"https:\/\/poblenouurbandistrict.com\/ca\/agenda\/hrtz-el-gran-festival-de-laudiovisual\/#breadcrumb","itemListElement":[{"@type":"ListItem","position":1,"name":"Home","item":"https:\/\/poblenouurbandistrict.com\/ca\/"},{"@type":"ListItem","position":2,"name":"Esdeveniments","item":"https:\/\/poblenouurbandistrict.com\/ca\/agenda\/"},{"@type":"ListItem","position":3,"name":"HRTZ: el gran festival de l\u2019audiovisual"}]},{"@type":"WebSite","@id":"https:\/\/poblenouurbandistrict.com\/ca\/#website","url":"https:\/\/poblenouurbandistrict.com\/ca\/","name":"Poblenou Urban District","description":"Comunitat Creativa","potentialAction":[{"@type":"SearchAction","target":{"@type":"EntryPoint","urlTemplate":"https:\/\/poblenouurbandistrict.com\/ca\/?s={search_term_string}"},"query-input":{"@type":"PropertyValueSpecification","valueRequired":true,"valueName":"search_term_string"}}],"inLanguage":"ca"}]}},"_links":{"self":[{"href":"https:\/\/poblenouurbandistrict.com\/ca\/wp-json\/wp\/v2\/tribe_events\/26658","targetHints":{"allow":["GET"]}}],"collection":[{"href":"https:\/\/poblenouurbandistrict.com\/ca\/wp-json\/wp\/v2\/tribe_events"}],"about":[{"href":"https:\/\/poblenouurbandistrict.com\/ca\/wp-json\/wp\/v2\/types\/tribe_events"}],"author":[{"embeddable":true,"href":"https:\/\/poblenouurbandistrict.com\/ca\/wp-json\/wp\/v2\/users\/5"}],"version-history":[{"count":1,"href":"https:\/\/poblenouurbandistrict.com\/ca\/wp-json\/wp\/v2\/tribe_events\/26658\/revisions"}],"predecessor-version":[{"id":26662,"href":"https:\/\/poblenouurbandistrict.com\/ca\/wp-json\/wp\/v2\/tribe_events\/26658\/revisions\/26662"}],"wp:featuredmedia":[{"embeddable":true,"href":"https:\/\/poblenouurbandistrict.com\/ca\/wp-json\/wp\/v2\/media\/26659"}],"wp:attachment":[{"href":"https:\/\/poblenouurbandistrict.com\/ca\/wp-json\/wp\/v2\/media?parent=26658"}],"wp:term":[{"taxonomy":"post_tag","embeddable":true,"href":"https:\/\/poblenouurbandistrict.com\/ca\/wp-json\/wp\/v2\/tags?post=26658"},{"taxonomy":"tribe_events_cat","embeddable":true,"href":"https:\/\/poblenouurbandistrict.com\/ca\/wp-json\/wp\/v2\/tribe_events_cat?post=26658"}],"curies":[{"name":"wp","href":"https:\/\/api.w.org\/{rel}","templated":true}]}}

<p><span style="color: #000000;">Cap a on va l’audiovisual? És la gran pregunta que es fa el sector, i també la nova edició del <strong><a style="color: #000000;" href="https://news.baued.es/ca/index.php/tag/hrtz-ca/">HRTZ</a></strong>, el festival autogestionat per l’alumnat de l’itinerari d’Audiovisual del Grau en Disseny. </span></p>

<p>Cap a on va l’audiovisual? És la gran pregunta que es fa el sector, i també la nova edició del HRTZ,&#8230; <a href="https://poblenouurbandistrict.com/ca/agenda/hrtz-el-gran-festival-de-laudiovisual/">Més  →</a></p>

<!-- This site is optimized with the Yoast SEO plugin v27.5 - https://yoast.com/product/yoast-seo-wordpress/ -->
<title>HRTZ: el gran festival de l’audiovisual &#8211; Poblenou Urban District</title>
<meta name="robots" content="index, follow, max-snippet:-1, max-image-preview:large, max-video-preview:-1" />
<link rel="canonical" href="https://poblenouurbandistrict.com/ca/agenda/hrtz-el-gran-festival-de-laudiovisual/" />
<meta property="og:locale" content="ca_ES" />
<meta property="og:type" content="article" />
<meta property="og:title" content="HRTZ: el gran festival de l’audiovisual &#8211; Poblenou Urban District" />
<meta property="og:description" content="Cap a on va l’audiovisual? És la gran pregunta que es fa el sector, i també la nova edició del HRTZ,... Més →" />
<meta property="og:url" content="https://poblenouurbandistrict.com/ca/agenda/hrtz-el-gran-festival-de-laudiovisual/" />
<meta property="og:site_name" content="Poblenou Urban District" />
<meta property="og:image" content="https://poblenouurbandistrict.com/wp-content/uploads/2022/03/diseno-sin-titulo-4.jpg" />
	<meta property="og:image:width" content="1080" />
	<meta property="og:image:height" content="1080" />
	<meta property="og:image:type" content="image/png" />
<meta name="twitter:card" content="summary_large_image" />
<script type="application/ld+json" class="yoast-schema-graph">{"@context":"https:\/\/schema.org","@graph":[{"@type":"WebPage","@id":"https:\/\/poblenouurbandistrict.com\/ca\/agenda\/hrtz-el-gran-festival-de-laudiovisual\/","url":"https:\/\/poblenouurbandistrict.com\/ca\/agenda\/hrtz-el-gran-festival-de-laudiovisual\/","name":"HRTZ: el gran festival de l’audiovisual &#8211; Poblenou Urban District","isPartOf":{"@id":"https:\/\/poblenouurbandistrict.com\/ca\/#website"},"primaryImageOfPage":{"@id":"https:\/\/poblenouurbandistrict.com\/ca\/agenda\/hrtz-el-gran-festival-de-laudiovisual\/#primaryimage"},"image":{"@id":"https:\/\/poblenouurbandistrict.com\/agenda\/hrtz-el-gran-festival-de-laudiovisual\/#primaryimage"},"thumbnailUrl":"https:\/\/poblenouurbandistrict.com\/wp-content\/uploads\/2022\/03\/diseno-sin-titulo-4.jpg","datePublished":"2022-03-02T17:05:06+00:00","breadcrumb":{"@id":"https:\/\/poblenouurbandistrict.com\/ca\/agenda\/hrtz-el-gran-festival-de-laudiovisual\/#breadcrumb"},"inLanguage":"ca","potentialAction":[{"@type":"ReadAction","target":[["https:\/\/poblenouurbandistrict.com\/ca\/agenda\/hrtz-el-gran-festival-de-laudiovisual\/"]]}]},{"@type":"ImageObject","inLanguage":"ca","@id":"https:\/\/poblenouurbandistrict.com\/ca\/agenda\/hrtz-el-gran-festival-de-laudiovisual\/#primaryimage","url":"https:\/\/poblenouurbandistrict.com\/wp-content\/uploads\/2022\/03\/diseno-sin-titulo-4.jpg","contentUrl":"https:\/\/poblenouurbandistrict.com\/wp-content\/uploads\/2022\/03\/diseno-sin-titulo-4.jpg","width":1080,"height":1080},{"@type":"BreadcrumbList","@id":"https:\/\/poblenouurbandistrict.com\/ca\/agenda\/hrtz-el-gran-festival-de-laudiovisual\/#breadcrumb","itemListElement":[{"@type":"ListItem","position":1,"name":"Home","item":"https:\/\/poblenouurbandistrict.com\/ca\/"},{"@type":"ListItem","position":2,"name":"Esdeveniments","item":"https:\/\/poblenouurbandistrict.com\/ca\/agenda\/"},{"@type":"ListItem","position":3,"name":"HRTZ: el gran festival de l’audiovisual"}]},{"@type":"WebSite","@id":"https:\/\/poblenouurbandistrict.com\/ca\/#website","url":"https:\/\/poblenouurbandistrict.com\/ca\/","name":"Poblenou Urban District","description":"Comunitat Creativa","potentialAction":[{"@type":"SearchAction","target":{"@type":"EntryPoint","urlTemplate":"https:\/\/poblenouurbandistrict.com\/ca\/?s={search_term_string}"},"query-input":{"@type":"PropertyValueSpecification","valueRequired":true,"valueName":"search_term_string"}}],"inLanguage":"ca"}]}</script>
<!-- / Yoast SEO plugin. -->

Cap a on va l’audiovisual? És la gran pregunta que es fa el sector, i també la nova edició del HRTZ,... Més →
