{"id":26866,"date":"2022-03-09T13:21:29","date_gmt":"2022-03-09T12:21:29","guid":{"rendered":"https:\/\/poblenouurbandistrict.com\/?post_type=tribe_events&#038;p=26866"},"modified":"2022-04-06T00:00:37","modified_gmt":"2022-04-05T22:00:37","slug":"concert-en-familia-ullsclucs","status":"publish","type":"tribe_events","link":"https:\/\/poblenouurbandistrict.com\/ca\/agenda\/concert-en-familia-ullsclucs\/","title":{"rendered":"Concert en familia: Ullsclucs"},"content":{"rendered":"<p>Tanqueu els ulls i imagineu-vos un paisatge que no veieu per\u00f2 s\u00ed que sentiu. Esteu al camp oa la \u200eciutat? \u00c9s estiu, primavera, hivern o tardor? Dem\u00e0 o nit? Us proposem un passeig amb les orelles molt obertes per descobrir el nostre entorn natural i hum\u00e0 a trav\u00e9s dels sons i les m\u00fasiques que neixen d&#8217;aquests sons. M\u00fasiques d&#8217;arrel, moltes d&#8217;elles redescobertes per a l&#8217;ocasi\u00f3 i interpretades des d&#8217;una \u00f2ptica contempor\u00e0nia de la m\u00e0 de cinc m\u00fasics que beuen tant del m\u00f3n tradicional com de la m\u00fasica m\u00e9s actual, amb posada en escena de la core\u00f2grafa S\u00f2nia G\u00f3mez. \u200e<\/p>","protected":false},"excerpt":{"rendered":"<p>Tanqueu els ulls i imagineu-vos un paisatge que no veieu per\u00f2 s\u00ed que sentiu. Esteu al camp oa la \u200eciutat?&#8230; <a href=\"https:\/\/poblenouurbandistrict.com\/ca\/agenda\/concert-en-familia-ullsclucs\/\">M\u00e9s  \u2192<\/a><\/p>\n","protected":false},"author":5,"featured_media":26867,"template":"","meta":{"_acf_changed":false,"_tribe_events_status":"","_tribe_events_status_reason":"","_tribe_events_is_hybrid":"","_tribe_events_is_virtual":"","_tribe_events_virtual_video_source":"","_tribe_events_virtual_embed_video":"","_tribe_events_virtual_linked_button_text":"","_tribe_events_virtual_linked_button":"","_tribe_events_virtual_show_embed_at":"","_tribe_events_virtual_show_embed_to":[],"_tribe_events_virtual_show_on_event":"","_tribe_events_virtual_show_on_views":"","_tribe_events_virtual_url":"","footnotes":""},"tags":[],"tribe_events_cat":[3557],"class_list":["post-26866","tribe_events","type-tribe_events","status-publish","has-post-thumbnail","hentry","tribe_events_cat-musica","cat_musica"],"acf":[],"yoast_head":"<!-- This site is optimized with the Yoast SEO plugin v27.4 - https:\/\/yoast.com\/product\/yoast-seo-wordpress\/ -->\n<title>Concert en familia: Ullsclucs &#8211; Poblenou Urban District<\/title>\n<meta name=\"robots\" content=\"index, follow, max-snippet:-1, max-image-preview:large, max-video-preview:-1\" \/>\n<link rel=\"canonical\" href=\"https:\/\/poblenouurbandistrict.com\/ca\/agenda\/concert-en-familia-ullsclucs\/\" \/>\n<meta property=\"og:locale\" content=\"ca_ES\" \/>\n<meta property=\"og:type\" content=\"article\" \/>\n<meta property=\"og:title\" content=\"Concert en familia: Ullsclucs &#8211; Poblenou Urban District\" \/>\n<meta property=\"og:description\" content=\"Tanqueu els ulls i imagineu-vos un paisatge que no veieu per\u00f2 s\u00ed que sentiu. Esteu al camp oa la \u200eciutat?... M\u00e9s \u2192\" \/>\n<meta property=\"og:url\" content=\"https:\/\/poblenouurbandistrict.com\/ca\/agenda\/concert-en-familia-ullsclucs\/\" \/>\n<meta property=\"og:site_name\" content=\"Poblenou Urban District\" \/>\n<meta property=\"article:modified_time\" content=\"2022-04-05T22:00:37+00:00\" \/>\n<meta property=\"og:image\" content=\"https:\/\/poblenouurbandistrict.com\/wp-content\/uploads\/2022\/03\/captura-de-pantalla-2022-03-09-a-las-132049.png\" \/>\n\t<meta property=\"og:image:width\" content=\"1230\" \/>\n\t<meta property=\"og:image:height\" content=\"1230\" \/>\n\t<meta property=\"og:image:type\" content=\"image\/jpeg\" \/>\n<meta name=\"twitter:card\" content=\"summary_large_image\" \/>\n<meta name=\"twitter:label1\" content=\"Temps estimat de lectura\" \/>\n\t<meta name=\"twitter:data1\" content=\"1 minut\" \/>\n<script type=\"application\/ld+json\" class=\"yoast-schema-graph\">{\"@context\":\"https:\\\/\\\/schema.org\",\"@graph\":[{\"@type\":\"WebPage\",\"@id\":\"https:\\\/\\\/poblenouurbandistrict.com\\\/ca\\\/agenda\\\/concert-en-familia-ullsclucs\\\/\",\"url\":\"https:\\\/\\\/poblenouurbandistrict.com\\\/ca\\\/agenda\\\/concert-en-familia-ullsclucs\\\/\",\"name\":\"Concert en familia: Ullsclucs &#8211; Poblenou Urban District\",\"isPartOf\":{\"@id\":\"https:\\\/\\\/poblenouurbandistrict.com\\\/ca\\\/#website\"},\"primaryImageOfPage\":{\"@id\":\"https:\\\/\\\/poblenouurbandistrict.com\\\/ca\\\/agenda\\\/concert-en-familia-ullsclucs\\\/#primaryimage\"},\"image\":{\"@id\":\"https:\\\/\\\/poblenouurbandistrict.com\\\/agenda\\\/concert-en-familia-ullsclucs\\\/#primaryimage\"},\"thumbnailUrl\":\"https:\\\/\\\/media.poblenouurbandistrict.com\\\/2022\\\/03\\\/25045102\\\/captura-de-pantalla-2022-03-09-a-las-132049.jpg\",\"datePublished\":\"2022-03-09T12:21:29+00:00\",\"dateModified\":\"2022-04-05T22:00:37+00:00\",\"breadcrumb\":{\"@id\":\"https:\\\/\\\/poblenouurbandistrict.com\\\/ca\\\/agenda\\\/concert-en-familia-ullsclucs\\\/#breadcrumb\"},\"inLanguage\":\"ca\",\"potentialAction\":[{\"@type\":\"ReadAction\",\"target\":[[\"https:\\\/\\\/poblenouurbandistrict.com\\\/ca\\\/agenda\\\/concert-en-familia-ullsclucs\\\/\"]]}]},{\"@type\":\"ImageObject\",\"inLanguage\":\"ca\",\"@id\":\"https:\\\/\\\/poblenouurbandistrict.com\\\/ca\\\/agenda\\\/concert-en-familia-ullsclucs\\\/#primaryimage\",\"url\":\"https:\\\/\\\/media.poblenouurbandistrict.com\\\/2022\\\/03\\\/25045102\\\/captura-de-pantalla-2022-03-09-a-las-132049.jpg\",\"contentUrl\":\"https:\\\/\\\/media.poblenouurbandistrict.com\\\/2022\\\/03\\\/25045102\\\/captura-de-pantalla-2022-03-09-a-las-132049.jpg\",\"width\":1230,\"height\":1230},{\"@type\":\"BreadcrumbList\",\"@id\":\"https:\\\/\\\/poblenouurbandistrict.com\\\/ca\\\/agenda\\\/concert-en-familia-ullsclucs\\\/#breadcrumb\",\"itemListElement\":[{\"@type\":\"ListItem\",\"position\":1,\"name\":\"Home\",\"item\":\"https:\\\/\\\/poblenouurbandistrict.com\\\/ca\\\/\"},{\"@type\":\"ListItem\",\"position\":2,\"name\":\"Esdeveniments\",\"item\":\"https:\\\/\\\/poblenouurbandistrict.com\\\/ca\\\/agenda\\\/\"},{\"@type\":\"ListItem\",\"position\":3,\"name\":\"Concert en familia: Ullsclucs\"}]},{\"@type\":\"WebSite\",\"@id\":\"https:\\\/\\\/poblenouurbandistrict.com\\\/ca\\\/#website\",\"url\":\"https:\\\/\\\/poblenouurbandistrict.com\\\/ca\\\/\",\"name\":\"Poblenou Urban District\",\"description\":\"Comunitat Creativa\",\"potentialAction\":[{\"@type\":\"SearchAction\",\"target\":{\"@type\":\"EntryPoint\",\"urlTemplate\":\"https:\\\/\\\/poblenouurbandistrict.com\\\/ca\\\/?s={search_term_string}\"},\"query-input\":{\"@type\":\"PropertyValueSpecification\",\"valueRequired\":true,\"valueName\":\"search_term_string\"}}],\"inLanguage\":\"ca\"}]}<\/script>\n<!-- \/ Yoast SEO plugin. -->","yoast_head_json":{"title":"Concert en familia: Ullsclucs &#8211; Poblenou Urban District","robots":{"index":"index","follow":"follow","max-snippet":"max-snippet:-1","max-image-preview":"max-image-preview:large","max-video-preview":"max-video-preview:-1"},"canonical":"https:\/\/poblenouurbandistrict.com\/ca\/agenda\/concert-en-familia-ullsclucs\/","og_locale":"ca_ES","og_type":"article","og_title":"Concert en familia: Ullsclucs &#8211; Poblenou Urban District","og_description":"Tanqueu els ulls i imagineu-vos un paisatge que no veieu per\u00f2 s\u00ed que sentiu. Esteu al camp oa la \u200eciutat?... M\u00e9s \u2192","og_url":"https:\/\/poblenouurbandistrict.com\/ca\/agenda\/concert-en-familia-ullsclucs\/","og_site_name":"Poblenou Urban District","article_modified_time":"2022-04-05T22:00:37+00:00","og_image":[{"width":1230,"height":1230,"url":"https:\/\/poblenouurbandistrict.com\/wp-content\/uploads\/2022\/03\/captura-de-pantalla-2022-03-09-a-las-132049.png","type":"image\/jpeg"}],"twitter_card":"summary_large_image","twitter_misc":{"Temps estimat de lectura":"1 minut"},"schema":{"@context":"https:\/\/schema.org","@graph":[{"@type":"WebPage","@id":"https:\/\/poblenouurbandistrict.com\/ca\/agenda\/concert-en-familia-ullsclucs\/","url":"https:\/\/poblenouurbandistrict.com\/ca\/agenda\/concert-en-familia-ullsclucs\/","name":"Concert en familia: Ullsclucs &#8211; Poblenou Urban District","isPartOf":{"@id":"https:\/\/poblenouurbandistrict.com\/ca\/#website"},"primaryImageOfPage":{"@id":"https:\/\/poblenouurbandistrict.com\/ca\/agenda\/concert-en-familia-ullsclucs\/#primaryimage"},"image":{"@id":"https:\/\/poblenouurbandistrict.com\/agenda\/concert-en-familia-ullsclucs\/#primaryimage"},"thumbnailUrl":"https:\/\/media.poblenouurbandistrict.com\/2022\/03\/25045102\/captura-de-pantalla-2022-03-09-a-las-132049.jpg","datePublished":"2022-03-09T12:21:29+00:00","dateModified":"2022-04-05T22:00:37+00:00","breadcrumb":{"@id":"https:\/\/poblenouurbandistrict.com\/ca\/agenda\/concert-en-familia-ullsclucs\/#breadcrumb"},"inLanguage":"ca","potentialAction":[{"@type":"ReadAction","target":[["https:\/\/poblenouurbandistrict.com\/ca\/agenda\/concert-en-familia-ullsclucs\/"]]}]},{"@type":"ImageObject","inLanguage":"ca","@id":"https:\/\/poblenouurbandistrict.com\/ca\/agenda\/concert-en-familia-ullsclucs\/#primaryimage","url":"https:\/\/media.poblenouurbandistrict.com\/2022\/03\/25045102\/captura-de-pantalla-2022-03-09-a-las-132049.jpg","contentUrl":"https:\/\/media.poblenouurbandistrict.com\/2022\/03\/25045102\/captura-de-pantalla-2022-03-09-a-las-132049.jpg","width":1230,"height":1230},{"@type":"BreadcrumbList","@id":"https:\/\/poblenouurbandistrict.com\/ca\/agenda\/concert-en-familia-ullsclucs\/#breadcrumb","itemListElement":[{"@type":"ListItem","position":1,"name":"Home","item":"https:\/\/poblenouurbandistrict.com\/ca\/"},{"@type":"ListItem","position":2,"name":"Esdeveniments","item":"https:\/\/poblenouurbandistrict.com\/ca\/agenda\/"},{"@type":"ListItem","position":3,"name":"Concert en familia: Ullsclucs"}]},{"@type":"WebSite","@id":"https:\/\/poblenouurbandistrict.com\/ca\/#website","url":"https:\/\/poblenouurbandistrict.com\/ca\/","name":"Poblenou Urban District","description":"Comunitat Creativa","potentialAction":[{"@type":"SearchAction","target":{"@type":"EntryPoint","urlTemplate":"https:\/\/poblenouurbandistrict.com\/ca\/?s={search_term_string}"},"query-input":{"@type":"PropertyValueSpecification","valueRequired":true,"valueName":"search_term_string"}}],"inLanguage":"ca"}]}},"_links":{"self":[{"href":"https:\/\/poblenouurbandistrict.com\/ca\/wp-json\/wp\/v2\/tribe_events\/26866","targetHints":{"allow":["GET"]}}],"collection":[{"href":"https:\/\/poblenouurbandistrict.com\/ca\/wp-json\/wp\/v2\/tribe_events"}],"about":[{"href":"https:\/\/poblenouurbandistrict.com\/ca\/wp-json\/wp\/v2\/types\/tribe_events"}],"author":[{"embeddable":true,"href":"https:\/\/poblenouurbandistrict.com\/ca\/wp-json\/wp\/v2\/users\/5"}],"version-history":[{"count":1,"href":"https:\/\/poblenouurbandistrict.com\/ca\/wp-json\/wp\/v2\/tribe_events\/26866\/revisions"}],"predecessor-version":[{"id":26868,"href":"https:\/\/poblenouurbandistrict.com\/ca\/wp-json\/wp\/v2\/tribe_events\/26866\/revisions\/26868"}],"wp:featuredmedia":[{"embeddable":true,"href":"https:\/\/poblenouurbandistrict.com\/ca\/wp-json\/wp\/v2\/media\/26867"}],"wp:attachment":[{"href":"https:\/\/poblenouurbandistrict.com\/ca\/wp-json\/wp\/v2\/media?parent=26866"}],"wp:term":[{"taxonomy":"post_tag","embeddable":true,"href":"https:\/\/poblenouurbandistrict.com\/ca\/wp-json\/wp\/v2\/tags?post=26866"},{"taxonomy":"tribe_events_cat","embeddable":true,"href":"https:\/\/poblenouurbandistrict.com\/ca\/wp-json\/wp\/v2\/tribe_events_cat?post=26866"}],"curies":[{"name":"wp","href":"https:\/\/api.w.org\/{rel}","templated":true}]}}

<p>Tanqueu els ulls i imagineu-vos un paisatge que no veieu però sí que sentiu. Esteu al camp oa la ‎ciutat? És estiu, primavera, hivern o tardor? Demà o nit? Us proposem un passeig amb les orelles molt obertes per descobrir el nostre entorn natural i humà a través dels sons i les músiques que neixen d&#8217;aquests sons. Músiques d&#8217;arrel, moltes d&#8217;elles redescobertes per a l&#8217;ocasió i interpretades des d&#8217;una òptica contemporània de la mà de cinc músics que beuen tant del món tradicional com de la música més actual, amb posada en escena de la coreògrafa Sònia Gómez. ‎</p>

<p>Tanqueu els ulls i imagineu-vos un paisatge que no veieu però sí que sentiu. Esteu al camp oa la ‎ciutat?&#8230; <a href="https://poblenouurbandistrict.com/ca/agenda/concert-en-familia-ullsclucs/">Més  →</a></p>

<!-- This site is optimized with the Yoast SEO plugin v27.4 - https://yoast.com/product/yoast-seo-wordpress/ -->
<title>Concert en familia: Ullsclucs &#8211; Poblenou Urban District</title>
<meta name="robots" content="index, follow, max-snippet:-1, max-image-preview:large, max-video-preview:-1" />
<link rel="canonical" href="https://poblenouurbandistrict.com/ca/agenda/concert-en-familia-ullsclucs/" />
<meta property="og:locale" content="ca_ES" />
<meta property="og:type" content="article" />
<meta property="og:title" content="Concert en familia: Ullsclucs &#8211; Poblenou Urban District" />
<meta property="og:description" content="Tanqueu els ulls i imagineu-vos un paisatge que no veieu però sí que sentiu. Esteu al camp oa la ‎ciutat?... Més →" />
<meta property="og:url" content="https://poblenouurbandistrict.com/ca/agenda/concert-en-familia-ullsclucs/" />
<meta property="og:site_name" content="Poblenou Urban District" />
<meta property="article:modified_time" content="2022-04-05T22:00:37+00:00" />
<meta property="og:image" content="https://poblenouurbandistrict.com/wp-content/uploads/2022/03/captura-de-pantalla-2022-03-09-a-las-132049.png" />
	<meta property="og:image:width" content="1230" />
	<meta property="og:image:height" content="1230" />
	<meta property="og:image:type" content="image/jpeg" />
<meta name="twitter:card" content="summary_large_image" />
<meta name="twitter:label1" content="Temps estimat de lectura" />
	<meta name="twitter:data1" content="1 minut" />
<script type="application/ld+json" class="yoast-schema-graph">{"@context":"https:\/\/schema.org","@graph":[{"@type":"WebPage","@id":"https:\/\/poblenouurbandistrict.com\/ca\/agenda\/concert-en-familia-ullsclucs\/","url":"https:\/\/poblenouurbandistrict.com\/ca\/agenda\/concert-en-familia-ullsclucs\/","name":"Concert en familia: Ullsclucs &#8211; Poblenou Urban District","isPartOf":{"@id":"https:\/\/poblenouurbandistrict.com\/ca\/#website"},"primaryImageOfPage":{"@id":"https:\/\/poblenouurbandistrict.com\/ca\/agenda\/concert-en-familia-ullsclucs\/#primaryimage"},"image":{"@id":"https:\/\/poblenouurbandistrict.com\/agenda\/concert-en-familia-ullsclucs\/#primaryimage"},"thumbnailUrl":"https:\/\/media.poblenouurbandistrict.com\/2022\/03\/25045102\/captura-de-pantalla-2022-03-09-a-las-132049.jpg","datePublished":"2022-03-09T12:21:29+00:00","dateModified":"2022-04-05T22:00:37+00:00","breadcrumb":{"@id":"https:\/\/poblenouurbandistrict.com\/ca\/agenda\/concert-en-familia-ullsclucs\/#breadcrumb"},"inLanguage":"ca","potentialAction":[{"@type":"ReadAction","target":[["https:\/\/poblenouurbandistrict.com\/ca\/agenda\/concert-en-familia-ullsclucs\/"]]}]},{"@type":"ImageObject","inLanguage":"ca","@id":"https:\/\/poblenouurbandistrict.com\/ca\/agenda\/concert-en-familia-ullsclucs\/#primaryimage","url":"https:\/\/media.poblenouurbandistrict.com\/2022\/03\/25045102\/captura-de-pantalla-2022-03-09-a-las-132049.jpg","contentUrl":"https:\/\/media.poblenouurbandistrict.com\/2022\/03\/25045102\/captura-de-pantalla-2022-03-09-a-las-132049.jpg","width":1230,"height":1230},{"@type":"BreadcrumbList","@id":"https:\/\/poblenouurbandistrict.com\/ca\/agenda\/concert-en-familia-ullsclucs\/#breadcrumb","itemListElement":[{"@type":"ListItem","position":1,"name":"Home","item":"https:\/\/poblenouurbandistrict.com\/ca\/"},{"@type":"ListItem","position":2,"name":"Esdeveniments","item":"https:\/\/poblenouurbandistrict.com\/ca\/agenda\/"},{"@type":"ListItem","position":3,"name":"Concert en familia: Ullsclucs"}]},{"@type":"WebSite","@id":"https:\/\/poblenouurbandistrict.com\/ca\/#website","url":"https:\/\/poblenouurbandistrict.com\/ca\/","name":"Poblenou Urban District","description":"Comunitat Creativa","potentialAction":[{"@type":"SearchAction","target":{"@type":"EntryPoint","urlTemplate":"https:\/\/poblenouurbandistrict.com\/ca\/?s={search_term_string}"},"query-input":{"@type":"PropertyValueSpecification","valueRequired":true,"valueName":"search_term_string"}}],"inLanguage":"ca"}]}</script>
<!-- / Yoast SEO plugin. -->

Tanqueu els ulls i imagineu-vos un paisatge que no veieu però sí que sentiu. Esteu al camp oa la ‎ciutat?... Més →
