{"id":27587,"date":"2022-03-24T13:08:22","date_gmt":"2022-03-24T12:08:22","guid":{"rendered":"https:\/\/poblenouurbandistrict.com\/?post_type=tribe_events&#038;p=27587"},"modified":"2022-03-24T13:08:22","modified_gmt":"2022-03-24T12:08:22","slug":"concert-per-la-pau","status":"publish","type":"tribe_events","link":"https:\/\/poblenouurbandistrict.com\/ca\/agenda\/concert-per-la-pau\/","title":{"rendered":"Concert per la Pau"},"content":{"rendered":"<p>Diverses entitats musicals m\u00e9s importants del territori interpretaran l\u2019<strong>Orquestra i Cor per la Pau<\/strong>, creada especialment per a aquesta ocasi\u00f3 per m\u00fasics voluntaris, amb l\u2019objectiu de recaptar fons per a\u00a0<strong>Creu Roja Internacional<\/strong>, destinats al projecte \u201cUcra\u00efna ens necessita\u201d.<\/p>\n<p>El\u00a0<strong>Concert per la Pau<\/strong>\u00a0comptar\u00e0 amb la participaci\u00f3 d\u2019institucions i entitats musicals com l\u2019Orquestra OBC, Franz Schubert Filharmonia, L\u2019Auditori, el Gran Teatre del Liceu, el Palau de la M\u00fasica Catalana, l\u2019ESMUC, el Conservatori del Liceu, la Fundaci\u00f3 Pau Casals, l\u2019Escola Municipal de M\u00fasica Vict\u00f2ria dels \u00c0ngels i la Fundaci\u00f3 Vict\u00f2ria dels \u00c0ngels.<\/p>","protected":false},"excerpt":{"rendered":"<p>Diverses entitats musicals m\u00e9s importants del territori interpretaran l\u2019Orquestra i Cor per la Pau, creada especialment per a aquesta ocasi\u00f3&#8230; <a href=\"https:\/\/poblenouurbandistrict.com\/ca\/agenda\/concert-per-la-pau\/\">M\u00e9s  \u2192<\/a><\/p>\n","protected":false},"author":5,"featured_media":27167,"template":"","meta":{"_acf_changed":false,"_tribe_events_status":"","_tribe_events_status_reason":"","_tribe_events_is_hybrid":"","_tribe_events_is_virtual":"","_tribe_events_virtual_video_source":"","_tribe_events_virtual_embed_video":"","_tribe_events_virtual_linked_button_text":"","_tribe_events_virtual_linked_button":"","_tribe_events_virtual_show_embed_at":"","_tribe_events_virtual_show_embed_to":[],"_tribe_events_virtual_show_on_event":"","_tribe_events_virtual_show_on_views":"","_tribe_events_virtual_url":"","footnotes":""},"tags":[],"tribe_events_cat":[3557],"class_list":["post-27587","tribe_events","type-tribe_events","status-publish","has-post-thumbnail","hentry","tribe_events_cat-musica","cat_musica"],"acf":[],"yoast_head":"<!-- This site is optimized with the Yoast SEO plugin v27.4 - https:\/\/yoast.com\/product\/yoast-seo-wordpress\/ -->\n<title>Concert per la Pau &#8211; Poblenou Urban District<\/title>\n<meta name=\"description\" content=\"Diverses entitats musicals m\u00e9s importants del territori interpretaran l\u2019Orquestra i Cor per la Pau per recaptar fons per a\u00a0Creu Roja.\" \/>\n<meta name=\"robots\" content=\"index, follow, max-snippet:-1, max-image-preview:large, max-video-preview:-1\" \/>\n<link rel=\"canonical\" href=\"https:\/\/poblenouurbandistrict.com\/ca\/agenda\/concert-per-la-pau\/\" \/>\n<meta property=\"og:locale\" content=\"ca_ES\" \/>\n<meta property=\"og:type\" content=\"article\" \/>\n<meta property=\"og:title\" content=\"Concert per la Pau &#8211; Poblenou Urban District\" \/>\n<meta property=\"og:description\" content=\"Diverses entitats musicals m\u00e9s importants del territori interpretaran l\u2019Orquestra i Cor per la Pau per recaptar fons per a\u00a0Creu Roja.\" \/>\n<meta property=\"og:url\" content=\"https:\/\/poblenouurbandistrict.com\/ca\/agenda\/concert-per-la-pau\/\" \/>\n<meta property=\"og:site_name\" content=\"Poblenou Urban District\" \/>\n<meta property=\"og:image\" content=\"https:\/\/poblenouurbandistrict.com\/wp-content\/uploads\/2022\/03\/screenshot-2022-03-16-at-183413.jpg\" \/>\n\t<meta property=\"og:image:width\" content=\"528\" \/>\n\t<meta property=\"og:image:height\" content=\"528\" \/>\n\t<meta property=\"og:image:type\" content=\"image\/jpeg\" \/>\n<meta name=\"twitter:card\" content=\"summary_large_image\" \/>\n<meta name=\"twitter:label1\" content=\"Temps estimat de lectura\" \/>\n\t<meta name=\"twitter:data1\" content=\"1 minut\" \/>\n<script type=\"application\/ld+json\" class=\"yoast-schema-graph\">{\"@context\":\"https:\\\/\\\/schema.org\",\"@graph\":[{\"@type\":\"WebPage\",\"@id\":\"https:\\\/\\\/poblenouurbandistrict.com\\\/ca\\\/agenda\\\/concert-per-la-pau\\\/\",\"url\":\"https:\\\/\\\/poblenouurbandistrict.com\\\/ca\\\/agenda\\\/concert-per-la-pau\\\/\",\"name\":\"Concert per la Pau &#8211; Poblenou Urban District\",\"isPartOf\":{\"@id\":\"https:\\\/\\\/poblenouurbandistrict.com\\\/ca\\\/#website\"},\"primaryImageOfPage\":{\"@id\":\"https:\\\/\\\/poblenouurbandistrict.com\\\/ca\\\/agenda\\\/concert-per-la-pau\\\/#primaryimage\"},\"image\":{\"@id\":\"https:\\\/\\\/poblenouurbandistrict.com\\\/agenda\\\/concert-per-la-pau\\\/#primaryimage\"},\"thumbnailUrl\":\"https:\\\/\\\/media.poblenouurbandistrict.com\\\/2022\\\/03\\\/25045417\\\/screenshot-2022-03-16-at-183413.jpg\",\"datePublished\":\"2022-03-24T12:08:22+00:00\",\"description\":\"Diverses entitats musicals m\u00e9s importants del territori interpretaran l\u2019Orquestra i Cor per la Pau per recaptar fons per a\u00a0Creu Roja.\",\"breadcrumb\":{\"@id\":\"https:\\\/\\\/poblenouurbandistrict.com\\\/ca\\\/agenda\\\/concert-per-la-pau\\\/#breadcrumb\"},\"inLanguage\":\"ca\",\"potentialAction\":[{\"@type\":\"ReadAction\",\"target\":[[\"https:\\\/\\\/poblenouurbandistrict.com\\\/ca\\\/agenda\\\/concert-per-la-pau\\\/\"]]}]},{\"@type\":\"ImageObject\",\"inLanguage\":\"ca\",\"@id\":\"https:\\\/\\\/poblenouurbandistrict.com\\\/ca\\\/agenda\\\/concert-per-la-pau\\\/#primaryimage\",\"url\":\"https:\\\/\\\/media.poblenouurbandistrict.com\\\/2022\\\/03\\\/25045417\\\/screenshot-2022-03-16-at-183413.jpg\",\"contentUrl\":\"https:\\\/\\\/media.poblenouurbandistrict.com\\\/2022\\\/03\\\/25045417\\\/screenshot-2022-03-16-at-183413.jpg\",\"width\":528,\"height\":528},{\"@type\":\"BreadcrumbList\",\"@id\":\"https:\\\/\\\/poblenouurbandistrict.com\\\/ca\\\/agenda\\\/concert-per-la-pau\\\/#breadcrumb\",\"itemListElement\":[{\"@type\":\"ListItem\",\"position\":1,\"name\":\"Home\",\"item\":\"https:\\\/\\\/poblenouurbandistrict.com\\\/ca\\\/\"},{\"@type\":\"ListItem\",\"position\":2,\"name\":\"Esdeveniments\",\"item\":\"https:\\\/\\\/poblenouurbandistrict.com\\\/ca\\\/agenda\\\/\"},{\"@type\":\"ListItem\",\"position\":3,\"name\":\"Concert per la Pau\"}]},{\"@type\":\"WebSite\",\"@id\":\"https:\\\/\\\/poblenouurbandistrict.com\\\/ca\\\/#website\",\"url\":\"https:\\\/\\\/poblenouurbandistrict.com\\\/ca\\\/\",\"name\":\"Poblenou Urban District\",\"description\":\"Comunitat Creativa\",\"potentialAction\":[{\"@type\":\"SearchAction\",\"target\":{\"@type\":\"EntryPoint\",\"urlTemplate\":\"https:\\\/\\\/poblenouurbandistrict.com\\\/ca\\\/?s={search_term_string}\"},\"query-input\":{\"@type\":\"PropertyValueSpecification\",\"valueRequired\":true,\"valueName\":\"search_term_string\"}}],\"inLanguage\":\"ca\"}]}<\/script>\n<!-- \/ Yoast SEO plugin. -->","yoast_head_json":{"title":"Concert per la Pau &#8211; Poblenou Urban District","description":"Diverses entitats musicals m\u00e9s importants del territori interpretaran l\u2019Orquestra i Cor per la Pau per recaptar fons per a\u00a0Creu Roja.","robots":{"index":"index","follow":"follow","max-snippet":"max-snippet:-1","max-image-preview":"max-image-preview:large","max-video-preview":"max-video-preview:-1"},"canonical":"https:\/\/poblenouurbandistrict.com\/ca\/agenda\/concert-per-la-pau\/","og_locale":"ca_ES","og_type":"article","og_title":"Concert per la Pau &#8211; Poblenou Urban District","og_description":"Diverses entitats musicals m\u00e9s importants del territori interpretaran l\u2019Orquestra i Cor per la Pau per recaptar fons per a\u00a0Creu Roja.","og_url":"https:\/\/poblenouurbandistrict.com\/ca\/agenda\/concert-per-la-pau\/","og_site_name":"Poblenou Urban District","og_image":[{"width":528,"height":528,"url":"https:\/\/poblenouurbandistrict.com\/wp-content\/uploads\/2022\/03\/screenshot-2022-03-16-at-183413.jpg","type":"image\/jpeg"}],"twitter_card":"summary_large_image","twitter_misc":{"Temps estimat de lectura":"1 minut"},"schema":{"@context":"https:\/\/schema.org","@graph":[{"@type":"WebPage","@id":"https:\/\/poblenouurbandistrict.com\/ca\/agenda\/concert-per-la-pau\/","url":"https:\/\/poblenouurbandistrict.com\/ca\/agenda\/concert-per-la-pau\/","name":"Concert per la Pau &#8211; Poblenou Urban District","isPartOf":{"@id":"https:\/\/poblenouurbandistrict.com\/ca\/#website"},"primaryImageOfPage":{"@id":"https:\/\/poblenouurbandistrict.com\/ca\/agenda\/concert-per-la-pau\/#primaryimage"},"image":{"@id":"https:\/\/poblenouurbandistrict.com\/agenda\/concert-per-la-pau\/#primaryimage"},"thumbnailUrl":"https:\/\/media.poblenouurbandistrict.com\/2022\/03\/25045417\/screenshot-2022-03-16-at-183413.jpg","datePublished":"2022-03-24T12:08:22+00:00","description":"Diverses entitats musicals m\u00e9s importants del territori interpretaran l\u2019Orquestra i Cor per la Pau per recaptar fons per a\u00a0Creu Roja.","breadcrumb":{"@id":"https:\/\/poblenouurbandistrict.com\/ca\/agenda\/concert-per-la-pau\/#breadcrumb"},"inLanguage":"ca","potentialAction":[{"@type":"ReadAction","target":[["https:\/\/poblenouurbandistrict.com\/ca\/agenda\/concert-per-la-pau\/"]]}]},{"@type":"ImageObject","inLanguage":"ca","@id":"https:\/\/poblenouurbandistrict.com\/ca\/agenda\/concert-per-la-pau\/#primaryimage","url":"https:\/\/media.poblenouurbandistrict.com\/2022\/03\/25045417\/screenshot-2022-03-16-at-183413.jpg","contentUrl":"https:\/\/media.poblenouurbandistrict.com\/2022\/03\/25045417\/screenshot-2022-03-16-at-183413.jpg","width":528,"height":528},{"@type":"BreadcrumbList","@id":"https:\/\/poblenouurbandistrict.com\/ca\/agenda\/concert-per-la-pau\/#breadcrumb","itemListElement":[{"@type":"ListItem","position":1,"name":"Home","item":"https:\/\/poblenouurbandistrict.com\/ca\/"},{"@type":"ListItem","position":2,"name":"Esdeveniments","item":"https:\/\/poblenouurbandistrict.com\/ca\/agenda\/"},{"@type":"ListItem","position":3,"name":"Concert per la Pau"}]},{"@type":"WebSite","@id":"https:\/\/poblenouurbandistrict.com\/ca\/#website","url":"https:\/\/poblenouurbandistrict.com\/ca\/","name":"Poblenou Urban District","description":"Comunitat Creativa","potentialAction":[{"@type":"SearchAction","target":{"@type":"EntryPoint","urlTemplate":"https:\/\/poblenouurbandistrict.com\/ca\/?s={search_term_string}"},"query-input":{"@type":"PropertyValueSpecification","valueRequired":true,"valueName":"search_term_string"}}],"inLanguage":"ca"}]}},"_links":{"self":[{"href":"https:\/\/poblenouurbandistrict.com\/ca\/wp-json\/wp\/v2\/tribe_events\/27587","targetHints":{"allow":["GET"]}}],"collection":[{"href":"https:\/\/poblenouurbandistrict.com\/ca\/wp-json\/wp\/v2\/tribe_events"}],"about":[{"href":"https:\/\/poblenouurbandistrict.com\/ca\/wp-json\/wp\/v2\/types\/tribe_events"}],"author":[{"embeddable":true,"href":"https:\/\/poblenouurbandistrict.com\/ca\/wp-json\/wp\/v2\/users\/5"}],"version-history":[{"count":1,"href":"https:\/\/poblenouurbandistrict.com\/ca\/wp-json\/wp\/v2\/tribe_events\/27587\/revisions"}],"predecessor-version":[{"id":27588,"href":"https:\/\/poblenouurbandistrict.com\/ca\/wp-json\/wp\/v2\/tribe_events\/27587\/revisions\/27588"}],"wp:featuredmedia":[{"embeddable":true,"href":"https:\/\/poblenouurbandistrict.com\/ca\/wp-json\/wp\/v2\/media\/27167"}],"wp:attachment":[{"href":"https:\/\/poblenouurbandistrict.com\/ca\/wp-json\/wp\/v2\/media?parent=27587"}],"wp:term":[{"taxonomy":"post_tag","embeddable":true,"href":"https:\/\/poblenouurbandistrict.com\/ca\/wp-json\/wp\/v2\/tags?post=27587"},{"taxonomy":"tribe_events_cat","embeddable":true,"href":"https:\/\/poblenouurbandistrict.com\/ca\/wp-json\/wp\/v2\/tribe_events_cat?post=27587"}],"curies":[{"name":"wp","href":"https:\/\/api.w.org\/{rel}","templated":true}]}}

<p>Diverses entitats musicals més importants del territori interpretaran l’<strong>Orquestra i Cor per la Pau</strong>, creada especialment per a aquesta ocasió per músics voluntaris, amb l’objectiu de recaptar fons per a <strong>Creu Roja Internacional</strong>, destinats al projecte “Ucraïna ens necessita”.</p>
<p>El <strong>Concert per la Pau</strong> comptarà amb la participació d’institucions i entitats musicals com l’Orquestra OBC, Franz Schubert Filharmonia, L’Auditori, el Gran Teatre del Liceu, el Palau de la Música Catalana, l’ESMUC, el Conservatori del Liceu, la Fundació Pau Casals, l’Escola Municipal de Música Victòria dels Àngels i la Fundació Victòria dels Àngels.</p>

<p>Diverses entitats musicals més importants del territori interpretaran l’Orquestra i Cor per la Pau, creada especialment per a aquesta ocasió&#8230; <a href="https://poblenouurbandistrict.com/ca/agenda/concert-per-la-pau/">Més  →</a></p>

<!-- This site is optimized with the Yoast SEO plugin v27.4 - https://yoast.com/product/yoast-seo-wordpress/ -->
<title>Concert per la Pau &#8211; Poblenou Urban District</title>
<meta name="description" content="Diverses entitats musicals més importants del territori interpretaran l’Orquestra i Cor per la Pau per recaptar fons per a Creu Roja." />
<meta name="robots" content="index, follow, max-snippet:-1, max-image-preview:large, max-video-preview:-1" />
<link rel="canonical" href="https://poblenouurbandistrict.com/ca/agenda/concert-per-la-pau/" />
<meta property="og:locale" content="ca_ES" />
<meta property="og:type" content="article" />
<meta property="og:title" content="Concert per la Pau &#8211; Poblenou Urban District" />
<meta property="og:description" content="Diverses entitats musicals més importants del territori interpretaran l’Orquestra i Cor per la Pau per recaptar fons per a Creu Roja." />
<meta property="og:url" content="https://poblenouurbandistrict.com/ca/agenda/concert-per-la-pau/" />
<meta property="og:site_name" content="Poblenou Urban District" />
<meta property="og:image" content="https://poblenouurbandistrict.com/wp-content/uploads/2022/03/screenshot-2022-03-16-at-183413.jpg" />
	<meta property="og:image:width" content="528" />
	<meta property="og:image:height" content="528" />
	<meta property="og:image:type" content="image/jpeg" />
<meta name="twitter:card" content="summary_large_image" />
<meta name="twitter:label1" content="Temps estimat de lectura" />
	<meta name="twitter:data1" content="1 minut" />
<script type="application/ld+json" class="yoast-schema-graph">{"@context":"https:\/\/schema.org","@graph":[{"@type":"WebPage","@id":"https:\/\/poblenouurbandistrict.com\/ca\/agenda\/concert-per-la-pau\/","url":"https:\/\/poblenouurbandistrict.com\/ca\/agenda\/concert-per-la-pau\/","name":"Concert per la Pau &#8211; Poblenou Urban District","isPartOf":{"@id":"https:\/\/poblenouurbandistrict.com\/ca\/#website"},"primaryImageOfPage":{"@id":"https:\/\/poblenouurbandistrict.com\/ca\/agenda\/concert-per-la-pau\/#primaryimage"},"image":{"@id":"https:\/\/poblenouurbandistrict.com\/agenda\/concert-per-la-pau\/#primaryimage"},"thumbnailUrl":"https:\/\/media.poblenouurbandistrict.com\/2022\/03\/25045417\/screenshot-2022-03-16-at-183413.jpg","datePublished":"2022-03-24T12:08:22+00:00","description":"Diverses entitats musicals més importants del territori interpretaran l’Orquestra i Cor per la Pau per recaptar fons per a Creu Roja.","breadcrumb":{"@id":"https:\/\/poblenouurbandistrict.com\/ca\/agenda\/concert-per-la-pau\/#breadcrumb"},"inLanguage":"ca","potentialAction":[{"@type":"ReadAction","target":[["https:\/\/poblenouurbandistrict.com\/ca\/agenda\/concert-per-la-pau\/"]]}]},{"@type":"ImageObject","inLanguage":"ca","@id":"https:\/\/poblenouurbandistrict.com\/ca\/agenda\/concert-per-la-pau\/#primaryimage","url":"https:\/\/media.poblenouurbandistrict.com\/2022\/03\/25045417\/screenshot-2022-03-16-at-183413.jpg","contentUrl":"https:\/\/media.poblenouurbandistrict.com\/2022\/03\/25045417\/screenshot-2022-03-16-at-183413.jpg","width":528,"height":528},{"@type":"BreadcrumbList","@id":"https:\/\/poblenouurbandistrict.com\/ca\/agenda\/concert-per-la-pau\/#breadcrumb","itemListElement":[{"@type":"ListItem","position":1,"name":"Home","item":"https:\/\/poblenouurbandistrict.com\/ca\/"},{"@type":"ListItem","position":2,"name":"Esdeveniments","item":"https:\/\/poblenouurbandistrict.com\/ca\/agenda\/"},{"@type":"ListItem","position":3,"name":"Concert per la Pau"}]},{"@type":"WebSite","@id":"https:\/\/poblenouurbandistrict.com\/ca\/#website","url":"https:\/\/poblenouurbandistrict.com\/ca\/","name":"Poblenou Urban District","description":"Comunitat Creativa","potentialAction":[{"@type":"SearchAction","target":{"@type":"EntryPoint","urlTemplate":"https:\/\/poblenouurbandistrict.com\/ca\/?s={search_term_string}"},"query-input":{"@type":"PropertyValueSpecification","valueRequired":true,"valueName":"search_term_string"}}],"inLanguage":"ca"}]}</script>
<!-- / Yoast SEO plugin. -->

Diverses entitats musicals més importants del territori interpretaran l’Orquestra i Cor per la Pau per recaptar fons per a Creu Roja.
