{"id":33285,"date":"2022-07-28T16:35:18","date_gmt":"2022-07-28T14:35:18","guid":{"rendered":"https:\/\/poblenouurbandistrict.com\/?post_type=tribe_events&#038;p=33285"},"modified":"2022-07-28T16:35:18","modified_gmt":"2022-07-28T14:35:18","slug":"taller-de-gastronomia-coreana","status":"publish","type":"tribe_events","link":"https:\/\/poblenouurbandistrict.com\/ca\/agenda\/taller-de-gastronomia-coreana\/","title":{"rendered":"Taller de gastronomia Coreana"},"content":{"rendered":"<p>Gastronomia coreana, originada de l&#8217;agricultura antiga i de tradicions n\u00f2mades a la pen\u00ednsula Coreana i al sud de Manx\u00faria. Una cuina que ha canviat a trav\u00e9s de l\u00e2\u20ac&#x2122;entorn i les diferents tend\u00c3\u00a8ncies culturals.<\/p>\n<p>La gastronomia coreana est\u00e0 principalment basada en arr\u00f2s, vegetals i carn. Els menjars coreans tradicionals s\u00f3n coneguts per la gran varietat de guarnicions que acompanyen l&#8217;arr\u00f2s de gra petit cuit al vapor.<\/p>\n<p>El Kimchi \u00e9s per excel\u00b7l\u00e8ncia sempre servit acompanyant els platerets. Els ingredients m\u00e9s utilitzats s\u00f3n oli de s\u00e8sam, doenjang que \u00e9s una pasta de fesol fermentat, salsa de soja, gingebre, gochujang que \u00e9s una pasta de Xile vermell fermentada la qual li d\u00f3na el seu caracter\u00edstic sabor picant i la col xinesa.<\/p>\n<p>Les receptes<\/p>\n<p>Bulgogi de vedella (carn de vedella filetejada marinada amb salsa especial coreana)<\/p>\n<p>Bibimbap (bol amb arr\u00f2s, verdures salsa picant i ou)<\/p>\n<p>Kimchi<\/p>\n<p>&nbsp;<\/p>\n<p>Qu\u00e8 inclou el taller?<\/p>\n<p>Guia de receptes dels plats elaborats al taller. Demostraci\u00f3 de t\u00e8cniques de cocci\u00f3 i pr\u00e0ctica de les receptes proposades. Els ingredients necessaris per a la realitzaci\u00f3 de les receptes.<\/p>\n<p>&nbsp;<\/p>\n<p>Com funciona el taller?<\/p>\n<p>A Espai Granada els tallers s\u00f3n din\u00e0mics i participatius. Els assistents prepararan completament els plats amb productes ecol\u00f2gics i de proximitat, amb la idea de fomentar una alimentaci\u00f3 de qualitat, saludable i sostenible. En acabar el taller es comparteixen els plats en un ambient informal i relaxat, acompanyats de begudes.<\/p>","protected":false},"excerpt":{"rendered":"<p>Gastronomia coreana, originada de l&#8217;agricultura antiga i de tradicions n\u00f2mades a la pen\u00ednsula Coreana i al sud de Manx\u00faria. Una&#8230; <a href=\"https:\/\/poblenouurbandistrict.com\/ca\/agenda\/taller-de-gastronomia-coreana\/\">M\u00e9s  \u2192<\/a><\/p>\n","protected":false},"author":5,"featured_media":33287,"template":"","meta":{"_acf_changed":false,"_tribe_events_status":"","_tribe_events_status_reason":"","_tribe_events_is_hybrid":"","_tribe_events_is_virtual":"","_tribe_events_virtual_video_source":"","_tribe_events_virtual_embed_video":"","_tribe_events_virtual_linked_button_text":"","_tribe_events_virtual_linked_button":"","_tribe_events_virtual_show_embed_at":"","_tribe_events_virtual_show_embed_to":[],"_tribe_events_virtual_show_on_event":"","_tribe_events_virtual_show_on_views":"","_tribe_events_virtual_url":"","footnotes":""},"tags":[],"tribe_events_cat":[3555],"class_list":["post-33285","tribe_events","type-tribe_events","status-publish","has-post-thumbnail","hentry","tribe_events_cat-gastronomia","cat_gastronomia"],"acf":[],"yoast_head":"<!-- This site is optimized with the Yoast SEO plugin v27.4 - https:\/\/yoast.com\/product\/yoast-seo-wordpress\/ -->\n<title>Taller de gastronomia Coreana &#8211; Poblenou Urban District<\/title>\n<meta name=\"robots\" content=\"index, follow, max-snippet:-1, max-image-preview:large, max-video-preview:-1\" \/>\n<link rel=\"canonical\" href=\"https:\/\/poblenouurbandistrict.com\/ca\/agenda\/taller-de-gastronomia-coreana\/\" \/>\n<meta property=\"og:locale\" content=\"ca_ES\" \/>\n<meta property=\"og:type\" content=\"article\" \/>\n<meta property=\"og:title\" content=\"Taller de gastronomia Coreana &#8211; Poblenou Urban District\" \/>\n<meta property=\"og:description\" content=\"Gastronomia coreana, originada de l&#8217;agricultura antiga i de tradicions n\u00f2mades a la pen\u00ednsula Coreana i al sud de Manx\u00faria. Una... M\u00e9s \u2192\" \/>\n<meta property=\"og:url\" content=\"https:\/\/poblenouurbandistrict.com\/ca\/agenda\/taller-de-gastronomia-coreana\/\" \/>\n<meta property=\"og:site_name\" content=\"Poblenou Urban District\" \/>\n<meta property=\"og:image\" content=\"https:\/\/poblenouurbandistrict.com\/wp-content\/uploads\/2022\/07\/diseno-sin-titulo-5-1.png\" \/>\n\t<meta property=\"og:image:width\" content=\"1080\" \/>\n\t<meta property=\"og:image:height\" content=\"1080\" \/>\n\t<meta property=\"og:image:type\" content=\"image\/png\" \/>\n<meta name=\"twitter:card\" content=\"summary_large_image\" \/>\n<meta name=\"twitter:label1\" content=\"Temps estimat de lectura\" \/>\n\t<meta name=\"twitter:data1\" content=\"3 minuts\" \/>\n<script type=\"application\/ld+json\" class=\"yoast-schema-graph\">{\"@context\":\"https:\\\/\\\/schema.org\",\"@graph\":[{\"@type\":\"WebPage\",\"@id\":\"https:\\\/\\\/poblenouurbandistrict.com\\\/ca\\\/agenda\\\/taller-de-gastronomia-coreana\\\/\",\"url\":\"https:\\\/\\\/poblenouurbandistrict.com\\\/ca\\\/agenda\\\/taller-de-gastronomia-coreana\\\/\",\"name\":\"Taller de gastronomia Coreana &#8211; Poblenou Urban District\",\"isPartOf\":{\"@id\":\"https:\\\/\\\/poblenouurbandistrict.com\\\/ca\\\/#website\"},\"primaryImageOfPage\":{\"@id\":\"https:\\\/\\\/poblenouurbandistrict.com\\\/ca\\\/agenda\\\/taller-de-gastronomia-coreana\\\/#primaryimage\"},\"image\":{\"@id\":\"https:\\\/\\\/poblenouurbandistrict.com\\\/agenda\\\/taller-de-gastronomia-coreana\\\/#primaryimage\"},\"thumbnailUrl\":\"https:\\\/\\\/media.poblenouurbandistrict.com\\\/2022\\\/07\\\/25053801\\\/diseno-sin-titulo-5-1.jpg\",\"datePublished\":\"2022-07-28T14:35:18+00:00\",\"breadcrumb\":{\"@id\":\"https:\\\/\\\/poblenouurbandistrict.com\\\/ca\\\/agenda\\\/taller-de-gastronomia-coreana\\\/#breadcrumb\"},\"inLanguage\":\"ca\",\"potentialAction\":[{\"@type\":\"ReadAction\",\"target\":[[\"https:\\\/\\\/poblenouurbandistrict.com\\\/ca\\\/agenda\\\/taller-de-gastronomia-coreana\\\/\"]]}]},{\"@type\":\"ImageObject\",\"inLanguage\":\"ca\",\"@id\":\"https:\\\/\\\/poblenouurbandistrict.com\\\/ca\\\/agenda\\\/taller-de-gastronomia-coreana\\\/#primaryimage\",\"url\":\"https:\\\/\\\/media.poblenouurbandistrict.com\\\/2022\\\/07\\\/25053801\\\/diseno-sin-titulo-5-1.jpg\",\"contentUrl\":\"https:\\\/\\\/media.poblenouurbandistrict.com\\\/2022\\\/07\\\/25053801\\\/diseno-sin-titulo-5-1.jpg\",\"width\":1080,\"height\":1080},{\"@type\":\"BreadcrumbList\",\"@id\":\"https:\\\/\\\/poblenouurbandistrict.com\\\/ca\\\/agenda\\\/taller-de-gastronomia-coreana\\\/#breadcrumb\",\"itemListElement\":[{\"@type\":\"ListItem\",\"position\":1,\"name\":\"Home\",\"item\":\"https:\\\/\\\/poblenouurbandistrict.com\\\/ca\\\/\"},{\"@type\":\"ListItem\",\"position\":2,\"name\":\"Esdeveniments\",\"item\":\"https:\\\/\\\/poblenouurbandistrict.com\\\/ca\\\/agenda\\\/\"},{\"@type\":\"ListItem\",\"position\":3,\"name\":\"Taller de gastronomia Coreana\"}]},{\"@type\":\"WebSite\",\"@id\":\"https:\\\/\\\/poblenouurbandistrict.com\\\/ca\\\/#website\",\"url\":\"https:\\\/\\\/poblenouurbandistrict.com\\\/ca\\\/\",\"name\":\"Poblenou Urban District\",\"description\":\"Comunitat Creativa\",\"potentialAction\":[{\"@type\":\"SearchAction\",\"target\":{\"@type\":\"EntryPoint\",\"urlTemplate\":\"https:\\\/\\\/poblenouurbandistrict.com\\\/ca\\\/?s={search_term_string}\"},\"query-input\":{\"@type\":\"PropertyValueSpecification\",\"valueRequired\":true,\"valueName\":\"search_term_string\"}}],\"inLanguage\":\"ca\"}]}<\/script>\n<!-- \/ Yoast SEO plugin. -->","yoast_head_json":{"title":"Taller de gastronomia Coreana &#8211; Poblenou Urban District","robots":{"index":"index","follow":"follow","max-snippet":"max-snippet:-1","max-image-preview":"max-image-preview:large","max-video-preview":"max-video-preview:-1"},"canonical":"https:\/\/poblenouurbandistrict.com\/ca\/agenda\/taller-de-gastronomia-coreana\/","og_locale":"ca_ES","og_type":"article","og_title":"Taller de gastronomia Coreana &#8211; Poblenou Urban District","og_description":"Gastronomia coreana, originada de l&#8217;agricultura antiga i de tradicions n\u00f2mades a la pen\u00ednsula Coreana i al sud de Manx\u00faria. Una... M\u00e9s \u2192","og_url":"https:\/\/poblenouurbandistrict.com\/ca\/agenda\/taller-de-gastronomia-coreana\/","og_site_name":"Poblenou Urban District","og_image":[{"width":1080,"height":1080,"url":"https:\/\/poblenouurbandistrict.com\/wp-content\/uploads\/2022\/07\/diseno-sin-titulo-5-1.png","type":"image\/png"}],"twitter_card":"summary_large_image","twitter_misc":{"Temps estimat de lectura":"3 minuts"},"schema":{"@context":"https:\/\/schema.org","@graph":[{"@type":"WebPage","@id":"https:\/\/poblenouurbandistrict.com\/ca\/agenda\/taller-de-gastronomia-coreana\/","url":"https:\/\/poblenouurbandistrict.com\/ca\/agenda\/taller-de-gastronomia-coreana\/","name":"Taller de gastronomia Coreana &#8211; Poblenou Urban District","isPartOf":{"@id":"https:\/\/poblenouurbandistrict.com\/ca\/#website"},"primaryImageOfPage":{"@id":"https:\/\/poblenouurbandistrict.com\/ca\/agenda\/taller-de-gastronomia-coreana\/#primaryimage"},"image":{"@id":"https:\/\/poblenouurbandistrict.com\/agenda\/taller-de-gastronomia-coreana\/#primaryimage"},"thumbnailUrl":"https:\/\/media.poblenouurbandistrict.com\/2022\/07\/25053801\/diseno-sin-titulo-5-1.jpg","datePublished":"2022-07-28T14:35:18+00:00","breadcrumb":{"@id":"https:\/\/poblenouurbandistrict.com\/ca\/agenda\/taller-de-gastronomia-coreana\/#breadcrumb"},"inLanguage":"ca","potentialAction":[{"@type":"ReadAction","target":[["https:\/\/poblenouurbandistrict.com\/ca\/agenda\/taller-de-gastronomia-coreana\/"]]}]},{"@type":"ImageObject","inLanguage":"ca","@id":"https:\/\/poblenouurbandistrict.com\/ca\/agenda\/taller-de-gastronomia-coreana\/#primaryimage","url":"https:\/\/media.poblenouurbandistrict.com\/2022\/07\/25053801\/diseno-sin-titulo-5-1.jpg","contentUrl":"https:\/\/media.poblenouurbandistrict.com\/2022\/07\/25053801\/diseno-sin-titulo-5-1.jpg","width":1080,"height":1080},{"@type":"BreadcrumbList","@id":"https:\/\/poblenouurbandistrict.com\/ca\/agenda\/taller-de-gastronomia-coreana\/#breadcrumb","itemListElement":[{"@type":"ListItem","position":1,"name":"Home","item":"https:\/\/poblenouurbandistrict.com\/ca\/"},{"@type":"ListItem","position":2,"name":"Esdeveniments","item":"https:\/\/poblenouurbandistrict.com\/ca\/agenda\/"},{"@type":"ListItem","position":3,"name":"Taller de gastronomia Coreana"}]},{"@type":"WebSite","@id":"https:\/\/poblenouurbandistrict.com\/ca\/#website","url":"https:\/\/poblenouurbandistrict.com\/ca\/","name":"Poblenou Urban District","description":"Comunitat Creativa","potentialAction":[{"@type":"SearchAction","target":{"@type":"EntryPoint","urlTemplate":"https:\/\/poblenouurbandistrict.com\/ca\/?s={search_term_string}"},"query-input":{"@type":"PropertyValueSpecification","valueRequired":true,"valueName":"search_term_string"}}],"inLanguage":"ca"}]}},"_links":{"self":[{"href":"https:\/\/poblenouurbandistrict.com\/ca\/wp-json\/wp\/v2\/tribe_events\/33285","targetHints":{"allow":["GET"]}}],"collection":[{"href":"https:\/\/poblenouurbandistrict.com\/ca\/wp-json\/wp\/v2\/tribe_events"}],"about":[{"href":"https:\/\/poblenouurbandistrict.com\/ca\/wp-json\/wp\/v2\/types\/tribe_events"}],"author":[{"embeddable":true,"href":"https:\/\/poblenouurbandistrict.com\/ca\/wp-json\/wp\/v2\/users\/5"}],"version-history":[{"count":1,"href":"https:\/\/poblenouurbandistrict.com\/ca\/wp-json\/wp\/v2\/tribe_events\/33285\/revisions"}],"predecessor-version":[{"id":33288,"href":"https:\/\/poblenouurbandistrict.com\/ca\/wp-json\/wp\/v2\/tribe_events\/33285\/revisions\/33288"}],"wp:featuredmedia":[{"embeddable":true,"href":"https:\/\/poblenouurbandistrict.com\/ca\/wp-json\/wp\/v2\/media\/33287"}],"wp:attachment":[{"href":"https:\/\/poblenouurbandistrict.com\/ca\/wp-json\/wp\/v2\/media?parent=33285"}],"wp:term":[{"taxonomy":"post_tag","embeddable":true,"href":"https:\/\/poblenouurbandistrict.com\/ca\/wp-json\/wp\/v2\/tags?post=33285"},{"taxonomy":"tribe_events_cat","embeddable":true,"href":"https:\/\/poblenouurbandistrict.com\/ca\/wp-json\/wp\/v2\/tribe_events_cat?post=33285"}],"curies":[{"name":"wp","href":"https:\/\/api.w.org\/{rel}","templated":true}]}}

<p>Gastronomia coreana, originada de l&#8217;agricultura antiga i de tradicions nòmades a la península Coreana i al sud de Manxúria. Una cuina que ha canviat a través de lâ€&#x2122;entorn i les diferents tendÃ¨ncies culturals.</p>
<p>La gastronomia coreana està principalment basada en arròs, vegetals i carn. Els menjars coreans tradicionals són coneguts per la gran varietat de guarnicions que acompanyen l&#8217;arròs de gra petit cuit al vapor.</p>
<p>El Kimchi és per excel·lència sempre servit acompanyant els platerets. Els ingredients més utilitzats són oli de sèsam, doenjang que és una pasta de fesol fermentat, salsa de soja, gingebre, gochujang que és una pasta de Xile vermell fermentada la qual li dóna el seu característic sabor picant i la col xinesa.</p>
<p>Les receptes</p>
<p>Bulgogi de vedella (carn de vedella filetejada marinada amb salsa especial coreana)</p>
<p>Bibimbap (bol amb arròs, verdures salsa picant i ou)</p>
<p>Kimchi</p>
<p>&nbsp;</p>
<p>Què inclou el taller?</p>
<p>Guia de receptes dels plats elaborats al taller. Demostració de tècniques de cocció i pràctica de les receptes proposades. Els ingredients necessaris per a la realització de les receptes.</p>
<p>&nbsp;</p>
<p>Com funciona el taller?</p>
<p>A Espai Granada els tallers són dinàmics i participatius. Els assistents prepararan completament els plats amb productes ecològics i de proximitat, amb la idea de fomentar una alimentació de qualitat, saludable i sostenible. En acabar el taller es comparteixen els plats en un ambient informal i relaxat, acompanyats de begudes.</p>

<p>Gastronomia coreana, originada de l&#8217;agricultura antiga i de tradicions nòmades a la península Coreana i al sud de Manxúria. Una&#8230; <a href="https://poblenouurbandistrict.com/ca/agenda/taller-de-gastronomia-coreana/">Més  →</a></p>

<!-- This site is optimized with the Yoast SEO plugin v27.4 - https://yoast.com/product/yoast-seo-wordpress/ -->
<title>Taller de gastronomia Coreana &#8211; Poblenou Urban District</title>
<meta name="robots" content="index, follow, max-snippet:-1, max-image-preview:large, max-video-preview:-1" />
<link rel="canonical" href="https://poblenouurbandistrict.com/ca/agenda/taller-de-gastronomia-coreana/" />
<meta property="og:locale" content="ca_ES" />
<meta property="og:type" content="article" />
<meta property="og:title" content="Taller de gastronomia Coreana &#8211; Poblenou Urban District" />
<meta property="og:description" content="Gastronomia coreana, originada de l&#8217;agricultura antiga i de tradicions nòmades a la península Coreana i al sud de Manxúria. Una... Més →" />
<meta property="og:url" content="https://poblenouurbandistrict.com/ca/agenda/taller-de-gastronomia-coreana/" />
<meta property="og:site_name" content="Poblenou Urban District" />
<meta property="og:image" content="https://poblenouurbandistrict.com/wp-content/uploads/2022/07/diseno-sin-titulo-5-1.png" />
	<meta property="og:image:width" content="1080" />
	<meta property="og:image:height" content="1080" />
	<meta property="og:image:type" content="image/png" />
<meta name="twitter:card" content="summary_large_image" />
<meta name="twitter:label1" content="Temps estimat de lectura" />
	<meta name="twitter:data1" content="3 minuts" />
<script type="application/ld+json" class="yoast-schema-graph">{"@context":"https:\/\/schema.org","@graph":[{"@type":"WebPage","@id":"https:\/\/poblenouurbandistrict.com\/ca\/agenda\/taller-de-gastronomia-coreana\/","url":"https:\/\/poblenouurbandistrict.com\/ca\/agenda\/taller-de-gastronomia-coreana\/","name":"Taller de gastronomia Coreana &#8211; Poblenou Urban District","isPartOf":{"@id":"https:\/\/poblenouurbandistrict.com\/ca\/#website"},"primaryImageOfPage":{"@id":"https:\/\/poblenouurbandistrict.com\/ca\/agenda\/taller-de-gastronomia-coreana\/#primaryimage"},"image":{"@id":"https:\/\/poblenouurbandistrict.com\/agenda\/taller-de-gastronomia-coreana\/#primaryimage"},"thumbnailUrl":"https:\/\/media.poblenouurbandistrict.com\/2022\/07\/25053801\/diseno-sin-titulo-5-1.jpg","datePublished":"2022-07-28T14:35:18+00:00","breadcrumb":{"@id":"https:\/\/poblenouurbandistrict.com\/ca\/agenda\/taller-de-gastronomia-coreana\/#breadcrumb"},"inLanguage":"ca","potentialAction":[{"@type":"ReadAction","target":[["https:\/\/poblenouurbandistrict.com\/ca\/agenda\/taller-de-gastronomia-coreana\/"]]}]},{"@type":"ImageObject","inLanguage":"ca","@id":"https:\/\/poblenouurbandistrict.com\/ca\/agenda\/taller-de-gastronomia-coreana\/#primaryimage","url":"https:\/\/media.poblenouurbandistrict.com\/2022\/07\/25053801\/diseno-sin-titulo-5-1.jpg","contentUrl":"https:\/\/media.poblenouurbandistrict.com\/2022\/07\/25053801\/diseno-sin-titulo-5-1.jpg","width":1080,"height":1080},{"@type":"BreadcrumbList","@id":"https:\/\/poblenouurbandistrict.com\/ca\/agenda\/taller-de-gastronomia-coreana\/#breadcrumb","itemListElement":[{"@type":"ListItem","position":1,"name":"Home","item":"https:\/\/poblenouurbandistrict.com\/ca\/"},{"@type":"ListItem","position":2,"name":"Esdeveniments","item":"https:\/\/poblenouurbandistrict.com\/ca\/agenda\/"},{"@type":"ListItem","position":3,"name":"Taller de gastronomia Coreana"}]},{"@type":"WebSite","@id":"https:\/\/poblenouurbandistrict.com\/ca\/#website","url":"https:\/\/poblenouurbandistrict.com\/ca\/","name":"Poblenou Urban District","description":"Comunitat Creativa","potentialAction":[{"@type":"SearchAction","target":{"@type":"EntryPoint","urlTemplate":"https:\/\/poblenouurbandistrict.com\/ca\/?s={search_term_string}"},"query-input":{"@type":"PropertyValueSpecification","valueRequired":true,"valueName":"search_term_string"}}],"inLanguage":"ca"}]}</script>
<!-- / Yoast SEO plugin. -->

Gastronomia coreana, originada de l&#8217;agricultura antiga i de tradicions nòmades a la península Coreana i al sud de Manxúria. Una... Més →
