{"id":33342,"date":"2022-08-30T15:53:36","date_gmt":"2022-08-30T13:53:36","guid":{"rendered":"https:\/\/poblenouurbandistrict.com\/?post_type=tribe_events&#038;p=33342"},"modified":"2022-08-30T15:53:36","modified_gmt":"2022-08-30T13:53:36","slug":"concert-jerusalem-quartet-i-quartet-atenea","status":"publish","type":"tribe_events","link":"https:\/\/poblenouurbandistrict.com\/ca\/agenda\/concert-jerusalem-quartet-i-quartet-atenea\/","title":{"rendered":"Concert: JERUSALEM QUARTET I QUARTET ATENEA"},"content":{"rendered":"<p><\/p>\n<div class=\"repertory item\">\n<div class=\"tit\">\n<h2>REPERTORI<\/h2>\n<\/div>\n<p><em>Quartet Atenea<\/em><\/p>\n<ul>\n<li style=\"list-style-type: none;\">\n<ul>Benet Casablancas: Quartet de corda n. 3 &#8220;Raging in the Dark&#8221; (2008-2009) 23&#8242;<\/ul>\n<\/li>\n<\/ul>\n<p><em>Jerusalem Quartet<\/em><\/p>\n<ul>\n<li style=\"list-style-type: none;\">\n<ul>W. A. Mozart: Quartet de corda n. 21 en Re, KV 575 &#8220;La violeta&#8221;<\/ul>\n<\/li>\n<\/ul>\n<ul>Anton\u00edn Dvor\u00e1k: Quartet de corda n. 12 en Fa #, op. 96 &#8220;Americ\u00e0&#8221;<\/ul>\n<\/div>\n<div class=\"artist item\">\n<div class=\"tit accent\">\n<h2>INT\u00c8RPRETS<\/h2>\n<\/div>\n<ul>\n<li style=\"list-style-type: none;\">\n<ul>Jerusalem Quartet<\/ul>\n<\/li>\n<\/ul>\n<ul>Quartet Atenea<\/ul>\n<\/div>\n<div class=\"item\">\n<div class=\"tit\">\n<h2>PROGRAMA<\/h2>\n<\/div>\n<div class=\"text-file\">\n<p>Anton\u00edn Dvor\u00e1k va crear el Quartet de corda n. 12, op. 96 durant una estada estiuenca a Lowa, als Estats Units, poc despr\u00e9s d\u2019haver compost la \u201cSimfonia del nou m\u00f3n\u201d. La influ\u00e8ncia de la m\u00fasica americana \u00e9s present a l\u2019obra a trav\u00e9s de diversos elements, com ara l\u2019\u00fas de l\u2019escala pentat\u00f2nica i els ritmes sincopats. En aquest quartet, Dvor\u00e1k aconsegueix equilibrar la creativitat mel\u00f2dica i la claredat estructural.<br \/>\nEl Quartet de corda n. 21, KV 575, dedicat al rei Frederic Guillem II de Pr\u00fassia, \u00e9s una obra distesa que Mozart va compondre ja en plena maduresa i que cont\u00e9 passatges de violoncel especialment virtuos\u00edstics.<br \/>\nAmb el Quartet de corda n. 3, Benet Casablancas explora la foscor i la nocturnitat, tal com tamb\u00e9 fa en obres com Darkness visible i Shade and Darkness. A partir d\u2019uns versos de W. B. Yeats, Casablancas crea un sol moviment amb tres parts clarament diferenciades: les dues seccions extremes, que evoquen tempestes nocturnes, s\u00f3n d\u2019una gran intensitat emocional i r\u00edtmica, mentre que la part central \u00e9s delicada i suggereix un clima de calma i rep\u00f2s.<\/p>\n<\/div>\n<\/div>\n<p><\/p>","protected":false},"excerpt":{"rendered":"<p>REPERTORI Quartet Atenea Benet Casablancas: Quartet de corda n. 3 &#8220;Raging in the Dark&#8221; (2008-2009) 23&#8242; Jerusalem Quartet W. A&#8230;. <a href=\"https:\/\/poblenouurbandistrict.com\/ca\/agenda\/concert-jerusalem-quartet-i-quartet-atenea\/\">M\u00e9s  \u2192<\/a><\/p>\n","protected":false},"author":5,"featured_media":33343,"template":"","meta":{"_acf_changed":false,"_tribe_events_status":"","_tribe_events_status_reason":"","_tribe_events_is_hybrid":"","_tribe_events_is_virtual":"","_tribe_events_virtual_video_source":"","_tribe_events_virtual_embed_video":"","_tribe_events_virtual_linked_button_text":"","_tribe_events_virtual_linked_button":"","_tribe_events_virtual_show_embed_at":"","_tribe_events_virtual_show_embed_to":[],"_tribe_events_virtual_show_on_event":"","_tribe_events_virtual_show_on_views":"","_tribe_events_virtual_url":"","footnotes":""},"tags":[],"tribe_events_cat":[],"class_list":["post-33342","tribe_events","type-tribe_events","status-publish","has-post-thumbnail","hentry"],"acf":[],"yoast_head":"<!-- This site is optimized with the Yoast SEO plugin v27.4 - https:\/\/yoast.com\/product\/yoast-seo-wordpress\/ -->\n<title>Concert: JERUSALEM QUARTET I QUARTET ATENEA &#8211; Poblenou Urban District<\/title>\n<meta name=\"robots\" content=\"index, follow, max-snippet:-1, max-image-preview:large, max-video-preview:-1\" \/>\n<link rel=\"canonical\" href=\"https:\/\/poblenouurbandistrict.com\/ca\/agenda\/concert-jerusalem-quartet-i-quartet-atenea\/\" \/>\n<meta property=\"og:locale\" content=\"ca_ES\" \/>\n<meta property=\"og:type\" content=\"article\" \/>\n<meta property=\"og:title\" content=\"Concert: JERUSALEM QUARTET I QUARTET ATENEA &#8211; Poblenou Urban District\" \/>\n<meta property=\"og:description\" content=\"REPERTORI Quartet Atenea Benet Casablancas: Quartet de corda n. 3 &#8220;Raging in the Dark&#8221; (2008-2009) 23&#8242; Jerusalem Quartet W. A.... M\u00e9s \u2192\" \/>\n<meta property=\"og:url\" content=\"https:\/\/poblenouurbandistrict.com\/ca\/agenda\/concert-jerusalem-quartet-i-quartet-atenea\/\" \/>\n<meta property=\"og:site_name\" content=\"Poblenou Urban District\" \/>\n<meta property=\"og:image\" content=\"https:\/\/poblenouurbandistrict.com\/wp-content\/uploads\/2022\/08\/diseno-sin-titulo-9.png\" \/>\n\t<meta property=\"og:image:width\" content=\"1080\" \/>\n\t<meta property=\"og:image:height\" content=\"1080\" \/>\n\t<meta property=\"og:image:type\" content=\"image\/png\" \/>\n<meta name=\"twitter:card\" content=\"summary_large_image\" \/>\n<meta name=\"twitter:label1\" content=\"Temps estimat de lectura\" \/>\n\t<meta name=\"twitter:data1\" content=\"2 minuts\" \/>\n<script type=\"application\/ld+json\" class=\"yoast-schema-graph\">{\"@context\":\"https:\\\/\\\/schema.org\",\"@graph\":[{\"@type\":\"WebPage\",\"@id\":\"https:\\\/\\\/poblenouurbandistrict.com\\\/ca\\\/agenda\\\/concert-jerusalem-quartet-i-quartet-atenea\\\/\",\"url\":\"https:\\\/\\\/poblenouurbandistrict.com\\\/ca\\\/agenda\\\/concert-jerusalem-quartet-i-quartet-atenea\\\/\",\"name\":\"Concert: JERUSALEM QUARTET I QUARTET ATENEA &#8211; Poblenou Urban District\",\"isPartOf\":{\"@id\":\"https:\\\/\\\/poblenouurbandistrict.com\\\/ca\\\/#website\"},\"primaryImageOfPage\":{\"@id\":\"https:\\\/\\\/poblenouurbandistrict.com\\\/ca\\\/agenda\\\/concert-jerusalem-quartet-i-quartet-atenea\\\/#primaryimage\"},\"image\":{\"@id\":\"https:\\\/\\\/poblenouurbandistrict.com\\\/agenda\\\/concert-jerusalem-quartet-i-quartet-atenea\\\/#primaryimage\"},\"thumbnailUrl\":\"https:\\\/\\\/poblenouurbandistrict.com\\\/wp-content\\\/uploads\\\/2022\\\/08\\\/diseno-sin-titulo-9.jpg\",\"datePublished\":\"2022-08-30T13:53:36+00:00\",\"breadcrumb\":{\"@id\":\"https:\\\/\\\/poblenouurbandistrict.com\\\/ca\\\/agenda\\\/concert-jerusalem-quartet-i-quartet-atenea\\\/#breadcrumb\"},\"inLanguage\":\"ca\",\"potentialAction\":[{\"@type\":\"ReadAction\",\"target\":[[\"https:\\\/\\\/poblenouurbandistrict.com\\\/ca\\\/agenda\\\/concert-jerusalem-quartet-i-quartet-atenea\\\/\"]]}]},{\"@type\":\"ImageObject\",\"inLanguage\":\"ca\",\"@id\":\"https:\\\/\\\/poblenouurbandistrict.com\\\/ca\\\/agenda\\\/concert-jerusalem-quartet-i-quartet-atenea\\\/#primaryimage\",\"url\":\"https:\\\/\\\/poblenouurbandistrict.com\\\/wp-content\\\/uploads\\\/2022\\\/08\\\/diseno-sin-titulo-9.jpg\",\"contentUrl\":\"https:\\\/\\\/poblenouurbandistrict.com\\\/wp-content\\\/uploads\\\/2022\\\/08\\\/diseno-sin-titulo-9.jpg\",\"width\":1080,\"height\":1080},{\"@type\":\"BreadcrumbList\",\"@id\":\"https:\\\/\\\/poblenouurbandistrict.com\\\/ca\\\/agenda\\\/concert-jerusalem-quartet-i-quartet-atenea\\\/#breadcrumb\",\"itemListElement\":[{\"@type\":\"ListItem\",\"position\":1,\"name\":\"Home\",\"item\":\"https:\\\/\\\/poblenouurbandistrict.com\\\/ca\\\/\"},{\"@type\":\"ListItem\",\"position\":2,\"name\":\"Esdeveniments\",\"item\":\"https:\\\/\\\/poblenouurbandistrict.com\\\/ca\\\/agenda\\\/\"},{\"@type\":\"ListItem\",\"position\":3,\"name\":\"Concert: JERUSALEM QUARTET I QUARTET ATENEA\"}]},{\"@type\":\"WebSite\",\"@id\":\"https:\\\/\\\/poblenouurbandistrict.com\\\/ca\\\/#website\",\"url\":\"https:\\\/\\\/poblenouurbandistrict.com\\\/ca\\\/\",\"name\":\"Poblenou Urban District\",\"description\":\"Comunitat Creativa\",\"potentialAction\":[{\"@type\":\"SearchAction\",\"target\":{\"@type\":\"EntryPoint\",\"urlTemplate\":\"https:\\\/\\\/poblenouurbandistrict.com\\\/ca\\\/?s={search_term_string}\"},\"query-input\":{\"@type\":\"PropertyValueSpecification\",\"valueRequired\":true,\"valueName\":\"search_term_string\"}}],\"inLanguage\":\"ca\"}]}<\/script>\n<!-- \/ Yoast SEO plugin. -->","yoast_head_json":{"title":"Concert: JERUSALEM QUARTET I QUARTET ATENEA &#8211; Poblenou Urban District","robots":{"index":"index","follow":"follow","max-snippet":"max-snippet:-1","max-image-preview":"max-image-preview:large","max-video-preview":"max-video-preview:-1"},"canonical":"https:\/\/poblenouurbandistrict.com\/ca\/agenda\/concert-jerusalem-quartet-i-quartet-atenea\/","og_locale":"ca_ES","og_type":"article","og_title":"Concert: JERUSALEM QUARTET I QUARTET ATENEA &#8211; Poblenou Urban District","og_description":"REPERTORI Quartet Atenea Benet Casablancas: Quartet de corda n. 3 &#8220;Raging in the Dark&#8221; (2008-2009) 23&#8242; Jerusalem Quartet W. A.... M\u00e9s \u2192","og_url":"https:\/\/poblenouurbandistrict.com\/ca\/agenda\/concert-jerusalem-quartet-i-quartet-atenea\/","og_site_name":"Poblenou Urban District","og_image":[{"width":1080,"height":1080,"url":"https:\/\/poblenouurbandistrict.com\/wp-content\/uploads\/2022\/08\/diseno-sin-titulo-9.png","type":"image\/png"}],"twitter_card":"summary_large_image","twitter_misc":{"Temps estimat de lectura":"2 minuts"},"schema":{"@context":"https:\/\/schema.org","@graph":[{"@type":"WebPage","@id":"https:\/\/poblenouurbandistrict.com\/ca\/agenda\/concert-jerusalem-quartet-i-quartet-atenea\/","url":"https:\/\/poblenouurbandistrict.com\/ca\/agenda\/concert-jerusalem-quartet-i-quartet-atenea\/","name":"Concert: JERUSALEM QUARTET I QUARTET ATENEA &#8211; Poblenou Urban District","isPartOf":{"@id":"https:\/\/poblenouurbandistrict.com\/ca\/#website"},"primaryImageOfPage":{"@id":"https:\/\/poblenouurbandistrict.com\/ca\/agenda\/concert-jerusalem-quartet-i-quartet-atenea\/#primaryimage"},"image":{"@id":"https:\/\/poblenouurbandistrict.com\/agenda\/concert-jerusalem-quartet-i-quartet-atenea\/#primaryimage"},"thumbnailUrl":"https:\/\/poblenouurbandistrict.com\/wp-content\/uploads\/2022\/08\/diseno-sin-titulo-9.jpg","datePublished":"2022-08-30T13:53:36+00:00","breadcrumb":{"@id":"https:\/\/poblenouurbandistrict.com\/ca\/agenda\/concert-jerusalem-quartet-i-quartet-atenea\/#breadcrumb"},"inLanguage":"ca","potentialAction":[{"@type":"ReadAction","target":[["https:\/\/poblenouurbandistrict.com\/ca\/agenda\/concert-jerusalem-quartet-i-quartet-atenea\/"]]}]},{"@type":"ImageObject","inLanguage":"ca","@id":"https:\/\/poblenouurbandistrict.com\/ca\/agenda\/concert-jerusalem-quartet-i-quartet-atenea\/#primaryimage","url":"https:\/\/poblenouurbandistrict.com\/wp-content\/uploads\/2022\/08\/diseno-sin-titulo-9.jpg","contentUrl":"https:\/\/poblenouurbandistrict.com\/wp-content\/uploads\/2022\/08\/diseno-sin-titulo-9.jpg","width":1080,"height":1080},{"@type":"BreadcrumbList","@id":"https:\/\/poblenouurbandistrict.com\/ca\/agenda\/concert-jerusalem-quartet-i-quartet-atenea\/#breadcrumb","itemListElement":[{"@type":"ListItem","position":1,"name":"Home","item":"https:\/\/poblenouurbandistrict.com\/ca\/"},{"@type":"ListItem","position":2,"name":"Esdeveniments","item":"https:\/\/poblenouurbandistrict.com\/ca\/agenda\/"},{"@type":"ListItem","position":3,"name":"Concert: JERUSALEM QUARTET I QUARTET ATENEA"}]},{"@type":"WebSite","@id":"https:\/\/poblenouurbandistrict.com\/ca\/#website","url":"https:\/\/poblenouurbandistrict.com\/ca\/","name":"Poblenou Urban District","description":"Comunitat Creativa","potentialAction":[{"@type":"SearchAction","target":{"@type":"EntryPoint","urlTemplate":"https:\/\/poblenouurbandistrict.com\/ca\/?s={search_term_string}"},"query-input":{"@type":"PropertyValueSpecification","valueRequired":true,"valueName":"search_term_string"}}],"inLanguage":"ca"}]}},"_links":{"self":[{"href":"https:\/\/poblenouurbandistrict.com\/ca\/wp-json\/wp\/v2\/tribe_events\/33342","targetHints":{"allow":["GET"]}}],"collection":[{"href":"https:\/\/poblenouurbandistrict.com\/ca\/wp-json\/wp\/v2\/tribe_events"}],"about":[{"href":"https:\/\/poblenouurbandistrict.com\/ca\/wp-json\/wp\/v2\/types\/tribe_events"}],"author":[{"embeddable":true,"href":"https:\/\/poblenouurbandistrict.com\/ca\/wp-json\/wp\/v2\/users\/5"}],"version-history":[{"count":1,"href":"https:\/\/poblenouurbandistrict.com\/ca\/wp-json\/wp\/v2\/tribe_events\/33342\/revisions"}],"predecessor-version":[{"id":33344,"href":"https:\/\/poblenouurbandistrict.com\/ca\/wp-json\/wp\/v2\/tribe_events\/33342\/revisions\/33344"}],"wp:featuredmedia":[{"embeddable":true,"href":"https:\/\/poblenouurbandistrict.com\/ca\/wp-json\/wp\/v2\/media\/33343"}],"wp:attachment":[{"href":"https:\/\/poblenouurbandistrict.com\/ca\/wp-json\/wp\/v2\/media?parent=33342"}],"wp:term":[{"taxonomy":"post_tag","embeddable":true,"href":"https:\/\/poblenouurbandistrict.com\/ca\/wp-json\/wp\/v2\/tags?post=33342"},{"taxonomy":"tribe_events_cat","embeddable":true,"href":"https:\/\/poblenouurbandistrict.com\/ca\/wp-json\/wp\/v2\/tribe_events_cat?post=33342"}],"curies":[{"name":"wp","href":"https:\/\/api.w.org\/{rel}","templated":true}]}}

<p></p>
<div class="repertory item">
<div class="tit">
<h2>REPERTORI</h2>
</div>
<p><em>Quartet Atenea</em></p>
<ul>
<li style="list-style-type: none;">
<ul>Benet Casablancas: Quartet de corda n. 3 &#8220;Raging in the Dark&#8221; (2008-2009) 23&#8242;</ul>
</li>
</ul>
<p><em>Jerusalem Quartet</em></p>
<ul>
<li style="list-style-type: none;">
<ul>W. A. Mozart: Quartet de corda n. 21 en Re, KV 575 &#8220;La violeta&#8221;</ul>
</li>
</ul>
<ul>Antonín Dvorák: Quartet de corda n. 12 en Fa #, op. 96 &#8220;Americà&#8221;</ul>
</div>
<div class="artist item">
<div class="tit accent">
<h2>INTÈRPRETS</h2>
</div>
<ul>
<li style="list-style-type: none;">
<ul>Jerusalem Quartet</ul>
</li>
</ul>
<ul>Quartet Atenea</ul>
</div>
<div class="item">
<div class="tit">
<h2>PROGRAMA</h2>
</div>
<div class="text-file">
<p>Antonín Dvorák va crear el Quartet de corda n. 12, op. 96 durant una estada estiuenca a Lowa, als Estats Units, poc després d’haver compost la “Simfonia del nou món”. La influència de la música americana és present a l’obra a través de diversos elements, com ara l’ús de l’escala pentatònica i els ritmes sincopats. En aquest quartet, Dvorák aconsegueix equilibrar la creativitat melòdica i la claredat estructural.<br />
El Quartet de corda n. 21, KV 575, dedicat al rei Frederic Guillem II de Prússia, és una obra distesa que Mozart va compondre ja en plena maduresa i que conté passatges de violoncel especialment virtuosístics.<br />
Amb el Quartet de corda n. 3, Benet Casablancas explora la foscor i la nocturnitat, tal com també fa en obres com Darkness visible i Shade and Darkness. A partir d’uns versos de W. B. Yeats, Casablancas crea un sol moviment amb tres parts clarament diferenciades: les dues seccions extremes, que evoquen tempestes nocturnes, són d’una gran intensitat emocional i rítmica, mentre que la part central és delicada i suggereix un clima de calma i repòs.</p>
</div>
</div>
<p></p>

<p>REPERTORI Quartet Atenea Benet Casablancas: Quartet de corda n. 3 &#8220;Raging in the Dark&#8221; (2008-2009) 23&#8242; Jerusalem Quartet W. A&#8230;. <a href="https://poblenouurbandistrict.com/ca/agenda/concert-jerusalem-quartet-i-quartet-atenea/">Més  →</a></p>

<!-- This site is optimized with the Yoast SEO plugin v27.4 - https://yoast.com/product/yoast-seo-wordpress/ -->
<title>Concert: JERUSALEM QUARTET I QUARTET ATENEA &#8211; Poblenou Urban District</title>
<meta name="robots" content="index, follow, max-snippet:-1, max-image-preview:large, max-video-preview:-1" />
<link rel="canonical" href="https://poblenouurbandistrict.com/ca/agenda/concert-jerusalem-quartet-i-quartet-atenea/" />
<meta property="og:locale" content="ca_ES" />
<meta property="og:type" content="article" />
<meta property="og:title" content="Concert: JERUSALEM QUARTET I QUARTET ATENEA &#8211; Poblenou Urban District" />
<meta property="og:description" content="REPERTORI Quartet Atenea Benet Casablancas: Quartet de corda n. 3 &#8220;Raging in the Dark&#8221; (2008-2009) 23&#8242; Jerusalem Quartet W. A.... Més →" />
<meta property="og:url" content="https://poblenouurbandistrict.com/ca/agenda/concert-jerusalem-quartet-i-quartet-atenea/" />
<meta property="og:site_name" content="Poblenou Urban District" />
<meta property="og:image" content="https://poblenouurbandistrict.com/wp-content/uploads/2022/08/diseno-sin-titulo-9.png" />
	<meta property="og:image:width" content="1080" />
	<meta property="og:image:height" content="1080" />
	<meta property="og:image:type" content="image/png" />
<meta name="twitter:card" content="summary_large_image" />
<meta name="twitter:label1" content="Temps estimat de lectura" />
	<meta name="twitter:data1" content="2 minuts" />
<script type="application/ld+json" class="yoast-schema-graph">{"@context":"https:\/\/schema.org","@graph":[{"@type":"WebPage","@id":"https:\/\/poblenouurbandistrict.com\/ca\/agenda\/concert-jerusalem-quartet-i-quartet-atenea\/","url":"https:\/\/poblenouurbandistrict.com\/ca\/agenda\/concert-jerusalem-quartet-i-quartet-atenea\/","name":"Concert: JERUSALEM QUARTET I QUARTET ATENEA &#8211; Poblenou Urban District","isPartOf":{"@id":"https:\/\/poblenouurbandistrict.com\/ca\/#website"},"primaryImageOfPage":{"@id":"https:\/\/poblenouurbandistrict.com\/ca\/agenda\/concert-jerusalem-quartet-i-quartet-atenea\/#primaryimage"},"image":{"@id":"https:\/\/poblenouurbandistrict.com\/agenda\/concert-jerusalem-quartet-i-quartet-atenea\/#primaryimage"},"thumbnailUrl":"https:\/\/poblenouurbandistrict.com\/wp-content\/uploads\/2022\/08\/diseno-sin-titulo-9.jpg","datePublished":"2022-08-30T13:53:36+00:00","breadcrumb":{"@id":"https:\/\/poblenouurbandistrict.com\/ca\/agenda\/concert-jerusalem-quartet-i-quartet-atenea\/#breadcrumb"},"inLanguage":"ca","potentialAction":[{"@type":"ReadAction","target":[["https:\/\/poblenouurbandistrict.com\/ca\/agenda\/concert-jerusalem-quartet-i-quartet-atenea\/"]]}]},{"@type":"ImageObject","inLanguage":"ca","@id":"https:\/\/poblenouurbandistrict.com\/ca\/agenda\/concert-jerusalem-quartet-i-quartet-atenea\/#primaryimage","url":"https:\/\/poblenouurbandistrict.com\/wp-content\/uploads\/2022\/08\/diseno-sin-titulo-9.jpg","contentUrl":"https:\/\/poblenouurbandistrict.com\/wp-content\/uploads\/2022\/08\/diseno-sin-titulo-9.jpg","width":1080,"height":1080},{"@type":"BreadcrumbList","@id":"https:\/\/poblenouurbandistrict.com\/ca\/agenda\/concert-jerusalem-quartet-i-quartet-atenea\/#breadcrumb","itemListElement":[{"@type":"ListItem","position":1,"name":"Home","item":"https:\/\/poblenouurbandistrict.com\/ca\/"},{"@type":"ListItem","position":2,"name":"Esdeveniments","item":"https:\/\/poblenouurbandistrict.com\/ca\/agenda\/"},{"@type":"ListItem","position":3,"name":"Concert: JERUSALEM QUARTET I QUARTET ATENEA"}]},{"@type":"WebSite","@id":"https:\/\/poblenouurbandistrict.com\/ca\/#website","url":"https:\/\/poblenouurbandistrict.com\/ca\/","name":"Poblenou Urban District","description":"Comunitat Creativa","potentialAction":[{"@type":"SearchAction","target":{"@type":"EntryPoint","urlTemplate":"https:\/\/poblenouurbandistrict.com\/ca\/?s={search_term_string}"},"query-input":{"@type":"PropertyValueSpecification","valueRequired":true,"valueName":"search_term_string"}}],"inLanguage":"ca"}]}</script>
<!-- / Yoast SEO plugin. -->

REPERTORI Quartet Atenea Benet Casablancas: Quartet de corda n. 3 &#8220;Raging in the Dark&#8221; (2008-2009) 23&#8242; Jerusalem Quartet W. A.... Més →
