{"id":33374,"date":"2022-08-31T17:51:12","date_gmt":"2022-08-31T15:51:12","guid":{"rendered":"https:\/\/poblenouurbandistrict.com\/?post_type=tribe_events&#038;p=33374"},"modified":"2022-08-31T17:51:12","modified_gmt":"2022-08-31T15:51:12","slug":"art-photo-bcn","status":"publish","type":"tribe_events","link":"https:\/\/poblenouurbandistrict.com\/ca\/agenda\/art-photo-bcn\/","title":{"rendered":"Art Photo Bcn"},"content":{"rendered":"<p><a href=\"https:\/\/artphotobcn.com\/\" target=\"_blank\" rel=\"noopener\">Art Photo Bcn<\/a>\u00a0arriba a la novena edici\u00f3 de la m\u00e0 d\u2019A-FAD, estrenant seu al Disseny Hub Barcelona. Del 8 al 11 de setembre a l\u2019edifici que \u00e9s el punt de refer\u00e8ncia per a la posada en valor i la projecci\u00f3 de les ind\u00fastries culturals, a m\u00e9s de ser la seu de l\u2019associaci\u00f3.<\/p>\n<p>L\u2019esdeveniment estrenar\u00e0 un nou concepte de fira amb la participaci\u00f3 de 18 expositors presentant un\u00a0<em>solo project<\/em>, comissariat per Vicen\u00e7 Boned. Destaca la participaci\u00f3 de la Galeria Carles Tach\u00e9, per\u00f2 tamb\u00e9 d\u2019altres galeries de l\u2019\u00e0mbit local, nacional i internacional, cadascuna aportant noves mirades al sector creatiu.<\/p>\n<p>El Disseny Hub acollir\u00e0 tamb\u00e9 el Photobook Market, presentant editorials i autors que fan del fotollibre el seu mitj\u00e0 protagonista. Entre els participants, destaquem la implicaci\u00f3 d\u2019<a href=\"https:\/\/evablanestaller.com\/es\/\" target=\"_blank\" rel=\"noopener\">Eva Blanes<\/a>, s\u00f2cia d\u2019A-FAD, que presentar\u00e0 la seva dimensi\u00f3 creativa relacionada amb el m\u00f3n de l\u2019editorial i l\u2019autoedici\u00f3.<\/p>\n<p>L\u2019espai F no nom\u00e9s ser\u00e0 el punt de trobada de galeries i editorials, sin\u00f3 que els professionals del sector podran intercanviar idees, fer\u00a0<em>networking<\/em>\u00a0i impulsar les seves propostes a trav\u00e9s de les presentacions de treballs en un ambient\u00a0<em>work in progress<\/em>, tallers impartits per professionals del sector i visionats on nous fot\u00f2grafs i fot\u00f2grafes compartiran els seus projectes, a m\u00e9s a m\u00e9s d\u2019optar als diversos premis. Fora del Disseny Hub Barcelona, \u200b\u200bel festival s\u2019expandeix a trav\u00e9s de les seus associades de la Xarxa de Centres C\u00edvics de Barcelona, \u200b\u200bfent visible la fotografia a tota la ciutat.<\/p>","protected":false},"excerpt":{"rendered":"<p>Art Photo Bcn\u00a0arriba a la novena edici\u00f3 de la m\u00e0 d\u2019A-FAD, estrenant seu al Disseny Hub Barcelona. Del 8 al&#8230; <a href=\"https:\/\/poblenouurbandistrict.com\/ca\/agenda\/art-photo-bcn\/\">M\u00e9s  \u2192<\/a><\/p>\n","protected":false},"author":5,"featured_media":33375,"template":"","meta":{"_acf_changed":false,"_tribe_events_status":"","_tribe_events_status_reason":"","_tribe_events_is_hybrid":"","_tribe_events_is_virtual":"","_tribe_events_virtual_video_source":"","_tribe_events_virtual_embed_video":"","_tribe_events_virtual_linked_button_text":"","_tribe_events_virtual_linked_button":"","_tribe_events_virtual_show_embed_at":"","_tribe_events_virtual_show_embed_to":[],"_tribe_events_virtual_show_on_event":"","_tribe_events_virtual_show_on_views":"","_tribe_events_virtual_url":"","footnotes":""},"tags":[],"tribe_events_cat":[3564,3553],"class_list":["post-33374","tribe_events","type-tribe_events","status-publish","has-post-thumbnail","hentry","tribe_events_cat-art","tribe_events_cat-exposicion","cat_art","cat_exposicion"],"acf":[],"yoast_head":"<!-- This site is optimized with the Yoast SEO plugin v27.5 - https:\/\/yoast.com\/product\/yoast-seo-wordpress\/ -->\n<title>Art Photo Bcn &#8211; Poblenou Urban District<\/title>\n<meta name=\"robots\" content=\"index, follow, max-snippet:-1, max-image-preview:large, max-video-preview:-1\" \/>\n<link rel=\"canonical\" href=\"https:\/\/poblenouurbandistrict.com\/ca\/agenda\/art-photo-bcn\/\" \/>\n<meta property=\"og:locale\" content=\"ca_ES\" \/>\n<meta property=\"og:type\" content=\"article\" \/>\n<meta property=\"og:title\" content=\"Art Photo Bcn &#8211; Poblenou Urban District\" \/>\n<meta property=\"og:description\" content=\"Art Photo Bcn\u00a0arriba a la novena edici\u00f3 de la m\u00e0 d\u2019A-FAD, estrenant seu al Disseny Hub Barcelona. Del 8 al... M\u00e9s \u2192\" \/>\n<meta property=\"og:url\" content=\"https:\/\/poblenouurbandistrict.com\/ca\/agenda\/art-photo-bcn\/\" \/>\n<meta property=\"og:site_name\" content=\"Poblenou Urban District\" \/>\n<meta property=\"og:image\" content=\"https:\/\/poblenouurbandistrict.com\/wp-content\/uploads\/2022\/08\/cartel-oficial-artphotobcn-rrss-2-1-1024x1024-1.jpeg\" \/>\n\t<meta property=\"og:image:width\" content=\"1024\" \/>\n\t<meta property=\"og:image:height\" content=\"1024\" \/>\n\t<meta property=\"og:image:type\" content=\"image\/jpeg\" \/>\n<meta name=\"twitter:card\" content=\"summary_large_image\" \/>\n<meta name=\"twitter:label1\" content=\"Temps estimat de lectura\" \/>\n\t<meta name=\"twitter:data1\" content=\"2 minuts\" \/>\n<script type=\"application\/ld+json\" class=\"yoast-schema-graph\">{\"@context\":\"https:\\\/\\\/schema.org\",\"@graph\":[{\"@type\":\"WebPage\",\"@id\":\"https:\\\/\\\/poblenouurbandistrict.com\\\/ca\\\/agenda\\\/art-photo-bcn\\\/\",\"url\":\"https:\\\/\\\/poblenouurbandistrict.com\\\/ca\\\/agenda\\\/art-photo-bcn\\\/\",\"name\":\"Art Photo Bcn &#8211; Poblenou Urban District\",\"isPartOf\":{\"@id\":\"https:\\\/\\\/poblenouurbandistrict.com\\\/ca\\\/#website\"},\"primaryImageOfPage\":{\"@id\":\"https:\\\/\\\/poblenouurbandistrict.com\\\/ca\\\/agenda\\\/art-photo-bcn\\\/#primaryimage\"},\"image\":{\"@id\":\"https:\\\/\\\/poblenouurbandistrict.com\\\/agenda\\\/art-photo-bcn\\\/#primaryimage\"},\"thumbnailUrl\":\"https:\\\/\\\/media.poblenouurbandistrict.com\\\/2022\\\/08\\\/25053828\\\/cartel-oficial-artphotobcn-rrss-2-1-1024x1024-1.jpeg\",\"datePublished\":\"2022-08-31T15:51:12+00:00\",\"breadcrumb\":{\"@id\":\"https:\\\/\\\/poblenouurbandistrict.com\\\/ca\\\/agenda\\\/art-photo-bcn\\\/#breadcrumb\"},\"inLanguage\":\"ca\",\"potentialAction\":[{\"@type\":\"ReadAction\",\"target\":[[\"https:\\\/\\\/poblenouurbandistrict.com\\\/ca\\\/agenda\\\/art-photo-bcn\\\/\"]]}]},{\"@type\":\"ImageObject\",\"inLanguage\":\"ca\",\"@id\":\"https:\\\/\\\/poblenouurbandistrict.com\\\/ca\\\/agenda\\\/art-photo-bcn\\\/#primaryimage\",\"url\":\"https:\\\/\\\/media.poblenouurbandistrict.com\\\/2022\\\/08\\\/25053828\\\/cartel-oficial-artphotobcn-rrss-2-1-1024x1024-1.jpeg\",\"contentUrl\":\"https:\\\/\\\/media.poblenouurbandistrict.com\\\/2022\\\/08\\\/25053828\\\/cartel-oficial-artphotobcn-rrss-2-1-1024x1024-1.jpeg\",\"width\":1024,\"height\":1024},{\"@type\":\"BreadcrumbList\",\"@id\":\"https:\\\/\\\/poblenouurbandistrict.com\\\/ca\\\/agenda\\\/art-photo-bcn\\\/#breadcrumb\",\"itemListElement\":[{\"@type\":\"ListItem\",\"position\":1,\"name\":\"Home\",\"item\":\"https:\\\/\\\/poblenouurbandistrict.com\\\/ca\\\/\"},{\"@type\":\"ListItem\",\"position\":2,\"name\":\"Esdeveniments\",\"item\":\"https:\\\/\\\/poblenouurbandistrict.com\\\/ca\\\/agenda\\\/\"},{\"@type\":\"ListItem\",\"position\":3,\"name\":\"Art Photo Bcn\"}]},{\"@type\":\"WebSite\",\"@id\":\"https:\\\/\\\/poblenouurbandistrict.com\\\/ca\\\/#website\",\"url\":\"https:\\\/\\\/poblenouurbandistrict.com\\\/ca\\\/\",\"name\":\"Poblenou Urban District\",\"description\":\"Comunitat Creativa\",\"potentialAction\":[{\"@type\":\"SearchAction\",\"target\":{\"@type\":\"EntryPoint\",\"urlTemplate\":\"https:\\\/\\\/poblenouurbandistrict.com\\\/ca\\\/?s={search_term_string}\"},\"query-input\":{\"@type\":\"PropertyValueSpecification\",\"valueRequired\":true,\"valueName\":\"search_term_string\"}}],\"inLanguage\":\"ca\"}]}<\/script>\n<!-- \/ Yoast SEO plugin. -->","yoast_head_json":{"title":"Art Photo Bcn &#8211; Poblenou Urban District","robots":{"index":"index","follow":"follow","max-snippet":"max-snippet:-1","max-image-preview":"max-image-preview:large","max-video-preview":"max-video-preview:-1"},"canonical":"https:\/\/poblenouurbandistrict.com\/ca\/agenda\/art-photo-bcn\/","og_locale":"ca_ES","og_type":"article","og_title":"Art Photo Bcn &#8211; Poblenou Urban District","og_description":"Art Photo Bcn\u00a0arriba a la novena edici\u00f3 de la m\u00e0 d\u2019A-FAD, estrenant seu al Disseny Hub Barcelona. Del 8 al... M\u00e9s \u2192","og_url":"https:\/\/poblenouurbandistrict.com\/ca\/agenda\/art-photo-bcn\/","og_site_name":"Poblenou Urban District","og_image":[{"width":1024,"height":1024,"url":"https:\/\/poblenouurbandistrict.com\/wp-content\/uploads\/2022\/08\/cartel-oficial-artphotobcn-rrss-2-1-1024x1024-1.jpeg","type":"image\/jpeg"}],"twitter_card":"summary_large_image","twitter_misc":{"Temps estimat de lectura":"2 minuts"},"schema":{"@context":"https:\/\/schema.org","@graph":[{"@type":"WebPage","@id":"https:\/\/poblenouurbandistrict.com\/ca\/agenda\/art-photo-bcn\/","url":"https:\/\/poblenouurbandistrict.com\/ca\/agenda\/art-photo-bcn\/","name":"Art Photo Bcn &#8211; Poblenou Urban District","isPartOf":{"@id":"https:\/\/poblenouurbandistrict.com\/ca\/#website"},"primaryImageOfPage":{"@id":"https:\/\/poblenouurbandistrict.com\/ca\/agenda\/art-photo-bcn\/#primaryimage"},"image":{"@id":"https:\/\/poblenouurbandistrict.com\/agenda\/art-photo-bcn\/#primaryimage"},"thumbnailUrl":"https:\/\/media.poblenouurbandistrict.com\/2022\/08\/25053828\/cartel-oficial-artphotobcn-rrss-2-1-1024x1024-1.jpeg","datePublished":"2022-08-31T15:51:12+00:00","breadcrumb":{"@id":"https:\/\/poblenouurbandistrict.com\/ca\/agenda\/art-photo-bcn\/#breadcrumb"},"inLanguage":"ca","potentialAction":[{"@type":"ReadAction","target":[["https:\/\/poblenouurbandistrict.com\/ca\/agenda\/art-photo-bcn\/"]]}]},{"@type":"ImageObject","inLanguage":"ca","@id":"https:\/\/poblenouurbandistrict.com\/ca\/agenda\/art-photo-bcn\/#primaryimage","url":"https:\/\/media.poblenouurbandistrict.com\/2022\/08\/25053828\/cartel-oficial-artphotobcn-rrss-2-1-1024x1024-1.jpeg","contentUrl":"https:\/\/media.poblenouurbandistrict.com\/2022\/08\/25053828\/cartel-oficial-artphotobcn-rrss-2-1-1024x1024-1.jpeg","width":1024,"height":1024},{"@type":"BreadcrumbList","@id":"https:\/\/poblenouurbandistrict.com\/ca\/agenda\/art-photo-bcn\/#breadcrumb","itemListElement":[{"@type":"ListItem","position":1,"name":"Home","item":"https:\/\/poblenouurbandistrict.com\/ca\/"},{"@type":"ListItem","position":2,"name":"Esdeveniments","item":"https:\/\/poblenouurbandistrict.com\/ca\/agenda\/"},{"@type":"ListItem","position":3,"name":"Art Photo Bcn"}]},{"@type":"WebSite","@id":"https:\/\/poblenouurbandistrict.com\/ca\/#website","url":"https:\/\/poblenouurbandistrict.com\/ca\/","name":"Poblenou Urban District","description":"Comunitat Creativa","potentialAction":[{"@type":"SearchAction","target":{"@type":"EntryPoint","urlTemplate":"https:\/\/poblenouurbandistrict.com\/ca\/?s={search_term_string}"},"query-input":{"@type":"PropertyValueSpecification","valueRequired":true,"valueName":"search_term_string"}}],"inLanguage":"ca"}]}},"_links":{"self":[{"href":"https:\/\/poblenouurbandistrict.com\/ca\/wp-json\/wp\/v2\/tribe_events\/33374","targetHints":{"allow":["GET"]}}],"collection":[{"href":"https:\/\/poblenouurbandistrict.com\/ca\/wp-json\/wp\/v2\/tribe_events"}],"about":[{"href":"https:\/\/poblenouurbandistrict.com\/ca\/wp-json\/wp\/v2\/types\/tribe_events"}],"author":[{"embeddable":true,"href":"https:\/\/poblenouurbandistrict.com\/ca\/wp-json\/wp\/v2\/users\/5"}],"version-history":[{"count":1,"href":"https:\/\/poblenouurbandistrict.com\/ca\/wp-json\/wp\/v2\/tribe_events\/33374\/revisions"}],"predecessor-version":[{"id":33376,"href":"https:\/\/poblenouurbandistrict.com\/ca\/wp-json\/wp\/v2\/tribe_events\/33374\/revisions\/33376"}],"wp:featuredmedia":[{"embeddable":true,"href":"https:\/\/poblenouurbandistrict.com\/ca\/wp-json\/wp\/v2\/media\/33375"}],"wp:attachment":[{"href":"https:\/\/poblenouurbandistrict.com\/ca\/wp-json\/wp\/v2\/media?parent=33374"}],"wp:term":[{"taxonomy":"post_tag","embeddable":true,"href":"https:\/\/poblenouurbandistrict.com\/ca\/wp-json\/wp\/v2\/tags?post=33374"},{"taxonomy":"tribe_events_cat","embeddable":true,"href":"https:\/\/poblenouurbandistrict.com\/ca\/wp-json\/wp\/v2\/tribe_events_cat?post=33374"}],"curies":[{"name":"wp","href":"https:\/\/api.w.org\/{rel}","templated":true}]}}

<p><a href="https://artphotobcn.com/" target="_blank" rel="noopener">Art Photo Bcn</a> arriba a la novena edició de la mà d’A-FAD, estrenant seu al Disseny Hub Barcelona. Del 8 al 11 de setembre a l’edifici que és el punt de referència per a la posada en valor i la projecció de les indústries culturals, a més de ser la seu de l’associació.</p>
<p>L’esdeveniment estrenarà un nou concepte de fira amb la participació de 18 expositors presentant un <em>solo project</em>, comissariat per Vicenç Boned. Destaca la participació de la Galeria Carles Taché, però també d’altres galeries de l’àmbit local, nacional i internacional, cadascuna aportant noves mirades al sector creatiu.</p>
<p>El Disseny Hub acollirà també el Photobook Market, presentant editorials i autors que fan del fotollibre el seu mitjà protagonista. Entre els participants, destaquem la implicació d’<a href="https://evablanestaller.com/es/" target="_blank" rel="noopener">Eva Blanes</a>, sòcia d’A-FAD, que presentarà la seva dimensió creativa relacionada amb el món de l’editorial i l’autoedició.</p>
<p>L’espai F no només serà el punt de trobada de galeries i editorials, sinó que els professionals del sector podran intercanviar idees, fer <em>networking</em> i impulsar les seves propostes a través de les presentacions de treballs en un ambient <em>work in progress</em>, tallers impartits per professionals del sector i visionats on nous fotògrafs i fotògrafes compartiran els seus projectes, a més a més d’optar als diversos premis. Fora del Disseny Hub Barcelona, ​​el festival s’expandeix a través de les seus associades de la Xarxa de Centres Cívics de Barcelona, ​​fent visible la fotografia a tota la ciutat.</p>

<p>Art Photo Bcn arriba a la novena edició de la mà d’A-FAD, estrenant seu al Disseny Hub Barcelona. Del 8 al&#8230; <a href="https://poblenouurbandistrict.com/ca/agenda/art-photo-bcn/">Més  →</a></p>

<!-- This site is optimized with the Yoast SEO plugin v27.5 - https://yoast.com/product/yoast-seo-wordpress/ -->
<title>Art Photo Bcn &#8211; Poblenou Urban District</title>
<meta name="robots" content="index, follow, max-snippet:-1, max-image-preview:large, max-video-preview:-1" />
<link rel="canonical" href="https://poblenouurbandistrict.com/ca/agenda/art-photo-bcn/" />
<meta property="og:locale" content="ca_ES" />
<meta property="og:type" content="article" />
<meta property="og:title" content="Art Photo Bcn &#8211; Poblenou Urban District" />
<meta property="og:description" content="Art Photo Bcn arriba a la novena edició de la mà d’A-FAD, estrenant seu al Disseny Hub Barcelona. Del 8 al... Més →" />
<meta property="og:url" content="https://poblenouurbandistrict.com/ca/agenda/art-photo-bcn/" />
<meta property="og:site_name" content="Poblenou Urban District" />
<meta property="og:image" content="https://poblenouurbandistrict.com/wp-content/uploads/2022/08/cartel-oficial-artphotobcn-rrss-2-1-1024x1024-1.jpeg" />
	<meta property="og:image:width" content="1024" />
	<meta property="og:image:height" content="1024" />
	<meta property="og:image:type" content="image/jpeg" />
<meta name="twitter:card" content="summary_large_image" />
<meta name="twitter:label1" content="Temps estimat de lectura" />
	<meta name="twitter:data1" content="2 minuts" />
<script type="application/ld+json" class="yoast-schema-graph">{"@context":"https:\/\/schema.org","@graph":[{"@type":"WebPage","@id":"https:\/\/poblenouurbandistrict.com\/ca\/agenda\/art-photo-bcn\/","url":"https:\/\/poblenouurbandistrict.com\/ca\/agenda\/art-photo-bcn\/","name":"Art Photo Bcn &#8211; Poblenou Urban District","isPartOf":{"@id":"https:\/\/poblenouurbandistrict.com\/ca\/#website"},"primaryImageOfPage":{"@id":"https:\/\/poblenouurbandistrict.com\/ca\/agenda\/art-photo-bcn\/#primaryimage"},"image":{"@id":"https:\/\/poblenouurbandistrict.com\/agenda\/art-photo-bcn\/#primaryimage"},"thumbnailUrl":"https:\/\/media.poblenouurbandistrict.com\/2022\/08\/25053828\/cartel-oficial-artphotobcn-rrss-2-1-1024x1024-1.jpeg","datePublished":"2022-08-31T15:51:12+00:00","breadcrumb":{"@id":"https:\/\/poblenouurbandistrict.com\/ca\/agenda\/art-photo-bcn\/#breadcrumb"},"inLanguage":"ca","potentialAction":[{"@type":"ReadAction","target":[["https:\/\/poblenouurbandistrict.com\/ca\/agenda\/art-photo-bcn\/"]]}]},{"@type":"ImageObject","inLanguage":"ca","@id":"https:\/\/poblenouurbandistrict.com\/ca\/agenda\/art-photo-bcn\/#primaryimage","url":"https:\/\/media.poblenouurbandistrict.com\/2022\/08\/25053828\/cartel-oficial-artphotobcn-rrss-2-1-1024x1024-1.jpeg","contentUrl":"https:\/\/media.poblenouurbandistrict.com\/2022\/08\/25053828\/cartel-oficial-artphotobcn-rrss-2-1-1024x1024-1.jpeg","width":1024,"height":1024},{"@type":"BreadcrumbList","@id":"https:\/\/poblenouurbandistrict.com\/ca\/agenda\/art-photo-bcn\/#breadcrumb","itemListElement":[{"@type":"ListItem","position":1,"name":"Home","item":"https:\/\/poblenouurbandistrict.com\/ca\/"},{"@type":"ListItem","position":2,"name":"Esdeveniments","item":"https:\/\/poblenouurbandistrict.com\/ca\/agenda\/"},{"@type":"ListItem","position":3,"name":"Art Photo Bcn"}]},{"@type":"WebSite","@id":"https:\/\/poblenouurbandistrict.com\/ca\/#website","url":"https:\/\/poblenouurbandistrict.com\/ca\/","name":"Poblenou Urban District","description":"Comunitat Creativa","potentialAction":[{"@type":"SearchAction","target":{"@type":"EntryPoint","urlTemplate":"https:\/\/poblenouurbandistrict.com\/ca\/?s={search_term_string}"},"query-input":{"@type":"PropertyValueSpecification","valueRequired":true,"valueName":"search_term_string"}}],"inLanguage":"ca"}]}</script>
<!-- / Yoast SEO plugin. -->

Art Photo Bcn arriba a la novena edició de la mà d’A-FAD, estrenant seu al Disseny Hub Barcelona. Del 8 al... Més →
