{"id":17012,"date":"2021-04-28T19:36:11","date_gmt":"2021-04-28T17:36:11","guid":{"rendered":"https:\/\/poblenouurbandistrict.com\/?page_id=17012"},"modified":"2023-04-25T17:01:01","modified_gmt":"2023-04-25T15:01:01","slug":"open-day-2022-2","status":"publish","type":"page","link":"https:\/\/poblenouurbandistrict.com\/en\/open-day-2022-2\/","title":{"rendered":"Open Day"},"content":{"rendered":"<p><\/p>\n<h3>The next 7th of May we celebrate the Poblenou Open Day, a day when the creative community of the Poblenou Urban District open more than seventy spaces offering varied programming, in which the public is invited to discover the offer of the cultural and creative district of Barcelona. During ten uninterrupted hours you can enjoy exclusive programming of exhibitions, talks, workshops, guided tours and gastronomy.<\/h3>\n<p><\/p>","protected":false},"excerpt":{"rendered":"<p>The next 7th of May we celebrate the Poblenou Open Day, a day when the creative community of the Poblenou&#8230; <a href=\"https:\/\/poblenouurbandistrict.com\/en\/open-day-2022-2\/\">More  \u2192<\/a><\/p>\n","protected":false},"author":5,"featured_media":28833,"parent":0,"menu_order":0,"comment_status":"closed","ping_status":"closed","template":"templates\/template-map.php","meta":{"_acf_changed":false,"footnotes":""},"class_list":["post-17012","page","type-page","status-publish","has-post-thumbnail","hentry"],"acf":[],"yoast_head":"<!-- This site is optimized with the Yoast SEO plugin v27.5 - https:\/\/yoast.com\/product\/yoast-seo-wordpress\/ -->\n<title>Open Day &#8211; Poblenou Urban District Open Day Open Day Open Day<\/title>\n<meta name=\"description\" content=\"Poblenou Open Day, una jornada on la comunitat creativa del Poblenou Urban District obre m\u00e9s de cinquanta espais oferint una programaci\u00f3 variada, en la qual es convida al p\u00fablic a descobrir l\u2019oferta del districte cultural i creatiu de Barcelona.\" \/>\n<meta name=\"robots\" content=\"index, follow, max-snippet:-1, max-image-preview:large, max-video-preview:-1\" \/>\n<link rel=\"canonical\" href=\"https:\/\/poblenouurbandistrict.com\/en\/open-day-2022-2\/\" \/>\n<meta property=\"og:locale\" content=\"en_US\" \/>\n<meta property=\"og:type\" content=\"article\" \/>\n<meta property=\"og:title\" content=\"Open Day &#8211; Poblenou Urban District Open Day Open Day Open Day\" \/>\n<meta property=\"og:description\" content=\"Poblenou Open Day, una jornada on la comunitat creativa del Poblenou Urban District obre m\u00e9s de cinquanta espais oferint una programaci\u00f3 variada, en la qual es convida al p\u00fablic a descobrir l\u2019oferta del districte cultural i creatiu de Barcelona.\" \/>\n<meta property=\"og:url\" content=\"https:\/\/poblenouurbandistrict.com\/en\/open-day-2022-2\/\" \/>\n<meta property=\"og:site_name\" content=\"Poblenou Urban District\" \/>\n<meta property=\"article:modified_time\" content=\"2023-04-25T15:01:01+00:00\" \/>\n<meta property=\"og:image\" content=\"https:\/\/poblenouurbandistrict.com\/wp-content\/uploads\/2022\/04\/or-pod-22-banner-web-2.gif\" \/>\n\t<meta property=\"og:image:width\" content=\"472\" \/>\n\t<meta property=\"og:image:height\" content=\"568\" \/>\n\t<meta property=\"og:image:type\" content=\"image\/gif\" \/>\n<meta name=\"twitter:card\" content=\"summary_large_image\" \/>\n<meta name=\"twitter:label1\" content=\"Est. reading time\" \/>\n\t<meta name=\"twitter:data1\" content=\"1 minute\" \/>\n<script type=\"application\/ld+json\" class=\"yoast-schema-graph\">{\"@context\":\"https:\\\/\\\/schema.org\",\"@graph\":[{\"@type\":\"WebPage\",\"@id\":\"https:\\\/\\\/poblenouurbandistrict.com\\\/en\\\/open-day-2022-2\\\/\",\"url\":\"https:\\\/\\\/poblenouurbandistrict.com\\\/en\\\/open-day-2022-2\\\/\",\"name\":\"Open Day &#8211; Poblenou Urban District Open Day Open Day Open Day\",\"isPartOf\":{\"@id\":\"https:\\\/\\\/poblenouurbandistrict.com\\\/en\\\/#website\"},\"primaryImageOfPage\":{\"@id\":\"https:\\\/\\\/poblenouurbandistrict.com\\\/en\\\/open-day-2022-2\\\/#primaryimage\"},\"image\":{\"@id\":\"https:\\\/\\\/poblenouurbandistrict.com\\\/open-day-2022-2\\\/#primaryimage\"},\"thumbnailUrl\":\"https:\\\/\\\/media.poblenouurbandistrict.com\\\/2022\\\/04\\\/25050223\\\/or-pod-22-banner-web-2.gif\",\"datePublished\":\"2021-04-28T17:36:11+00:00\",\"dateModified\":\"2023-04-25T15:01:01+00:00\",\"description\":\"Poblenou Open Day, una jornada on la comunitat creativa del Poblenou Urban District obre m\u00e9s de cinquanta espais oferint una programaci\u00f3 variada, en la qual es convida al p\u00fablic a descobrir l\u2019oferta del districte cultural i creatiu de Barcelona.\",\"breadcrumb\":{\"@id\":\"https:\\\/\\\/poblenouurbandistrict.com\\\/en\\\/open-day-2022-2\\\/#breadcrumb\"},\"inLanguage\":\"en-US\",\"potentialAction\":[{\"@type\":\"ReadAction\",\"target\":[[\"https:\\\/\\\/poblenouurbandistrict.com\\\/en\\\/open-day-2022-2\\\/\"]]}]},{\"@type\":\"ImageObject\",\"inLanguage\":\"en-US\",\"@id\":\"https:\\\/\\\/poblenouurbandistrict.com\\\/en\\\/open-day-2022-2\\\/#primaryimage\",\"url\":\"https:\\\/\\\/media.poblenouurbandistrict.com\\\/2022\\\/04\\\/25050223\\\/or-pod-22-banner-web-2.gif\",\"contentUrl\":\"https:\\\/\\\/media.poblenouurbandistrict.com\\\/2022\\\/04\\\/25050223\\\/or-pod-22-banner-web-2.gif\",\"width\":472,\"height\":568},{\"@type\":\"BreadcrumbList\",\"@id\":\"https:\\\/\\\/poblenouurbandistrict.com\\\/en\\\/open-day-2022-2\\\/#breadcrumb\",\"itemListElement\":[{\"@type\":\"ListItem\",\"position\":1,\"name\":\"Home\",\"item\":\"https:\\\/\\\/poblenouurbandistrict.com\\\/en\\\/\"},{\"@type\":\"ListItem\",\"position\":2,\"name\":\"Open Day 2022\"}]},{\"@type\":\"WebSite\",\"@id\":\"https:\\\/\\\/poblenouurbandistrict.com\\\/en\\\/#website\",\"url\":\"https:\\\/\\\/poblenouurbandistrict.com\\\/en\\\/\",\"name\":\"Poblenou Urban District\",\"description\":\"Creative Community\",\"potentialAction\":[{\"@type\":\"SearchAction\",\"target\":{\"@type\":\"EntryPoint\",\"urlTemplate\":\"https:\\\/\\\/poblenouurbandistrict.com\\\/en\\\/?s={search_term_string}\"},\"query-input\":{\"@type\":\"PropertyValueSpecification\",\"valueRequired\":true,\"valueName\":\"search_term_string\"}}],\"inLanguage\":\"en-US\"}]}<\/script>\n<!-- \/ Yoast SEO plugin. -->","yoast_head_json":{"title":"Open Day &#8211; Poblenou Urban District Open Day Open Day Open Day","description":"Poblenou Open Day, una jornada on la comunitat creativa del Poblenou Urban District obre m\u00e9s de cinquanta espais oferint una programaci\u00f3 variada, en la qual es convida al p\u00fablic a descobrir l\u2019oferta del districte cultural i creatiu de Barcelona.","robots":{"index":"index","follow":"follow","max-snippet":"max-snippet:-1","max-image-preview":"max-image-preview:large","max-video-preview":"max-video-preview:-1"},"canonical":"https:\/\/poblenouurbandistrict.com\/en\/open-day-2022-2\/","og_locale":"en_US","og_type":"article","og_title":"Open Day &#8211; Poblenou Urban District Open Day Open Day Open Day","og_description":"Poblenou Open Day, una jornada on la comunitat creativa del Poblenou Urban District obre m\u00e9s de cinquanta espais oferint una programaci\u00f3 variada, en la qual es convida al p\u00fablic a descobrir l\u2019oferta del districte cultural i creatiu de Barcelona.","og_url":"https:\/\/poblenouurbandistrict.com\/en\/open-day-2022-2\/","og_site_name":"Poblenou Urban District","article_modified_time":"2023-04-25T15:01:01+00:00","og_image":[{"url":"https:\/\/poblenouurbandistrict.com\/wp-content\/uploads\/2022\/04\/or-pod-22-banner-web-2.gif","width":472,"height":568,"type":"image\/gif"}],"twitter_card":"summary_large_image","twitter_misc":{"Est. reading time":"1 minute"},"schema":{"@context":"https:\/\/schema.org","@graph":[{"@type":"WebPage","@id":"https:\/\/poblenouurbandistrict.com\/en\/open-day-2022-2\/","url":"https:\/\/poblenouurbandistrict.com\/en\/open-day-2022-2\/","name":"Open Day &#8211; Poblenou Urban District Open Day Open Day Open Day","isPartOf":{"@id":"https:\/\/poblenouurbandistrict.com\/en\/#website"},"primaryImageOfPage":{"@id":"https:\/\/poblenouurbandistrict.com\/en\/open-day-2022-2\/#primaryimage"},"image":{"@id":"https:\/\/poblenouurbandistrict.com\/open-day-2022-2\/#primaryimage"},"thumbnailUrl":"https:\/\/media.poblenouurbandistrict.com\/2022\/04\/25050223\/or-pod-22-banner-web-2.gif","datePublished":"2021-04-28T17:36:11+00:00","dateModified":"2023-04-25T15:01:01+00:00","description":"Poblenou Open Day, una jornada on la comunitat creativa del Poblenou Urban District obre m\u00e9s de cinquanta espais oferint una programaci\u00f3 variada, en la qual es convida al p\u00fablic a descobrir l\u2019oferta del districte cultural i creatiu de Barcelona.","breadcrumb":{"@id":"https:\/\/poblenouurbandistrict.com\/en\/open-day-2022-2\/#breadcrumb"},"inLanguage":"en-US","potentialAction":[{"@type":"ReadAction","target":[["https:\/\/poblenouurbandistrict.com\/en\/open-day-2022-2\/"]]}]},{"@type":"ImageObject","inLanguage":"en-US","@id":"https:\/\/poblenouurbandistrict.com\/en\/open-day-2022-2\/#primaryimage","url":"https:\/\/media.poblenouurbandistrict.com\/2022\/04\/25050223\/or-pod-22-banner-web-2.gif","contentUrl":"https:\/\/media.poblenouurbandistrict.com\/2022\/04\/25050223\/or-pod-22-banner-web-2.gif","width":472,"height":568},{"@type":"BreadcrumbList","@id":"https:\/\/poblenouurbandistrict.com\/en\/open-day-2022-2\/#breadcrumb","itemListElement":[{"@type":"ListItem","position":1,"name":"Home","item":"https:\/\/poblenouurbandistrict.com\/en\/"},{"@type":"ListItem","position":2,"name":"Open Day 2022"}]},{"@type":"WebSite","@id":"https:\/\/poblenouurbandistrict.com\/en\/#website","url":"https:\/\/poblenouurbandistrict.com\/en\/","name":"Poblenou Urban District","description":"Creative Community","potentialAction":[{"@type":"SearchAction","target":{"@type":"EntryPoint","urlTemplate":"https:\/\/poblenouurbandistrict.com\/en\/?s={search_term_string}"},"query-input":{"@type":"PropertyValueSpecification","valueRequired":true,"valueName":"search_term_string"}}],"inLanguage":"en-US"}]}},"_links":{"self":[{"href":"https:\/\/poblenouurbandistrict.com\/en\/wp-json\/wp\/v2\/pages\/17012","targetHints":{"allow":["GET"]}}],"collection":[{"href":"https:\/\/poblenouurbandistrict.com\/en\/wp-json\/wp\/v2\/pages"}],"about":[{"href":"https:\/\/poblenouurbandistrict.com\/en\/wp-json\/wp\/v2\/types\/page"}],"author":[{"embeddable":true,"href":"https:\/\/poblenouurbandistrict.com\/en\/wp-json\/wp\/v2\/users\/5"}],"replies":[{"embeddable":true,"href":"https:\/\/poblenouurbandistrict.com\/en\/wp-json\/wp\/v2\/comments?post=17012"}],"version-history":[{"count":81,"href":"https:\/\/poblenouurbandistrict.com\/en\/wp-json\/wp\/v2\/pages\/17012\/revisions"}],"predecessor-version":[{"id":38528,"href":"https:\/\/poblenouurbandistrict.com\/en\/wp-json\/wp\/v2\/pages\/17012\/revisions\/38528"}],"wp:featuredmedia":[{"embeddable":true,"href":"https:\/\/poblenouurbandistrict.com\/en\/wp-json\/wp\/v2\/media\/28833"}],"wp:attachment":[{"href":"https:\/\/poblenouurbandistrict.com\/en\/wp-json\/wp\/v2\/media?parent=17012"}],"curies":[{"name":"wp","href":"https:\/\/api.w.org\/{rel}","templated":true}]}}

<!-- This site is optimized with the Yoast SEO plugin v27.5 - https://yoast.com/product/yoast-seo-wordpress/ -->
<title>Open Day &#8211; Poblenou Urban District Open Day Open Day Open Day</title>
<meta name="description" content="Poblenou Open Day, una jornada on la comunitat creativa del Poblenou Urban District obre més de cinquanta espais oferint una programació variada, en la qual es convida al públic a descobrir l’oferta del districte cultural i creatiu de Barcelona." />
<meta name="robots" content="index, follow, max-snippet:-1, max-image-preview:large, max-video-preview:-1" />
<link rel="canonical" href="https://poblenouurbandistrict.com/en/open-day-2022-2/" />
<meta property="og:locale" content="en_US" />
<meta property="og:type" content="article" />
<meta property="og:title" content="Open Day &#8211; Poblenou Urban District Open Day Open Day Open Day" />
<meta property="og:description" content="Poblenou Open Day, una jornada on la comunitat creativa del Poblenou Urban District obre més de cinquanta espais oferint una programació variada, en la qual es convida al públic a descobrir l’oferta del districte cultural i creatiu de Barcelona." />
<meta property="og:url" content="https://poblenouurbandistrict.com/en/open-day-2022-2/" />
<meta property="og:site_name" content="Poblenou Urban District" />
<meta property="article:modified_time" content="2023-04-25T15:01:01+00:00" />
<meta property="og:image" content="https://poblenouurbandistrict.com/wp-content/uploads/2022/04/or-pod-22-banner-web-2.gif" />
	<meta property="og:image:width" content="472" />
	<meta property="og:image:height" content="568" />
	<meta property="og:image:type" content="image/gif" />
<meta name="twitter:card" content="summary_large_image" />
<meta name="twitter:label1" content="Est. reading time" />
	<meta name="twitter:data1" content="1 minute" />
<script type="application/ld+json" class="yoast-schema-graph">{"@context":"https:\/\/schema.org","@graph":[{"@type":"WebPage","@id":"https:\/\/poblenouurbandistrict.com\/en\/open-day-2022-2\/","url":"https:\/\/poblenouurbandistrict.com\/en\/open-day-2022-2\/","name":"Open Day &#8211; Poblenou Urban District Open Day Open Day Open Day","isPartOf":{"@id":"https:\/\/poblenouurbandistrict.com\/en\/#website"},"primaryImageOfPage":{"@id":"https:\/\/poblenouurbandistrict.com\/en\/open-day-2022-2\/#primaryimage"},"image":{"@id":"https:\/\/poblenouurbandistrict.com\/open-day-2022-2\/#primaryimage"},"thumbnailUrl":"https:\/\/media.poblenouurbandistrict.com\/2022\/04\/25050223\/or-pod-22-banner-web-2.gif","datePublished":"2021-04-28T17:36:11+00:00","dateModified":"2023-04-25T15:01:01+00:00","description":"Poblenou Open Day, una jornada on la comunitat creativa del Poblenou Urban District obre més de cinquanta espais oferint una programació variada, en la qual es convida al públic a descobrir l’oferta del districte cultural i creatiu de Barcelona.","breadcrumb":{"@id":"https:\/\/poblenouurbandistrict.com\/en\/open-day-2022-2\/#breadcrumb"},"inLanguage":"en-US","potentialAction":[{"@type":"ReadAction","target":[["https:\/\/poblenouurbandistrict.com\/en\/open-day-2022-2\/"]]}]},{"@type":"ImageObject","inLanguage":"en-US","@id":"https:\/\/poblenouurbandistrict.com\/en\/open-day-2022-2\/#primaryimage","url":"https:\/\/media.poblenouurbandistrict.com\/2022\/04\/25050223\/or-pod-22-banner-web-2.gif","contentUrl":"https:\/\/media.poblenouurbandistrict.com\/2022\/04\/25050223\/or-pod-22-banner-web-2.gif","width":472,"height":568},{"@type":"BreadcrumbList","@id":"https:\/\/poblenouurbandistrict.com\/en\/open-day-2022-2\/#breadcrumb","itemListElement":[{"@type":"ListItem","position":1,"name":"Home","item":"https:\/\/poblenouurbandistrict.com\/en\/"},{"@type":"ListItem","position":2,"name":"Open Day 2022"}]},{"@type":"WebSite","@id":"https:\/\/poblenouurbandistrict.com\/en\/#website","url":"https:\/\/poblenouurbandistrict.com\/en\/","name":"Poblenou Urban District","description":"Creative Community","potentialAction":[{"@type":"SearchAction","target":{"@type":"EntryPoint","urlTemplate":"https:\/\/poblenouurbandistrict.com\/en\/?s={search_term_string}"},"query-input":{"@type":"PropertyValueSpecification","valueRequired":true,"valueName":"search_term_string"}}],"inLanguage":"en-US"}]}</script>
<!-- / Yoast SEO plugin. -->

Poblenou Open Day, una jornada on la comunitat creativa del Poblenou Urban District obre més de cinquanta espais oferint una programació variada, en la qual es convida al públic a descobrir l’oferta del districte cultural i creatiu de Barcelona.
