{"id":27491,"date":"2022-03-23T15:32:00","date_gmt":"2022-03-23T14:32:00","guid":{"rendered":"https:\/\/poblenouurbandistrict.com\/?page_id=27491"},"modified":"2022-03-23T15:33:47","modified_gmt":"2022-03-23T14:33:47","slug":"windows-art-circuit-2019","status":"publish","type":"page","link":"https:\/\/poblenouurbandistrict.com\/es\/windows-art-circuit-2019\/","title":{"rendered":"Windows Art Circuit 2019"},"content":{"rendered":"<p><\/p>\n<h3>El Windows Art Circuit (WAC) es uno de los eventos vertebradores del Poblenou Urban District, un circuito que permite el p\u00fablico experimentar en directo el proceso completo de creaci\u00f3n del arte mural sobre soportes no convencionales, reclamando las calles y recuperando los espacios en desuso como \u00e1reas de alto valor cultural.<\/h3>\n<h3>La quinta edici\u00f3n se celebrar\u00e1 el 4 de mayo dentro del marco del Poblenou Open Day, y contar\u00e1 con nuevos artistas que dar\u00e1n vida al barrio con sus creaciones.<\/h3>\n<p><\/p>","protected":false},"excerpt":{"rendered":"<p>El Windows Art Circuit (WAC) es uno de los eventos vertebradores del Poblenou Urban District, un circuito que permite el&#8230; <a href=\"https:\/\/poblenouurbandistrict.com\/es\/windows-art-circuit-2019\/\">M\u00e1s  \u2192<\/a><\/p>\n","protected":false},"author":5,"featured_media":20250,"parent":0,"menu_order":0,"comment_status":"closed","ping_status":"closed","template":"templates\/template-map.php","meta":{"_acf_changed":false,"footnotes":""},"class_list":["post-27491","page","type-page","status-publish","has-post-thumbnail","hentry"],"acf":[],"yoast_head":"<!-- This site is optimized with the Yoast SEO plugin v27.5 - https:\/\/yoast.com\/product\/yoast-seo-wordpress\/ -->\n<title>Quinta edici\u00f3 del Windows Art Circuit<\/title>\n<meta name=\"description\" content=\"El 4 de maig celebrem la quinta edici\u00f3 del Windows Art Circuit \/ WAC dins del marc del Poblenou Open Day.\" \/>\n<meta name=\"robots\" content=\"index, follow, max-snippet:-1, max-image-preview:large, max-video-preview:-1\" \/>\n<link rel=\"canonical\" href=\"https:\/\/poblenouurbandistrict.com\/es\/windows-art-circuit-2019\/\" \/>\n<meta property=\"og:locale\" content=\"es_ES\" \/>\n<meta property=\"og:type\" content=\"article\" \/>\n<meta property=\"og:title\" content=\"Quinta edici\u00f3 del Windows Art Circuit\" \/>\n<meta property=\"og:description\" content=\"El 4 de maig celebrem la quinta edici\u00f3 del Windows Art Circuit \/ WAC dins del marc del Poblenou Open Day.\" \/>\n<meta property=\"og:url\" content=\"https:\/\/poblenouurbandistrict.com\/es\/windows-art-circuit-2019\/\" \/>\n<meta property=\"og:site_name\" content=\"Poblenou Urban District\" \/>\n<meta property=\"article:modified_time\" content=\"2022-03-23T14:33:47+00:00\" \/>\n<meta property=\"og:image\" content=\"https:\/\/poblenouurbandistrict.com\/wp-content\/uploads\/2019\/10\/2019_wac_00084.jpg\" \/>\n\t<meta property=\"og:image:width\" content=\"2048\" \/>\n\t<meta property=\"og:image:height\" content=\"1365\" \/>\n\t<meta property=\"og:image:type\" content=\"image\/jpeg\" \/>\n<meta name=\"twitter:card\" content=\"summary_large_image\" \/>\n<meta name=\"twitter:label1\" content=\"Tiempo de lectura\" \/>\n\t<meta name=\"twitter:data1\" content=\"1 minuto\" \/>\n<script type=\"application\/ld+json\" class=\"yoast-schema-graph\">{\"@context\":\"https:\\\/\\\/schema.org\",\"@graph\":[{\"@type\":\"WebPage\",\"@id\":\"https:\\\/\\\/poblenouurbandistrict.com\\\/es\\\/windows-art-circuit-2019\\\/\",\"url\":\"https:\\\/\\\/poblenouurbandistrict.com\\\/es\\\/windows-art-circuit-2019\\\/\",\"name\":\"Quinta edici\u00f3 del Windows Art Circuit\",\"isPartOf\":{\"@id\":\"https:\\\/\\\/poblenouurbandistrict.com\\\/es\\\/#website\"},\"primaryImageOfPage\":{\"@id\":\"https:\\\/\\\/poblenouurbandistrict.com\\\/es\\\/windows-art-circuit-2019\\\/#primaryimage\"},\"image\":{\"@id\":\"https:\\\/\\\/poblenouurbandistrict.com\\\/windows-art-circuit-2019\\\/#primaryimage\"},\"thumbnailUrl\":\"https:\\\/\\\/poblenouurbandistrict.com\\\/wp-content\\\/uploads\\\/2019\\\/10\\\/2019_wac_00084.jpg\",\"datePublished\":\"2022-03-23T14:32:00+00:00\",\"dateModified\":\"2022-03-23T14:33:47+00:00\",\"description\":\"El 4 de maig celebrem la quinta edici\u00f3 del Windows Art Circuit \\\/ WAC dins del marc del Poblenou Open Day.\",\"breadcrumb\":{\"@id\":\"https:\\\/\\\/poblenouurbandistrict.com\\\/es\\\/windows-art-circuit-2019\\\/#breadcrumb\"},\"inLanguage\":\"es\",\"potentialAction\":[{\"@type\":\"ReadAction\",\"target\":[[\"https:\\\/\\\/poblenouurbandistrict.com\\\/es\\\/windows-art-circuit-2019\\\/\"]]}]},{\"@type\":\"ImageObject\",\"inLanguage\":\"es\",\"@id\":\"https:\\\/\\\/poblenouurbandistrict.com\\\/es\\\/windows-art-circuit-2019\\\/#primaryimage\",\"url\":\"https:\\\/\\\/poblenouurbandistrict.com\\\/wp-content\\\/uploads\\\/2019\\\/10\\\/2019_wac_00084.jpg\",\"contentUrl\":\"https:\\\/\\\/poblenouurbandistrict.com\\\/wp-content\\\/uploads\\\/2019\\\/10\\\/2019_wac_00084.jpg\",\"width\":2048,\"height\":1365},{\"@type\":\"BreadcrumbList\",\"@id\":\"https:\\\/\\\/poblenouurbandistrict.com\\\/es\\\/windows-art-circuit-2019\\\/#breadcrumb\",\"itemListElement\":[{\"@type\":\"ListItem\",\"position\":1,\"name\":\"Home\",\"item\":\"https:\\\/\\\/poblenouurbandistrict.com\\\/es\\\/\"},{\"@type\":\"ListItem\",\"position\":2,\"name\":\"Windows Art Circuit 2019\"}]},{\"@type\":\"WebSite\",\"@id\":\"https:\\\/\\\/poblenouurbandistrict.com\\\/es\\\/#website\",\"url\":\"https:\\\/\\\/poblenouurbandistrict.com\\\/es\\\/\",\"name\":\"Poblenou Urban District\",\"description\":\"Comunidad Creativa\",\"potentialAction\":[{\"@type\":\"SearchAction\",\"target\":{\"@type\":\"EntryPoint\",\"urlTemplate\":\"https:\\\/\\\/poblenouurbandistrict.com\\\/es\\\/?s={search_term_string}\"},\"query-input\":{\"@type\":\"PropertyValueSpecification\",\"valueRequired\":true,\"valueName\":\"search_term_string\"}}],\"inLanguage\":\"es\"}]}<\/script>\n<!-- \/ Yoast SEO plugin. -->","yoast_head_json":{"title":"Quinta edici\u00f3 del Windows Art Circuit","description":"El 4 de maig celebrem la quinta edici\u00f3 del Windows Art Circuit \/ WAC dins del marc del Poblenou Open Day.","robots":{"index":"index","follow":"follow","max-snippet":"max-snippet:-1","max-image-preview":"max-image-preview:large","max-video-preview":"max-video-preview:-1"},"canonical":"https:\/\/poblenouurbandistrict.com\/es\/windows-art-circuit-2019\/","og_locale":"es_ES","og_type":"article","og_title":"Quinta edici\u00f3 del Windows Art Circuit","og_description":"El 4 de maig celebrem la quinta edici\u00f3 del Windows Art Circuit \/ WAC dins del marc del Poblenou Open Day.","og_url":"https:\/\/poblenouurbandistrict.com\/es\/windows-art-circuit-2019\/","og_site_name":"Poblenou Urban District","article_modified_time":"2022-03-23T14:33:47+00:00","og_image":[{"width":2048,"height":1365,"url":"https:\/\/poblenouurbandistrict.com\/wp-content\/uploads\/2019\/10\/2019_wac_00084.jpg","type":"image\/jpeg"}],"twitter_card":"summary_large_image","twitter_misc":{"Tiempo de lectura":"1 minuto"},"schema":{"@context":"https:\/\/schema.org","@graph":[{"@type":"WebPage","@id":"https:\/\/poblenouurbandistrict.com\/es\/windows-art-circuit-2019\/","url":"https:\/\/poblenouurbandistrict.com\/es\/windows-art-circuit-2019\/","name":"Quinta edici\u00f3 del Windows Art Circuit","isPartOf":{"@id":"https:\/\/poblenouurbandistrict.com\/es\/#website"},"primaryImageOfPage":{"@id":"https:\/\/poblenouurbandistrict.com\/es\/windows-art-circuit-2019\/#primaryimage"},"image":{"@id":"https:\/\/poblenouurbandistrict.com\/windows-art-circuit-2019\/#primaryimage"},"thumbnailUrl":"https:\/\/poblenouurbandistrict.com\/wp-content\/uploads\/2019\/10\/2019_wac_00084.jpg","datePublished":"2022-03-23T14:32:00+00:00","dateModified":"2022-03-23T14:33:47+00:00","description":"El 4 de maig celebrem la quinta edici\u00f3 del Windows Art Circuit \/ WAC dins del marc del Poblenou Open Day.","breadcrumb":{"@id":"https:\/\/poblenouurbandistrict.com\/es\/windows-art-circuit-2019\/#breadcrumb"},"inLanguage":"es","potentialAction":[{"@type":"ReadAction","target":[["https:\/\/poblenouurbandistrict.com\/es\/windows-art-circuit-2019\/"]]}]},{"@type":"ImageObject","inLanguage":"es","@id":"https:\/\/poblenouurbandistrict.com\/es\/windows-art-circuit-2019\/#primaryimage","url":"https:\/\/poblenouurbandistrict.com\/wp-content\/uploads\/2019\/10\/2019_wac_00084.jpg","contentUrl":"https:\/\/poblenouurbandistrict.com\/wp-content\/uploads\/2019\/10\/2019_wac_00084.jpg","width":2048,"height":1365},{"@type":"BreadcrumbList","@id":"https:\/\/poblenouurbandistrict.com\/es\/windows-art-circuit-2019\/#breadcrumb","itemListElement":[{"@type":"ListItem","position":1,"name":"Home","item":"https:\/\/poblenouurbandistrict.com\/es\/"},{"@type":"ListItem","position":2,"name":"Windows Art Circuit 2019"}]},{"@type":"WebSite","@id":"https:\/\/poblenouurbandistrict.com\/es\/#website","url":"https:\/\/poblenouurbandistrict.com\/es\/","name":"Poblenou Urban District","description":"Comunidad Creativa","potentialAction":[{"@type":"SearchAction","target":{"@type":"EntryPoint","urlTemplate":"https:\/\/poblenouurbandistrict.com\/es\/?s={search_term_string}"},"query-input":{"@type":"PropertyValueSpecification","valueRequired":true,"valueName":"search_term_string"}}],"inLanguage":"es"}]}},"_links":{"self":[{"href":"https:\/\/poblenouurbandistrict.com\/es\/wp-json\/wp\/v2\/pages\/27491","targetHints":{"allow":["GET"]}}],"collection":[{"href":"https:\/\/poblenouurbandistrict.com\/es\/wp-json\/wp\/v2\/pages"}],"about":[{"href":"https:\/\/poblenouurbandistrict.com\/es\/wp-json\/wp\/v2\/types\/page"}],"author":[{"embeddable":true,"href":"https:\/\/poblenouurbandistrict.com\/es\/wp-json\/wp\/v2\/users\/5"}],"replies":[{"embeddable":true,"href":"https:\/\/poblenouurbandistrict.com\/es\/wp-json\/wp\/v2\/comments?post=27491"}],"version-history":[{"count":2,"href":"https:\/\/poblenouurbandistrict.com\/es\/wp-json\/wp\/v2\/pages\/27491\/revisions"}],"predecessor-version":[{"id":27494,"href":"https:\/\/poblenouurbandistrict.com\/es\/wp-json\/wp\/v2\/pages\/27491\/revisions\/27494"}],"wp:featuredmedia":[{"embeddable":true,"href":"https:\/\/poblenouurbandistrict.com\/es\/wp-json\/wp\/v2\/media\/20250"}],"wp:attachment":[{"href":"https:\/\/poblenouurbandistrict.com\/es\/wp-json\/wp\/v2\/media?parent=27491"}],"curies":[{"name":"wp","href":"https:\/\/api.w.org\/{rel}","templated":true}]}}

<p></p>
<h3>El Windows Art Circuit (WAC) es uno de los eventos vertebradores del Poblenou Urban District, un circuito que permite el público experimentar en directo el proceso completo de creación del arte mural sobre soportes no convencionales, reclamando las calles y recuperando los espacios en desuso como áreas de alto valor cultural.</h3>
<h3>La quinta edición se celebrará el 4 de mayo dentro del marco del Poblenou Open Day, y contará con nuevos artistas que darán vida al barrio con sus creaciones.</h3>
<p></p>

<p>El Windows Art Circuit (WAC) es uno de los eventos vertebradores del Poblenou Urban District, un circuito que permite el&#8230; <a href="https://poblenouurbandistrict.com/es/windows-art-circuit-2019/">Más  →</a></p>

<!-- This site is optimized with the Yoast SEO plugin v27.5 - https://yoast.com/product/yoast-seo-wordpress/ -->
<title>Quinta edició del Windows Art Circuit</title>
<meta name="description" content="El 4 de maig celebrem la quinta edició del Windows Art Circuit / WAC dins del marc del Poblenou Open Day." />
<meta name="robots" content="index, follow, max-snippet:-1, max-image-preview:large, max-video-preview:-1" />
<link rel="canonical" href="https://poblenouurbandistrict.com/es/windows-art-circuit-2019/" />
<meta property="og:locale" content="es_ES" />
<meta property="og:type" content="article" />
<meta property="og:title" content="Quinta edició del Windows Art Circuit" />
<meta property="og:description" content="El 4 de maig celebrem la quinta edició del Windows Art Circuit / WAC dins del marc del Poblenou Open Day." />
<meta property="og:url" content="https://poblenouurbandistrict.com/es/windows-art-circuit-2019/" />
<meta property="og:site_name" content="Poblenou Urban District" />
<meta property="article:modified_time" content="2022-03-23T14:33:47+00:00" />
<meta property="og:image" content="https://poblenouurbandistrict.com/wp-content/uploads/2019/10/2019_wac_00084.jpg" />
	<meta property="og:image:width" content="2048" />
	<meta property="og:image:height" content="1365" />
	<meta property="og:image:type" content="image/jpeg" />
<meta name="twitter:card" content="summary_large_image" />
<meta name="twitter:label1" content="Tiempo de lectura" />
	<meta name="twitter:data1" content="1 minuto" />
<script type="application/ld+json" class="yoast-schema-graph">{"@context":"https:\/\/schema.org","@graph":[{"@type":"WebPage","@id":"https:\/\/poblenouurbandistrict.com\/es\/windows-art-circuit-2019\/","url":"https:\/\/poblenouurbandistrict.com\/es\/windows-art-circuit-2019\/","name":"Quinta edició del Windows Art Circuit","isPartOf":{"@id":"https:\/\/poblenouurbandistrict.com\/es\/#website"},"primaryImageOfPage":{"@id":"https:\/\/poblenouurbandistrict.com\/es\/windows-art-circuit-2019\/#primaryimage"},"image":{"@id":"https:\/\/poblenouurbandistrict.com\/windows-art-circuit-2019\/#primaryimage"},"thumbnailUrl":"https:\/\/poblenouurbandistrict.com\/wp-content\/uploads\/2019\/10\/2019_wac_00084.jpg","datePublished":"2022-03-23T14:32:00+00:00","dateModified":"2022-03-23T14:33:47+00:00","description":"El 4 de maig celebrem la quinta edició del Windows Art Circuit \/ WAC dins del marc del Poblenou Open Day.","breadcrumb":{"@id":"https:\/\/poblenouurbandistrict.com\/es\/windows-art-circuit-2019\/#breadcrumb"},"inLanguage":"es","potentialAction":[{"@type":"ReadAction","target":[["https:\/\/poblenouurbandistrict.com\/es\/windows-art-circuit-2019\/"]]}]},{"@type":"ImageObject","inLanguage":"es","@id":"https:\/\/poblenouurbandistrict.com\/es\/windows-art-circuit-2019\/#primaryimage","url":"https:\/\/poblenouurbandistrict.com\/wp-content\/uploads\/2019\/10\/2019_wac_00084.jpg","contentUrl":"https:\/\/poblenouurbandistrict.com\/wp-content\/uploads\/2019\/10\/2019_wac_00084.jpg","width":2048,"height":1365},{"@type":"BreadcrumbList","@id":"https:\/\/poblenouurbandistrict.com\/es\/windows-art-circuit-2019\/#breadcrumb","itemListElement":[{"@type":"ListItem","position":1,"name":"Home","item":"https:\/\/poblenouurbandistrict.com\/es\/"},{"@type":"ListItem","position":2,"name":"Windows Art Circuit 2019"}]},{"@type":"WebSite","@id":"https:\/\/poblenouurbandistrict.com\/es\/#website","url":"https:\/\/poblenouurbandistrict.com\/es\/","name":"Poblenou Urban District","description":"Comunidad Creativa","potentialAction":[{"@type":"SearchAction","target":{"@type":"EntryPoint","urlTemplate":"https:\/\/poblenouurbandistrict.com\/es\/?s={search_term_string}"},"query-input":{"@type":"PropertyValueSpecification","valueRequired":true,"valueName":"search_term_string"}}],"inLanguage":"es"}]}</script>
<!-- / Yoast SEO plugin. -->

Quinta edició del Windows Art Circuit

El 4 de maig celebrem la quinta edició del Windows Art Circuit / WAC dins del marc del Poblenou Open Day.
