{"id":41138,"date":"2023-09-13T10:48:11","date_gmt":"2023-09-13T08:48:11","guid":{"rendered":"https:\/\/poblenouurbandistrict.com\/?page_id=41138"},"modified":"2024-05-28T10:43:30","modified_gmt":"2024-05-28T08:43:30","slug":"urban-talks-7-2-2","status":"publish","type":"page","link":"https:\/\/poblenouurbandistrict.com\/es\/urban-talks-7\/urban-talks-7-2-2\/","title":{"rendered":"Urban Talks"},"content":{"rendered":"<p><b><span class=\"im\">\u00abDESTERRITORIALIZACI\u00d3N, ARTE Y NUEVAS FORMAS DE CREACI\u00d3N\u00bb<\/span><\/b><\/p>\n<p>Moderadas por <a href=\"https:\/\/www.instagram.com\/frankiepiza\/\">Frankie Piz\u00e1<\/a>, la s\u00e9ptima edici\u00f3n se plantea c\u00f3mo en un entorno caracterizado por la constante competencia por la atenci\u00f3n y la audiencia, donde todos somos, en mayor o menor medida, n\u00f3madas que transitan entre los espacios f\u00edsicos y digitales, podemos realmente encontrar proyectos innovadores.<\/p>\n<p>\u00bfCreemos posible, en medio de este continuum de b\u00fasqueda de proyectos, encontrar soluciones que nos puedan ofrecer una conexi\u00f3n genuina con el entorno y las problem\u00e1ticas de las personas que habitan en estos sitios? \u00bfSe puede transmitir algo relevante sin pertenecer a un sitio concreto y repitiendo las f\u00f3rmulas que se propagan en las regiones digitales?<\/p>\n<p>En esta nueva edici\u00f3n, nos sumergiremos en la exploraci\u00f3n de propuestas que buscan reinventar la colaboraci\u00f3n creativa mediante el uso de herramientas digitales y reflexionaremos sobre las cuestiones de desterritorializaci\u00f3n de los artistas con expertos, artistas y te\u00f3ricos.<\/p>\n<hr \/>\n<h4><a href=\"https:\/\/www.youtube.com\/watch?v=JHY5yKUvD5k\"><b>TALK #1: <\/b>\u00abArte y procesos creativos en tiempos del turismo permanente\u00bb<\/a><\/h4>\n<p>Enmarcados en el consumo desorbitado impuesto por la posmodernidad y afectados por los s\u00edntomas de la llamada \u201chipercultura\u201d, todos somos en cierta manera \u201cturistas\u201d permanentes. Incapaces de recordar y analizar, navegamos por contextos y disciplinas creativas bajo la exignecia de la multidisciplinariedad. Y el territorio, cada vez m\u00e1s inh\u00f3spito, nos va expulsando progresivamente.<\/p>\n<p>En esta mesa redonda consultaremos a colectivos art\u00edsticos y a profesionales sobre las intenciones del artista de hoy y de qu\u00e9 formas se puede recuperar el contacto con el terreno, la realidad, el lugar y la comunidad para no caer en la patol\u00f3gica reproducci\u00f3n del autorretrato.<\/p>\n<p><b>Participantes TALK #1:<\/b><\/p>\n<ul>\n<li>Jana Trave y Pablo Ciccarelli de <a href=\"https:\/\/www.instagram.com\/p3vitrina\/\">P3Vitrina<\/a><\/li>\n<li><a href=\"https:\/\/www.stefanieherr.com\/\">Stefanie Herr<\/a><\/li>\n<li><a href=\"https:\/\/elpumarejo.org\/\">El Pumarejo: Alex Wellburn<\/a><\/li>\n<\/ul>\n<hr \/>\n<h4><a href=\"https:\/\/www.youtube.com\/watch?v=NgOfueub5Po\"><b>TALK #2: \u00abM\u00e1quinas que pintan: Una conversaci\u00f3n con Lolo &amp; Sosaku\u00bb<\/b><\/a><\/h4>\n<p>Lolo &amp; Sosaku\u00a0investigan las posibilidades de la escultura como un campo expandido. El nexo que une su obra es la b\u00fasqueda de un objeto en contacto con su entorno y con el espectador, creando fricci\u00f3n y tensi\u00f3n, y explorando la capacidad de generar nuevos significados.<\/p>\n<p>En esta mesa tendremos la oportunidad de charlar con este d\u00fao de artistas argentino-nip\u00f3n afincado en Barcelona, sobre la importancia de los espacios, las m\u00e1quinas y las fuerzas ocultas que gu\u00edan la vida en nuestra era tecnol\u00f3gica.<\/p>\n<p><b>Participantes TALK #2:<\/b><\/p>\n<ul>\n<li><a href=\"http:\/\/www.loloysosaku.com\/\">Lolo &amp; Sosaku<\/a><\/li>\n<\/ul>\n<p><\/p>","protected":false},"excerpt":{"rendered":"<p>\u00abDESTERRITORIALIZACI\u00d3N, ARTE Y NUEVAS FORMAS DE CREACI\u00d3N\u00bb Moderadas por Frankie Piz\u00e1, la s\u00e9ptima edici\u00f3n se plantea c\u00f3mo en un entorno&#8230; <a href=\"https:\/\/poblenouurbandistrict.com\/es\/urban-talks-7\/urban-talks-7-2-2\/\">M\u00e1s  \u2192<\/a><\/p>\n","protected":false},"author":5,"featured_media":41511,"parent":40131,"menu_order":4,"comment_status":"closed","ping_status":"closed","template":"templates\/template-imagemap.php","meta":{"_acf_changed":false,"footnotes":""},"class_list":["post-41138","page","type-page","status-publish","has-post-thumbnail","hentry"],"acf":[],"yoast_head":"<!-- This site is optimized with the Yoast SEO plugin v27.5 - https:\/\/yoast.com\/product\/yoast-seo-wordpress\/ -->\n<title>#7 Urban Talks<\/title>\n<meta name=\"description\" content=\"19 OCTUBRE | 17 h a 20 h | Disseny Hub Barcelona\" \/>\n<meta name=\"robots\" content=\"index, follow, max-snippet:-1, max-image-preview:large, max-video-preview:-1\" \/>\n<link rel=\"canonical\" href=\"https:\/\/poblenouurbandistrict.com\/es\/urban-talks-7\/urban-talks-7-2-2\/\" \/>\n<meta property=\"og:locale\" content=\"es_ES\" \/>\n<meta property=\"og:type\" content=\"article\" \/>\n<meta property=\"og:title\" content=\"#7 Urban Talks\" \/>\n<meta property=\"og:description\" content=\"19 OCTUBRE | 17 h a 20 h | Disseny Hub Barcelona\" \/>\n<meta property=\"og:url\" content=\"https:\/\/poblenouurbandistrict.com\/es\/urban-talks-7\/urban-talks-7-2-2\/\" \/>\n<meta property=\"og:site_name\" content=\"Poblenou Urban District\" \/>\n<meta property=\"article:modified_time\" content=\"2024-05-28T08:43:30+00:00\" \/>\n<meta property=\"og:image\" content=\"https:\/\/poblenouurbandistrict.com\/wp-content\/uploads\/2023\/09\/diseno-sin-titulo-2023-09-26t132228167.jpg\" \/>\n\t<meta property=\"og:image:width\" content=\"1800\" \/>\n\t<meta property=\"og:image:height\" content=\"1200\" \/>\n\t<meta property=\"og:image:type\" content=\"image\/jpeg\" \/>\n<meta name=\"twitter:card\" content=\"summary_large_image\" \/>\n<meta name=\"twitter:label1\" content=\"Tiempo de lectura\" \/>\n\t<meta name=\"twitter:data1\" content=\"3 minutos\" \/>\n<script type=\"application\/ld+json\" class=\"yoast-schema-graph\">{\"@context\":\"https:\\\/\\\/schema.org\",\"@graph\":[{\"@type\":\"WebPage\",\"@id\":\"https:\\\/\\\/poblenouurbandistrict.com\\\/es\\\/urban-talks-7\\\/urban-talks-7-2-2\\\/\",\"url\":\"https:\\\/\\\/poblenouurbandistrict.com\\\/es\\\/urban-talks-7\\\/urban-talks-7-2-2\\\/\",\"name\":\"#7 Urban Talks\",\"isPartOf\":{\"@id\":\"https:\\\/\\\/poblenouurbandistrict.com\\\/es\\\/#website\"},\"primaryImageOfPage\":{\"@id\":\"https:\\\/\\\/poblenouurbandistrict.com\\\/es\\\/urban-talks-7\\\/urban-talks-7-2-2\\\/#primaryimage\"},\"image\":{\"@id\":\"https:\\\/\\\/poblenouurbandistrict.com\\\/urban-talks-7\\\/urban-talks-7-2-2\\\/#primaryimage\"},\"thumbnailUrl\":\"https:\\\/\\\/media.poblenouurbandistrict.com\\\/2023\\\/09\\\/25065032\\\/diseno-sin-titulo-2023-09-26t132228167.jpg\",\"datePublished\":\"2023-09-13T08:48:11+00:00\",\"dateModified\":\"2024-05-28T08:43:30+00:00\",\"description\":\"19 OCTUBRE | 17 h a 20 h | Disseny Hub Barcelona\",\"breadcrumb\":{\"@id\":\"https:\\\/\\\/poblenouurbandistrict.com\\\/es\\\/urban-talks-7\\\/urban-talks-7-2-2\\\/#breadcrumb\"},\"inLanguage\":\"es\",\"potentialAction\":[{\"@type\":\"ReadAction\",\"target\":[[\"https:\\\/\\\/poblenouurbandistrict.com\\\/es\\\/urban-talks-7\\\/urban-talks-7-2-2\\\/\"]]}]},{\"@type\":\"ImageObject\",\"inLanguage\":\"es\",\"@id\":\"https:\\\/\\\/poblenouurbandistrict.com\\\/es\\\/urban-talks-7\\\/urban-talks-7-2-2\\\/#primaryimage\",\"url\":\"https:\\\/\\\/media.poblenouurbandistrict.com\\\/2023\\\/09\\\/25065032\\\/diseno-sin-titulo-2023-09-26t132228167.jpg\",\"contentUrl\":\"https:\\\/\\\/media.poblenouurbandistrict.com\\\/2023\\\/09\\\/25065032\\\/diseno-sin-titulo-2023-09-26t132228167.jpg\",\"width\":1800,\"height\":1200},{\"@type\":\"BreadcrumbList\",\"@id\":\"https:\\\/\\\/poblenouurbandistrict.com\\\/es\\\/urban-talks-7\\\/urban-talks-7-2-2\\\/#breadcrumb\",\"itemListElement\":[{\"@type\":\"ListItem\",\"position\":1,\"name\":\"Home\",\"item\":\"https:\\\/\\\/poblenouurbandistrict.com\\\/es\\\/\"},{\"@type\":\"ListItem\",\"position\":2,\"name\":\"Urban Talks #7\",\"item\":\"https:\\\/\\\/poblenouurbandistrict.com\\\/es\\\/urban-talks-7\\\/\"},{\"@type\":\"ListItem\",\"position\":3,\"name\":\"Urban Talks\"}]},{\"@type\":\"WebSite\",\"@id\":\"https:\\\/\\\/poblenouurbandistrict.com\\\/es\\\/#website\",\"url\":\"https:\\\/\\\/poblenouurbandistrict.com\\\/es\\\/\",\"name\":\"Poblenou Urban District\",\"description\":\"Comunidad Creativa\",\"potentialAction\":[{\"@type\":\"SearchAction\",\"target\":{\"@type\":\"EntryPoint\",\"urlTemplate\":\"https:\\\/\\\/poblenouurbandistrict.com\\\/es\\\/?s={search_term_string}\"},\"query-input\":{\"@type\":\"PropertyValueSpecification\",\"valueRequired\":true,\"valueName\":\"search_term_string\"}}],\"inLanguage\":\"es\"}]}<\/script>\n<!-- \/ Yoast SEO plugin. -->","yoast_head_json":{"title":"#7 Urban Talks","description":"19 OCTUBRE | 17 h a 20 h | Disseny Hub Barcelona","robots":{"index":"index","follow":"follow","max-snippet":"max-snippet:-1","max-image-preview":"max-image-preview:large","max-video-preview":"max-video-preview:-1"},"canonical":"https:\/\/poblenouurbandistrict.com\/es\/urban-talks-7\/urban-talks-7-2-2\/","og_locale":"es_ES","og_type":"article","og_title":"#7 Urban Talks","og_description":"19 OCTUBRE | 17 h a 20 h | Disseny Hub Barcelona","og_url":"https:\/\/poblenouurbandistrict.com\/es\/urban-talks-7\/urban-talks-7-2-2\/","og_site_name":"Poblenou Urban District","article_modified_time":"2024-05-28T08:43:30+00:00","og_image":[{"width":1800,"height":1200,"url":"https:\/\/poblenouurbandistrict.com\/wp-content\/uploads\/2023\/09\/diseno-sin-titulo-2023-09-26t132228167.jpg","type":"image\/jpeg"}],"twitter_card":"summary_large_image","twitter_misc":{"Tiempo de lectura":"3 minutos"},"schema":{"@context":"https:\/\/schema.org","@graph":[{"@type":"WebPage","@id":"https:\/\/poblenouurbandistrict.com\/es\/urban-talks-7\/urban-talks-7-2-2\/","url":"https:\/\/poblenouurbandistrict.com\/es\/urban-talks-7\/urban-talks-7-2-2\/","name":"#7 Urban Talks","isPartOf":{"@id":"https:\/\/poblenouurbandistrict.com\/es\/#website"},"primaryImageOfPage":{"@id":"https:\/\/poblenouurbandistrict.com\/es\/urban-talks-7\/urban-talks-7-2-2\/#primaryimage"},"image":{"@id":"https:\/\/poblenouurbandistrict.com\/urban-talks-7\/urban-talks-7-2-2\/#primaryimage"},"thumbnailUrl":"https:\/\/media.poblenouurbandistrict.com\/2023\/09\/25065032\/diseno-sin-titulo-2023-09-26t132228167.jpg","datePublished":"2023-09-13T08:48:11+00:00","dateModified":"2024-05-28T08:43:30+00:00","description":"19 OCTUBRE | 17 h a 20 h | Disseny Hub Barcelona","breadcrumb":{"@id":"https:\/\/poblenouurbandistrict.com\/es\/urban-talks-7\/urban-talks-7-2-2\/#breadcrumb"},"inLanguage":"es","potentialAction":[{"@type":"ReadAction","target":[["https:\/\/poblenouurbandistrict.com\/es\/urban-talks-7\/urban-talks-7-2-2\/"]]}]},{"@type":"ImageObject","inLanguage":"es","@id":"https:\/\/poblenouurbandistrict.com\/es\/urban-talks-7\/urban-talks-7-2-2\/#primaryimage","url":"https:\/\/media.poblenouurbandistrict.com\/2023\/09\/25065032\/diseno-sin-titulo-2023-09-26t132228167.jpg","contentUrl":"https:\/\/media.poblenouurbandistrict.com\/2023\/09\/25065032\/diseno-sin-titulo-2023-09-26t132228167.jpg","width":1800,"height":1200},{"@type":"BreadcrumbList","@id":"https:\/\/poblenouurbandistrict.com\/es\/urban-talks-7\/urban-talks-7-2-2\/#breadcrumb","itemListElement":[{"@type":"ListItem","position":1,"name":"Home","item":"https:\/\/poblenouurbandistrict.com\/es\/"},{"@type":"ListItem","position":2,"name":"Urban Talks #7","item":"https:\/\/poblenouurbandistrict.com\/es\/urban-talks-7\/"},{"@type":"ListItem","position":3,"name":"Urban Talks"}]},{"@type":"WebSite","@id":"https:\/\/poblenouurbandistrict.com\/es\/#website","url":"https:\/\/poblenouurbandistrict.com\/es\/","name":"Poblenou Urban District","description":"Comunidad Creativa","potentialAction":[{"@type":"SearchAction","target":{"@type":"EntryPoint","urlTemplate":"https:\/\/poblenouurbandistrict.com\/es\/?s={search_term_string}"},"query-input":{"@type":"PropertyValueSpecification","valueRequired":true,"valueName":"search_term_string"}}],"inLanguage":"es"}]}},"_links":{"self":[{"href":"https:\/\/poblenouurbandistrict.com\/es\/wp-json\/wp\/v2\/pages\/41138","targetHints":{"allow":["GET"]}}],"collection":[{"href":"https:\/\/poblenouurbandistrict.com\/es\/wp-json\/wp\/v2\/pages"}],"about":[{"href":"https:\/\/poblenouurbandistrict.com\/es\/wp-json\/wp\/v2\/types\/page"}],"author":[{"embeddable":true,"href":"https:\/\/poblenouurbandistrict.com\/es\/wp-json\/wp\/v2\/users\/5"}],"replies":[{"embeddable":true,"href":"https:\/\/poblenouurbandistrict.com\/es\/wp-json\/wp\/v2\/comments?post=41138"}],"version-history":[{"count":50,"href":"https:\/\/poblenouurbandistrict.com\/es\/wp-json\/wp\/v2\/pages\/41138\/revisions"}],"predecessor-version":[{"id":46060,"href":"https:\/\/poblenouurbandistrict.com\/es\/wp-json\/wp\/v2\/pages\/41138\/revisions\/46060"}],"up":[{"embeddable":true,"href":"https:\/\/poblenouurbandistrict.com\/es\/wp-json\/wp\/v2\/pages\/40131"}],"wp:featuredmedia":[{"embeddable":true,"href":"https:\/\/poblenouurbandistrict.com\/es\/wp-json\/wp\/v2\/media\/41511"}],"wp:attachment":[{"href":"https:\/\/poblenouurbandistrict.com\/es\/wp-json\/wp\/v2\/media?parent=41138"}],"curies":[{"name":"wp","href":"https:\/\/api.w.org\/{rel}","templated":true}]}}

<p><b><span class="im">«DESTERRITORIALIZACIÓN, ARTE Y NUEVAS FORMAS DE CREACIÓN»</span></b></p>
<p>Moderadas por <a href="https://www.instagram.com/frankiepiza/">Frankie Pizá</a>, la séptima edición se plantea cómo en un entorno caracterizado por la constante competencia por la atención y la audiencia, donde todos somos, en mayor o menor medida, nómadas que transitan entre los espacios físicos y digitales, podemos realmente encontrar proyectos innovadores.</p>
<p>¿Creemos posible, en medio de este continuum de búsqueda de proyectos, encontrar soluciones que nos puedan ofrecer una conexión genuina con el entorno y las problemáticas de las personas que habitan en estos sitios? ¿Se puede transmitir algo relevante sin pertenecer a un sitio concreto y repitiendo las fórmulas que se propagan en las regiones digitales?</p>
<p>En esta nueva edición, nos sumergiremos en la exploración de propuestas que buscan reinventar la colaboración creativa mediante el uso de herramientas digitales y reflexionaremos sobre las cuestiones de desterritorialización de los artistas con expertos, artistas y teóricos.</p>
<hr />
<h4><a href="https://www.youtube.com/watch?v=JHY5yKUvD5k"><b>TALK #1: </b>«Arte y procesos creativos en tiempos del turismo permanente»</a></h4>
<p>Enmarcados en el consumo desorbitado impuesto por la posmodernidad y afectados por los síntomas de la llamada “hipercultura”, todos somos en cierta manera “turistas” permanentes. Incapaces de recordar y analizar, navegamos por contextos y disciplinas creativas bajo la exignecia de la multidisciplinariedad. Y el territorio, cada vez más inhóspito, nos va expulsando progresivamente.</p>
<p>En esta mesa redonda consultaremos a colectivos artísticos y a profesionales sobre las intenciones del artista de hoy y de qué formas se puede recuperar el contacto con el terreno, la realidad, el lugar y la comunidad para no caer en la patológica reproducción del autorretrato.</p>
<p><b>Participantes TALK #1:</b></p>
<ul>
<li>Jana Trave y Pablo Ciccarelli de <a href="https://www.instagram.com/p3vitrina/">P3Vitrina</a></li>
<li><a href="https://www.stefanieherr.com/">Stefanie Herr</a></li>
<li><a href="https://elpumarejo.org/">El Pumarejo: Alex Wellburn</a></li>
</ul>
<hr />
<h4><a href="https://www.youtube.com/watch?v=NgOfueub5Po"><b>TALK #2: «Máquinas que pintan: Una conversación con Lolo &amp; Sosaku»</b></a></h4>
<p>Lolo &amp; Sosaku investigan las posibilidades de la escultura como un campo expandido. El nexo que une su obra es la búsqueda de un objeto en contacto con su entorno y con el espectador, creando fricción y tensión, y explorando la capacidad de generar nuevos significados.</p>
<p>En esta mesa tendremos la oportunidad de charlar con este dúo de artistas argentino-nipón afincado en Barcelona, sobre la importancia de los espacios, las máquinas y las fuerzas ocultas que guían la vida en nuestra era tecnológica.</p>
<p><b>Participantes TALK #2:</b></p>
<ul>
<li><a href="http://www.loloysosaku.com/">Lolo &amp; Sosaku</a></li>
</ul>
<p></p>

<p>«DESTERRITORIALIZACIÓN, ARTE Y NUEVAS FORMAS DE CREACIÓN» Moderadas por Frankie Pizá, la séptima edición se plantea cómo en un entorno&#8230; <a href="https://poblenouurbandistrict.com/es/urban-talks-7/urban-talks-7-2-2/">Más  →</a></p>
