{"id":26707,"date":"2022-03-03T12:56:18","date_gmt":"2022-03-03T11:56:18","guid":{"rendered":"https:\/\/poblenouurbandistrict.com\/?post_type=tribe_events&#038;p=26707"},"modified":"2022-03-03T12:56:18","modified_gmt":"2022-03-03T11:56:18","slug":"festival-rajmaninov-i","status":"publish","type":"tribe_events","link":"https:\/\/poblenouurbandistrict.com\/es\/agenda\/festival-rajmaninov-i\/","title":{"rendered":"Festival Rajmaninov I"},"content":{"rendered":"<p><\/p>\n<div class=\"intro-text\">\n<p>Sergu\u00e9i Rajm\u00e1ninov es la culminaci\u00f3n de la tradici\u00f3n sinf\u00f3nica rusa. Extraordinario pianista, director y compositor, su m\u00fasica se nutre directamente del universo m\u00e1s genuinamente rom\u00e1ntico de Piotr Ilich Chaikovski y Fr\u00e9d\u00e9ric Chopin, en una sublimaci\u00f3n de la forma al servicio de la espontaneidad y la expresi\u00f3n. La obra de Rajm\u00e1ninov es sentimental, refinada y elegante, y muestra igualmente una fascinaci\u00f3n por la m\u00fasica z\u00edngara y por el folclore ruso.<\/p>\n<\/div>\n<div class=\"buyit\">\n<p class=\"buy-ticket\">\n<\/div>\n<p><\/p>","protected":false},"excerpt":{"rendered":"<p>Sergu\u00e9i Rajm\u00e1ninov es la culminaci\u00f3n de la tradici\u00f3n sinf\u00f3nica rusa. Extraordinario pianista, director y compositor, su m\u00fasica se nutre directamente&#8230; <a href=\"https:\/\/poblenouurbandistrict.com\/es\/agenda\/festival-rajmaninov-i\/\">M\u00e1s  \u2192<\/a><\/p>\n","protected":false},"author":5,"featured_media":26710,"template":"","meta":{"_acf_changed":false,"_tribe_events_status":"","_tribe_events_status_reason":"","_tribe_events_is_hybrid":"","_tribe_events_is_virtual":"","_tribe_events_virtual_video_source":"","_tribe_events_virtual_embed_video":"","_tribe_events_virtual_linked_button_text":"","_tribe_events_virtual_linked_button":"","_tribe_events_virtual_show_embed_at":"","_tribe_events_virtual_show_embed_to":[],"_tribe_events_virtual_show_on_event":"","_tribe_events_virtual_show_on_views":"","_tribe_events_virtual_url":"","footnotes":""},"tags":[],"tribe_events_cat":[],"class_list":["post-26707","tribe_events","type-tribe_events","status-publish","has-post-thumbnail","hentry"],"acf":[],"yoast_head":"<!-- This site is optimized with the Yoast SEO plugin v27.4 - https:\/\/yoast.com\/product\/yoast-seo-wordpress\/ -->\n<title>Festival Rajmaninov I &#8211; Poblenou Urban District<\/title>\n<meta name=\"robots\" content=\"index, follow, max-snippet:-1, max-image-preview:large, max-video-preview:-1\" \/>\n<link rel=\"canonical\" href=\"https:\/\/poblenouurbandistrict.com\/es\/agenda\/festival-rajmaninov-i\/\" \/>\n<meta property=\"og:locale\" content=\"es_ES\" \/>\n<meta property=\"og:type\" content=\"article\" \/>\n<meta property=\"og:title\" content=\"Festival Rajmaninov I &#8211; Poblenou Urban District\" \/>\n<meta property=\"og:description\" content=\"Sergu\u00e9i Rajm\u00e1ninov es la culminaci\u00f3n de la tradici\u00f3n sinf\u00f3nica rusa. Extraordinario pianista, director y compositor, su m\u00fasica se nutre directamente... M\u00e1s \u2192\" \/>\n<meta property=\"og:url\" content=\"https:\/\/poblenouurbandistrict.com\/es\/agenda\/festival-rajmaninov-i\/\" \/>\n<meta property=\"og:site_name\" content=\"Poblenou Urban District\" \/>\n<meta property=\"og:image\" content=\"https:\/\/poblenouurbandistrict.com\/wp-content\/uploads\/2022\/03\/captura-de-pantalla-2022-03-03-a-las-125523.png\" \/>\n\t<meta property=\"og:image:width\" content=\"666\" \/>\n\t<meta property=\"og:image:height\" content=\"666\" \/>\n\t<meta property=\"og:image:type\" content=\"image\/jpeg\" \/>\n<meta name=\"twitter:card\" content=\"summary_large_image\" \/>\n<meta name=\"twitter:label1\" content=\"Tiempo de lectura\" \/>\n\t<meta name=\"twitter:data1\" content=\"1 minuto\" \/>\n<script type=\"application\/ld+json\" class=\"yoast-schema-graph\">{\"@context\":\"https:\\\/\\\/schema.org\",\"@graph\":[{\"@type\":\"WebPage\",\"@id\":\"https:\\\/\\\/poblenouurbandistrict.com\\\/es\\\/agenda\\\/festival-rajmaninov-i\\\/\",\"url\":\"https:\\\/\\\/poblenouurbandistrict.com\\\/es\\\/agenda\\\/festival-rajmaninov-i\\\/\",\"name\":\"Festival Rajmaninov I &#8211; Poblenou Urban District\",\"isPartOf\":{\"@id\":\"https:\\\/\\\/poblenouurbandistrict.com\\\/es\\\/#website\"},\"primaryImageOfPage\":{\"@id\":\"https:\\\/\\\/poblenouurbandistrict.com\\\/es\\\/agenda\\\/festival-rajmaninov-i\\\/#primaryimage\"},\"image\":{\"@id\":\"https:\\\/\\\/poblenouurbandistrict.com\\\/agenda\\\/festival-rajmaninov-i\\\/#primaryimage\"},\"thumbnailUrl\":\"https:\\\/\\\/media.poblenouurbandistrict.com\\\/2022\\\/03\\\/25045010\\\/captura-de-pantalla-2022-03-03-a-las-125523.jpg\",\"datePublished\":\"2022-03-03T11:56:18+00:00\",\"breadcrumb\":{\"@id\":\"https:\\\/\\\/poblenouurbandistrict.com\\\/es\\\/agenda\\\/festival-rajmaninov-i\\\/#breadcrumb\"},\"inLanguage\":\"es\",\"potentialAction\":[{\"@type\":\"ReadAction\",\"target\":[[\"https:\\\/\\\/poblenouurbandistrict.com\\\/es\\\/agenda\\\/festival-rajmaninov-i\\\/\"]]}]},{\"@type\":\"ImageObject\",\"inLanguage\":\"es\",\"@id\":\"https:\\\/\\\/poblenouurbandistrict.com\\\/es\\\/agenda\\\/festival-rajmaninov-i\\\/#primaryimage\",\"url\":\"https:\\\/\\\/media.poblenouurbandistrict.com\\\/2022\\\/03\\\/25045010\\\/captura-de-pantalla-2022-03-03-a-las-125523.jpg\",\"contentUrl\":\"https:\\\/\\\/media.poblenouurbandistrict.com\\\/2022\\\/03\\\/25045010\\\/captura-de-pantalla-2022-03-03-a-las-125523.jpg\",\"width\":666,\"height\":666},{\"@type\":\"BreadcrumbList\",\"@id\":\"https:\\\/\\\/poblenouurbandistrict.com\\\/es\\\/agenda\\\/festival-rajmaninov-i\\\/#breadcrumb\",\"itemListElement\":[{\"@type\":\"ListItem\",\"position\":1,\"name\":\"Home\",\"item\":\"https:\\\/\\\/poblenouurbandistrict.com\\\/es\\\/\"},{\"@type\":\"ListItem\",\"position\":2,\"name\":\"Esdeveniments\",\"item\":\"https:\\\/\\\/poblenouurbandistrict.com\\\/es\\\/agenda\\\/\"},{\"@type\":\"ListItem\",\"position\":3,\"name\":\"Festival Rajmaninov I\"}]},{\"@type\":\"WebSite\",\"@id\":\"https:\\\/\\\/poblenouurbandistrict.com\\\/es\\\/#website\",\"url\":\"https:\\\/\\\/poblenouurbandistrict.com\\\/es\\\/\",\"name\":\"Poblenou Urban District\",\"description\":\"Comunidad Creativa\",\"potentialAction\":[{\"@type\":\"SearchAction\",\"target\":{\"@type\":\"EntryPoint\",\"urlTemplate\":\"https:\\\/\\\/poblenouurbandistrict.com\\\/es\\\/?s={search_term_string}\"},\"query-input\":{\"@type\":\"PropertyValueSpecification\",\"valueRequired\":true,\"valueName\":\"search_term_string\"}}],\"inLanguage\":\"es\"}]}<\/script>\n<!-- \/ Yoast SEO plugin. -->","yoast_head_json":{"title":"Festival Rajmaninov I &#8211; Poblenou Urban District","robots":{"index":"index","follow":"follow","max-snippet":"max-snippet:-1","max-image-preview":"max-image-preview:large","max-video-preview":"max-video-preview:-1"},"canonical":"https:\/\/poblenouurbandistrict.com\/es\/agenda\/festival-rajmaninov-i\/","og_locale":"es_ES","og_type":"article","og_title":"Festival Rajmaninov I &#8211; Poblenou Urban District","og_description":"Sergu\u00e9i Rajm\u00e1ninov es la culminaci\u00f3n de la tradici\u00f3n sinf\u00f3nica rusa. Extraordinario pianista, director y compositor, su m\u00fasica se nutre directamente... M\u00e1s \u2192","og_url":"https:\/\/poblenouurbandistrict.com\/es\/agenda\/festival-rajmaninov-i\/","og_site_name":"Poblenou Urban District","og_image":[{"width":666,"height":666,"url":"https:\/\/poblenouurbandistrict.com\/wp-content\/uploads\/2022\/03\/captura-de-pantalla-2022-03-03-a-las-125523.png","type":"image\/jpeg"}],"twitter_card":"summary_large_image","twitter_misc":{"Tiempo de lectura":"1 minuto"},"schema":{"@context":"https:\/\/schema.org","@graph":[{"@type":"WebPage","@id":"https:\/\/poblenouurbandistrict.com\/es\/agenda\/festival-rajmaninov-i\/","url":"https:\/\/poblenouurbandistrict.com\/es\/agenda\/festival-rajmaninov-i\/","name":"Festival Rajmaninov I &#8211; Poblenou Urban District","isPartOf":{"@id":"https:\/\/poblenouurbandistrict.com\/es\/#website"},"primaryImageOfPage":{"@id":"https:\/\/poblenouurbandistrict.com\/es\/agenda\/festival-rajmaninov-i\/#primaryimage"},"image":{"@id":"https:\/\/poblenouurbandistrict.com\/agenda\/festival-rajmaninov-i\/#primaryimage"},"thumbnailUrl":"https:\/\/media.poblenouurbandistrict.com\/2022\/03\/25045010\/captura-de-pantalla-2022-03-03-a-las-125523.jpg","datePublished":"2022-03-03T11:56:18+00:00","breadcrumb":{"@id":"https:\/\/poblenouurbandistrict.com\/es\/agenda\/festival-rajmaninov-i\/#breadcrumb"},"inLanguage":"es","potentialAction":[{"@type":"ReadAction","target":[["https:\/\/poblenouurbandistrict.com\/es\/agenda\/festival-rajmaninov-i\/"]]}]},{"@type":"ImageObject","inLanguage":"es","@id":"https:\/\/poblenouurbandistrict.com\/es\/agenda\/festival-rajmaninov-i\/#primaryimage","url":"https:\/\/media.poblenouurbandistrict.com\/2022\/03\/25045010\/captura-de-pantalla-2022-03-03-a-las-125523.jpg","contentUrl":"https:\/\/media.poblenouurbandistrict.com\/2022\/03\/25045010\/captura-de-pantalla-2022-03-03-a-las-125523.jpg","width":666,"height":666},{"@type":"BreadcrumbList","@id":"https:\/\/poblenouurbandistrict.com\/es\/agenda\/festival-rajmaninov-i\/#breadcrumb","itemListElement":[{"@type":"ListItem","position":1,"name":"Home","item":"https:\/\/poblenouurbandistrict.com\/es\/"},{"@type":"ListItem","position":2,"name":"Esdeveniments","item":"https:\/\/poblenouurbandistrict.com\/es\/agenda\/"},{"@type":"ListItem","position":3,"name":"Festival Rajmaninov I"}]},{"@type":"WebSite","@id":"https:\/\/poblenouurbandistrict.com\/es\/#website","url":"https:\/\/poblenouurbandistrict.com\/es\/","name":"Poblenou Urban District","description":"Comunidad Creativa","potentialAction":[{"@type":"SearchAction","target":{"@type":"EntryPoint","urlTemplate":"https:\/\/poblenouurbandistrict.com\/es\/?s={search_term_string}"},"query-input":{"@type":"PropertyValueSpecification","valueRequired":true,"valueName":"search_term_string"}}],"inLanguage":"es"}]}},"_links":{"self":[{"href":"https:\/\/poblenouurbandistrict.com\/es\/wp-json\/wp\/v2\/tribe_events\/26707","targetHints":{"allow":["GET"]}}],"collection":[{"href":"https:\/\/poblenouurbandistrict.com\/es\/wp-json\/wp\/v2\/tribe_events"}],"about":[{"href":"https:\/\/poblenouurbandistrict.com\/es\/wp-json\/wp\/v2\/types\/tribe_events"}],"author":[{"embeddable":true,"href":"https:\/\/poblenouurbandistrict.com\/es\/wp-json\/wp\/v2\/users\/5"}],"version-history":[{"count":1,"href":"https:\/\/poblenouurbandistrict.com\/es\/wp-json\/wp\/v2\/tribe_events\/26707\/revisions"}],"predecessor-version":[{"id":26711,"href":"https:\/\/poblenouurbandistrict.com\/es\/wp-json\/wp\/v2\/tribe_events\/26707\/revisions\/26711"}],"wp:featuredmedia":[{"embeddable":true,"href":"https:\/\/poblenouurbandistrict.com\/es\/wp-json\/wp\/v2\/media\/26710"}],"wp:attachment":[{"href":"https:\/\/poblenouurbandistrict.com\/es\/wp-json\/wp\/v2\/media?parent=26707"}],"wp:term":[{"taxonomy":"post_tag","embeddable":true,"href":"https:\/\/poblenouurbandistrict.com\/es\/wp-json\/wp\/v2\/tags?post=26707"},{"taxonomy":"tribe_events_cat","embeddable":true,"href":"https:\/\/poblenouurbandistrict.com\/es\/wp-json\/wp\/v2\/tribe_events_cat?post=26707"}],"curies":[{"name":"wp","href":"https:\/\/api.w.org\/{rel}","templated":true}]}}

<p></p>
<div class="intro-text">
<p>Serguéi Rajmáninov es la culminación de la tradición sinfónica rusa. Extraordinario pianista, director y compositor, su música se nutre directamente del universo más genuinamente romántico de Piotr Ilich Chaikovski y Frédéric Chopin, en una sublimación de la forma al servicio de la espontaneidad y la expresión. La obra de Rajmáninov es sentimental, refinada y elegante, y muestra igualmente una fascinación por la música zíngara y por el folclore ruso.</p>
</div>
<div class="buyit">
<p class="buy-ticket">
</div>
<p></p>

<p>Serguéi Rajmáninov es la culminación de la tradición sinfónica rusa. Extraordinario pianista, director y compositor, su música se nutre directamente&#8230; <a href="https://poblenouurbandistrict.com/es/agenda/festival-rajmaninov-i/">Más  →</a></p>

<!-- This site is optimized with the Yoast SEO plugin v27.4 - https://yoast.com/product/yoast-seo-wordpress/ -->
<title>Festival Rajmaninov I &#8211; Poblenou Urban District</title>
<meta name="robots" content="index, follow, max-snippet:-1, max-image-preview:large, max-video-preview:-1" />
<link rel="canonical" href="https://poblenouurbandistrict.com/es/agenda/festival-rajmaninov-i/" />
<meta property="og:locale" content="es_ES" />
<meta property="og:type" content="article" />
<meta property="og:title" content="Festival Rajmaninov I &#8211; Poblenou Urban District" />
<meta property="og:description" content="Serguéi Rajmáninov es la culminación de la tradición sinfónica rusa. Extraordinario pianista, director y compositor, su música se nutre directamente... Más →" />
<meta property="og:url" content="https://poblenouurbandistrict.com/es/agenda/festival-rajmaninov-i/" />
<meta property="og:site_name" content="Poblenou Urban District" />
<meta property="og:image" content="https://poblenouurbandistrict.com/wp-content/uploads/2022/03/captura-de-pantalla-2022-03-03-a-las-125523.png" />
	<meta property="og:image:width" content="666" />
	<meta property="og:image:height" content="666" />
	<meta property="og:image:type" content="image/jpeg" />
<meta name="twitter:card" content="summary_large_image" />
<meta name="twitter:label1" content="Tiempo de lectura" />
	<meta name="twitter:data1" content="1 minuto" />
<script type="application/ld+json" class="yoast-schema-graph">{"@context":"https:\/\/schema.org","@graph":[{"@type":"WebPage","@id":"https:\/\/poblenouurbandistrict.com\/es\/agenda\/festival-rajmaninov-i\/","url":"https:\/\/poblenouurbandistrict.com\/es\/agenda\/festival-rajmaninov-i\/","name":"Festival Rajmaninov I &#8211; Poblenou Urban District","isPartOf":{"@id":"https:\/\/poblenouurbandistrict.com\/es\/#website"},"primaryImageOfPage":{"@id":"https:\/\/poblenouurbandistrict.com\/es\/agenda\/festival-rajmaninov-i\/#primaryimage"},"image":{"@id":"https:\/\/poblenouurbandistrict.com\/agenda\/festival-rajmaninov-i\/#primaryimage"},"thumbnailUrl":"https:\/\/media.poblenouurbandistrict.com\/2022\/03\/25045010\/captura-de-pantalla-2022-03-03-a-las-125523.jpg","datePublished":"2022-03-03T11:56:18+00:00","breadcrumb":{"@id":"https:\/\/poblenouurbandistrict.com\/es\/agenda\/festival-rajmaninov-i\/#breadcrumb"},"inLanguage":"es","potentialAction":[{"@type":"ReadAction","target":[["https:\/\/poblenouurbandistrict.com\/es\/agenda\/festival-rajmaninov-i\/"]]}]},{"@type":"ImageObject","inLanguage":"es","@id":"https:\/\/poblenouurbandistrict.com\/es\/agenda\/festival-rajmaninov-i\/#primaryimage","url":"https:\/\/media.poblenouurbandistrict.com\/2022\/03\/25045010\/captura-de-pantalla-2022-03-03-a-las-125523.jpg","contentUrl":"https:\/\/media.poblenouurbandistrict.com\/2022\/03\/25045010\/captura-de-pantalla-2022-03-03-a-las-125523.jpg","width":666,"height":666},{"@type":"BreadcrumbList","@id":"https:\/\/poblenouurbandistrict.com\/es\/agenda\/festival-rajmaninov-i\/#breadcrumb","itemListElement":[{"@type":"ListItem","position":1,"name":"Home","item":"https:\/\/poblenouurbandistrict.com\/es\/"},{"@type":"ListItem","position":2,"name":"Esdeveniments","item":"https:\/\/poblenouurbandistrict.com\/es\/agenda\/"},{"@type":"ListItem","position":3,"name":"Festival Rajmaninov I"}]},{"@type":"WebSite","@id":"https:\/\/poblenouurbandistrict.com\/es\/#website","url":"https:\/\/poblenouurbandistrict.com\/es\/","name":"Poblenou Urban District","description":"Comunidad Creativa","potentialAction":[{"@type":"SearchAction","target":{"@type":"EntryPoint","urlTemplate":"https:\/\/poblenouurbandistrict.com\/es\/?s={search_term_string}"},"query-input":{"@type":"PropertyValueSpecification","valueRequired":true,"valueName":"search_term_string"}}],"inLanguage":"es"}]}</script>
<!-- / Yoast SEO plugin. -->

Serguéi Rajmáninov es la culminación de la tradición sinfónica rusa. Extraordinario pianista, director y compositor, su música se nutre directamente... Más →
