{"id":26869,"date":"2022-03-09T13:27:04","date_gmt":"2022-03-09T12:27:04","guid":{"rendered":"https:\/\/poblenouurbandistrict.com\/?post_type=tribe_events&#038;p=26869"},"modified":"2022-04-06T00:00:36","modified_gmt":"2022-04-05T22:00:36","slug":"concert-janine-jansen-y-denis-kozhukhin","status":"publish","type":"tribe_events","link":"https:\/\/poblenouurbandistrict.com\/es\/agenda\/concert-janine-jansen-y-denis-kozhukhin\/","title":{"rendered":"Concierto: Janine Jansen y Denis Kozhukhin"},"content":{"rendered":"<p><\/p>\n<div class=\"intro-text\">\n<p>En el momento de escribir esta Sonata para viol\u00edn y piano, Schubert se hab\u00eda hecho un lugar en el mundo musical vien\u00e9s como compositor sinf\u00f3nico y de\u00a0<em>lieder<\/em>. A pesar de todo, la m\u00fasica de c\u00e1mara siempre form\u00f3 parte de la pr\u00e1ctica musical cotidiana, en familia y entre amigos. Esta sonata es muy personal, ya lejos de la influencia de su admirado Mozart, y tiene un grado de dificultad t\u00e9cnica superior a las sonatas anteriores para viol\u00edn. De forma similar, la \u00faltima Sonata para viol\u00edn de Johannes Brahms, en cuatro movimientos y dedicada a Hans von B\u00fclow, es extremadamente concisa y dram\u00e1tica, en contraste con las anteriores y en consonancia con otras obras de la misma \u00e9poca. Escrita casi un siglo antes, la sonata de Beethoven dedicada a Rodolphe Kreutzer \u2014que nunca toc\u00f3\u2014 ha inspirado novelas, cuadros y sinfon\u00edas. Una obra inusual tanto por la exigencia t\u00e9cnica de la parte de viol\u00edn como por la diversidad de afectos y emociones que recorre, entre la furia, la contemplaci\u00f3n y la alegr\u00eda final.<\/p>\n<\/div>\n<div class=\"buyit\">\n<p class=\"buy-ticket\">\n<\/div>\n<p><\/p>","protected":false},"excerpt":{"rendered":"<p>En el momento de escribir esta Sonata para viol\u00edn y piano, Schubert se hab\u00eda hecho un lugar en el mundo&#8230; <a href=\"https:\/\/poblenouurbandistrict.com\/es\/agenda\/concert-janine-jansen-y-denis-kozhukhin\/\">M\u00e1s  \u2192<\/a><\/p>\n","protected":false},"author":5,"featured_media":26870,"template":"","meta":{"_acf_changed":false,"_tribe_events_status":"","_tribe_events_status_reason":"","_tribe_events_is_hybrid":"","_tribe_events_is_virtual":"","_tribe_events_virtual_video_source":"","_tribe_events_virtual_embed_video":"","_tribe_events_virtual_linked_button_text":"","_tribe_events_virtual_linked_button":"","_tribe_events_virtual_show_embed_at":"","_tribe_events_virtual_show_embed_to":[],"_tribe_events_virtual_show_on_event":"","_tribe_events_virtual_show_on_views":"","_tribe_events_virtual_url":"","footnotes":""},"tags":[],"tribe_events_cat":[3557],"class_list":["post-26869","tribe_events","type-tribe_events","status-publish","has-post-thumbnail","hentry","tribe_events_cat-musica","cat_musica"],"acf":[],"yoast_head":"<!-- This site is optimized with the Yoast SEO plugin v27.4 - https:\/\/yoast.com\/product\/yoast-seo-wordpress\/ -->\n<title>Concierto: Janine Jansen y Denis Kozhukhin &#8211; Poblenou Urban District<\/title>\n<meta name=\"robots\" content=\"index, follow, max-snippet:-1, max-image-preview:large, max-video-preview:-1\" \/>\n<link rel=\"canonical\" href=\"https:\/\/poblenouurbandistrict.com\/es\/agenda\/concert-janine-jansen-y-denis-kozhukhin\/\" \/>\n<meta property=\"og:locale\" content=\"es_ES\" \/>\n<meta property=\"og:type\" content=\"article\" \/>\n<meta property=\"og:title\" content=\"Concierto: Janine Jansen y Denis Kozhukhin &#8211; Poblenou Urban District\" \/>\n<meta property=\"og:description\" content=\"En el momento de escribir esta Sonata para viol\u00edn y piano, Schubert se hab\u00eda hecho un lugar en el mundo... M\u00e1s \u2192\" \/>\n<meta property=\"og:url\" content=\"https:\/\/poblenouurbandistrict.com\/es\/agenda\/concert-janine-jansen-y-denis-kozhukhin\/\" \/>\n<meta property=\"og:site_name\" content=\"Poblenou Urban District\" \/>\n<meta property=\"article:modified_time\" content=\"2022-04-05T22:00:36+00:00\" \/>\n<meta property=\"og:image\" content=\"https:\/\/poblenouurbandistrict.com\/wp-content\/uploads\/2022\/03\/captura-de-pantalla-2022-03-09-a-las-132611.png\" \/>\n\t<meta property=\"og:image:width\" content=\"652\" \/>\n\t<meta property=\"og:image:height\" content=\"650\" \/>\n\t<meta property=\"og:image:type\" content=\"image\/jpeg\" \/>\n<meta name=\"twitter:card\" content=\"summary_large_image\" \/>\n<meta name=\"twitter:label1\" content=\"Tiempo de lectura\" \/>\n\t<meta name=\"twitter:data1\" content=\"2 minutos\" \/>\n<script type=\"application\/ld+json\" class=\"yoast-schema-graph\">{\"@context\":\"https:\\\/\\\/schema.org\",\"@graph\":[{\"@type\":\"WebPage\",\"@id\":\"https:\\\/\\\/poblenouurbandistrict.com\\\/es\\\/agenda\\\/concert-janine-jansen-y-denis-kozhukhin\\\/\",\"url\":\"https:\\\/\\\/poblenouurbandistrict.com\\\/es\\\/agenda\\\/concert-janine-jansen-y-denis-kozhukhin\\\/\",\"name\":\"Concierto: Janine Jansen y Denis Kozhukhin &#8211; Poblenou Urban District\",\"isPartOf\":{\"@id\":\"https:\\\/\\\/poblenouurbandistrict.com\\\/es\\\/#website\"},\"primaryImageOfPage\":{\"@id\":\"https:\\\/\\\/poblenouurbandistrict.com\\\/es\\\/agenda\\\/concert-janine-jansen-y-denis-kozhukhin\\\/#primaryimage\"},\"image\":{\"@id\":\"https:\\\/\\\/poblenouurbandistrict.com\\\/agenda\\\/concert-janine-jansen-y-denis-kozhukhin\\\/#primaryimage\"},\"thumbnailUrl\":\"https:\\\/\\\/media.poblenouurbandistrict.com\\\/2022\\\/03\\\/25045103\\\/captura-de-pantalla-2022-03-09-a-las-132611.jpg\",\"datePublished\":\"2022-03-09T12:27:04+00:00\",\"dateModified\":\"2022-04-05T22:00:36+00:00\",\"breadcrumb\":{\"@id\":\"https:\\\/\\\/poblenouurbandistrict.com\\\/es\\\/agenda\\\/concert-janine-jansen-y-denis-kozhukhin\\\/#breadcrumb\"},\"inLanguage\":\"es\",\"potentialAction\":[{\"@type\":\"ReadAction\",\"target\":[[\"https:\\\/\\\/poblenouurbandistrict.com\\\/es\\\/agenda\\\/concert-janine-jansen-y-denis-kozhukhin\\\/\"]]}]},{\"@type\":\"ImageObject\",\"inLanguage\":\"es\",\"@id\":\"https:\\\/\\\/poblenouurbandistrict.com\\\/es\\\/agenda\\\/concert-janine-jansen-y-denis-kozhukhin\\\/#primaryimage\",\"url\":\"https:\\\/\\\/media.poblenouurbandistrict.com\\\/2022\\\/03\\\/25045103\\\/captura-de-pantalla-2022-03-09-a-las-132611.jpg\",\"contentUrl\":\"https:\\\/\\\/media.poblenouurbandistrict.com\\\/2022\\\/03\\\/25045103\\\/captura-de-pantalla-2022-03-09-a-las-132611.jpg\",\"width\":652,\"height\":650},{\"@type\":\"BreadcrumbList\",\"@id\":\"https:\\\/\\\/poblenouurbandistrict.com\\\/es\\\/agenda\\\/concert-janine-jansen-y-denis-kozhukhin\\\/#breadcrumb\",\"itemListElement\":[{\"@type\":\"ListItem\",\"position\":1,\"name\":\"Home\",\"item\":\"https:\\\/\\\/poblenouurbandistrict.com\\\/es\\\/\"},{\"@type\":\"ListItem\",\"position\":2,\"name\":\"Esdeveniments\",\"item\":\"https:\\\/\\\/poblenouurbandistrict.com\\\/es\\\/agenda\\\/\"},{\"@type\":\"ListItem\",\"position\":3,\"name\":\"Concert: Janine Jansen y Denis Kozhukhin\"}]},{\"@type\":\"WebSite\",\"@id\":\"https:\\\/\\\/poblenouurbandistrict.com\\\/es\\\/#website\",\"url\":\"https:\\\/\\\/poblenouurbandistrict.com\\\/es\\\/\",\"name\":\"Poblenou Urban District\",\"description\":\"Comunidad Creativa\",\"potentialAction\":[{\"@type\":\"SearchAction\",\"target\":{\"@type\":\"EntryPoint\",\"urlTemplate\":\"https:\\\/\\\/poblenouurbandistrict.com\\\/es\\\/?s={search_term_string}\"},\"query-input\":{\"@type\":\"PropertyValueSpecification\",\"valueRequired\":true,\"valueName\":\"search_term_string\"}}],\"inLanguage\":\"es\"}]}<\/script>\n<!-- \/ Yoast SEO plugin. -->","yoast_head_json":{"title":"Concierto: Janine Jansen y Denis Kozhukhin &#8211; Poblenou Urban District","robots":{"index":"index","follow":"follow","max-snippet":"max-snippet:-1","max-image-preview":"max-image-preview:large","max-video-preview":"max-video-preview:-1"},"canonical":"https:\/\/poblenouurbandistrict.com\/es\/agenda\/concert-janine-jansen-y-denis-kozhukhin\/","og_locale":"es_ES","og_type":"article","og_title":"Concierto: Janine Jansen y Denis Kozhukhin &#8211; Poblenou Urban District","og_description":"En el momento de escribir esta Sonata para viol\u00edn y piano, Schubert se hab\u00eda hecho un lugar en el mundo... M\u00e1s \u2192","og_url":"https:\/\/poblenouurbandistrict.com\/es\/agenda\/concert-janine-jansen-y-denis-kozhukhin\/","og_site_name":"Poblenou Urban District","article_modified_time":"2022-04-05T22:00:36+00:00","og_image":[{"width":652,"height":650,"url":"https:\/\/poblenouurbandistrict.com\/wp-content\/uploads\/2022\/03\/captura-de-pantalla-2022-03-09-a-las-132611.png","type":"image\/jpeg"}],"twitter_card":"summary_large_image","twitter_misc":{"Tiempo de lectura":"2 minutos"},"schema":{"@context":"https:\/\/schema.org","@graph":[{"@type":"WebPage","@id":"https:\/\/poblenouurbandistrict.com\/es\/agenda\/concert-janine-jansen-y-denis-kozhukhin\/","url":"https:\/\/poblenouurbandistrict.com\/es\/agenda\/concert-janine-jansen-y-denis-kozhukhin\/","name":"Concierto: Janine Jansen y Denis Kozhukhin &#8211; Poblenou Urban District","isPartOf":{"@id":"https:\/\/poblenouurbandistrict.com\/es\/#website"},"primaryImageOfPage":{"@id":"https:\/\/poblenouurbandistrict.com\/es\/agenda\/concert-janine-jansen-y-denis-kozhukhin\/#primaryimage"},"image":{"@id":"https:\/\/poblenouurbandistrict.com\/agenda\/concert-janine-jansen-y-denis-kozhukhin\/#primaryimage"},"thumbnailUrl":"https:\/\/media.poblenouurbandistrict.com\/2022\/03\/25045103\/captura-de-pantalla-2022-03-09-a-las-132611.jpg","datePublished":"2022-03-09T12:27:04+00:00","dateModified":"2022-04-05T22:00:36+00:00","breadcrumb":{"@id":"https:\/\/poblenouurbandistrict.com\/es\/agenda\/concert-janine-jansen-y-denis-kozhukhin\/#breadcrumb"},"inLanguage":"es","potentialAction":[{"@type":"ReadAction","target":[["https:\/\/poblenouurbandistrict.com\/es\/agenda\/concert-janine-jansen-y-denis-kozhukhin\/"]]}]},{"@type":"ImageObject","inLanguage":"es","@id":"https:\/\/poblenouurbandistrict.com\/es\/agenda\/concert-janine-jansen-y-denis-kozhukhin\/#primaryimage","url":"https:\/\/media.poblenouurbandistrict.com\/2022\/03\/25045103\/captura-de-pantalla-2022-03-09-a-las-132611.jpg","contentUrl":"https:\/\/media.poblenouurbandistrict.com\/2022\/03\/25045103\/captura-de-pantalla-2022-03-09-a-las-132611.jpg","width":652,"height":650},{"@type":"BreadcrumbList","@id":"https:\/\/poblenouurbandistrict.com\/es\/agenda\/concert-janine-jansen-y-denis-kozhukhin\/#breadcrumb","itemListElement":[{"@type":"ListItem","position":1,"name":"Home","item":"https:\/\/poblenouurbandistrict.com\/es\/"},{"@type":"ListItem","position":2,"name":"Esdeveniments","item":"https:\/\/poblenouurbandistrict.com\/es\/agenda\/"},{"@type":"ListItem","position":3,"name":"Concert: Janine Jansen y Denis Kozhukhin"}]},{"@type":"WebSite","@id":"https:\/\/poblenouurbandistrict.com\/es\/#website","url":"https:\/\/poblenouurbandistrict.com\/es\/","name":"Poblenou Urban District","description":"Comunidad Creativa","potentialAction":[{"@type":"SearchAction","target":{"@type":"EntryPoint","urlTemplate":"https:\/\/poblenouurbandistrict.com\/es\/?s={search_term_string}"},"query-input":{"@type":"PropertyValueSpecification","valueRequired":true,"valueName":"search_term_string"}}],"inLanguage":"es"}]}},"_links":{"self":[{"href":"https:\/\/poblenouurbandistrict.com\/es\/wp-json\/wp\/v2\/tribe_events\/26869","targetHints":{"allow":["GET"]}}],"collection":[{"href":"https:\/\/poblenouurbandistrict.com\/es\/wp-json\/wp\/v2\/tribe_events"}],"about":[{"href":"https:\/\/poblenouurbandistrict.com\/es\/wp-json\/wp\/v2\/types\/tribe_events"}],"author":[{"embeddable":true,"href":"https:\/\/poblenouurbandistrict.com\/es\/wp-json\/wp\/v2\/users\/5"}],"version-history":[{"count":1,"href":"https:\/\/poblenouurbandistrict.com\/es\/wp-json\/wp\/v2\/tribe_events\/26869\/revisions"}],"predecessor-version":[{"id":26871,"href":"https:\/\/poblenouurbandistrict.com\/es\/wp-json\/wp\/v2\/tribe_events\/26869\/revisions\/26871"}],"wp:featuredmedia":[{"embeddable":true,"href":"https:\/\/poblenouurbandistrict.com\/es\/wp-json\/wp\/v2\/media\/26870"}],"wp:attachment":[{"href":"https:\/\/poblenouurbandistrict.com\/es\/wp-json\/wp\/v2\/media?parent=26869"}],"wp:term":[{"taxonomy":"post_tag","embeddable":true,"href":"https:\/\/poblenouurbandistrict.com\/es\/wp-json\/wp\/v2\/tags?post=26869"},{"taxonomy":"tribe_events_cat","embeddable":true,"href":"https:\/\/poblenouurbandistrict.com\/es\/wp-json\/wp\/v2\/tribe_events_cat?post=26869"}],"curies":[{"name":"wp","href":"https:\/\/api.w.org\/{rel}","templated":true}]}}

<p></p>
<div class="intro-text">
<p>En el momento de escribir esta Sonata para violín y piano, Schubert se había hecho un lugar en el mundo musical vienés como compositor sinfónico y de <em>lieder</em>. A pesar de todo, la música de cámara siempre formó parte de la práctica musical cotidiana, en familia y entre amigos. Esta sonata es muy personal, ya lejos de la influencia de su admirado Mozart, y tiene un grado de dificultad técnica superior a las sonatas anteriores para violín. De forma similar, la última Sonata para violín de Johannes Brahms, en cuatro movimientos y dedicada a Hans von Bülow, es extremadamente concisa y dramática, en contraste con las anteriores y en consonancia con otras obras de la misma época. Escrita casi un siglo antes, la sonata de Beethoven dedicada a Rodolphe Kreutzer —que nunca tocó— ha inspirado novelas, cuadros y sinfonías. Una obra inusual tanto por la exigencia técnica de la parte de violín como por la diversidad de afectos y emociones que recorre, entre la furia, la contemplación y la alegría final.</p>
</div>
<div class="buyit">
<p class="buy-ticket">
</div>
<p></p>

<p>En el momento de escribir esta Sonata para violín y piano, Schubert se había hecho un lugar en el mundo&#8230; <a href="https://poblenouurbandistrict.com/es/agenda/concert-janine-jansen-y-denis-kozhukhin/">Más  →</a></p>

<!-- This site is optimized with the Yoast SEO plugin v27.4 - https://yoast.com/product/yoast-seo-wordpress/ -->
<title>Concierto: Janine Jansen y Denis Kozhukhin &#8211; Poblenou Urban District</title>
<meta name="robots" content="index, follow, max-snippet:-1, max-image-preview:large, max-video-preview:-1" />
<link rel="canonical" href="https://poblenouurbandistrict.com/es/agenda/concert-janine-jansen-y-denis-kozhukhin/" />
<meta property="og:locale" content="es_ES" />
<meta property="og:type" content="article" />
<meta property="og:title" content="Concierto: Janine Jansen y Denis Kozhukhin &#8211; Poblenou Urban District" />
<meta property="og:description" content="En el momento de escribir esta Sonata para violín y piano, Schubert se había hecho un lugar en el mundo... Más →" />
<meta property="og:url" content="https://poblenouurbandistrict.com/es/agenda/concert-janine-jansen-y-denis-kozhukhin/" />
<meta property="og:site_name" content="Poblenou Urban District" />
<meta property="article:modified_time" content="2022-04-05T22:00:36+00:00" />
<meta property="og:image" content="https://poblenouurbandistrict.com/wp-content/uploads/2022/03/captura-de-pantalla-2022-03-09-a-las-132611.png" />
	<meta property="og:image:width" content="652" />
	<meta property="og:image:height" content="650" />
	<meta property="og:image:type" content="image/jpeg" />
<meta name="twitter:card" content="summary_large_image" />
<meta name="twitter:label1" content="Tiempo de lectura" />
	<meta name="twitter:data1" content="2 minutos" />
<script type="application/ld+json" class="yoast-schema-graph">{"@context":"https:\/\/schema.org","@graph":[{"@type":"WebPage","@id":"https:\/\/poblenouurbandistrict.com\/es\/agenda\/concert-janine-jansen-y-denis-kozhukhin\/","url":"https:\/\/poblenouurbandistrict.com\/es\/agenda\/concert-janine-jansen-y-denis-kozhukhin\/","name":"Concierto: Janine Jansen y Denis Kozhukhin &#8211; Poblenou Urban District","isPartOf":{"@id":"https:\/\/poblenouurbandistrict.com\/es\/#website"},"primaryImageOfPage":{"@id":"https:\/\/poblenouurbandistrict.com\/es\/agenda\/concert-janine-jansen-y-denis-kozhukhin\/#primaryimage"},"image":{"@id":"https:\/\/poblenouurbandistrict.com\/agenda\/concert-janine-jansen-y-denis-kozhukhin\/#primaryimage"},"thumbnailUrl":"https:\/\/media.poblenouurbandistrict.com\/2022\/03\/25045103\/captura-de-pantalla-2022-03-09-a-las-132611.jpg","datePublished":"2022-03-09T12:27:04+00:00","dateModified":"2022-04-05T22:00:36+00:00","breadcrumb":{"@id":"https:\/\/poblenouurbandistrict.com\/es\/agenda\/concert-janine-jansen-y-denis-kozhukhin\/#breadcrumb"},"inLanguage":"es","potentialAction":[{"@type":"ReadAction","target":[["https:\/\/poblenouurbandistrict.com\/es\/agenda\/concert-janine-jansen-y-denis-kozhukhin\/"]]}]},{"@type":"ImageObject","inLanguage":"es","@id":"https:\/\/poblenouurbandistrict.com\/es\/agenda\/concert-janine-jansen-y-denis-kozhukhin\/#primaryimage","url":"https:\/\/media.poblenouurbandistrict.com\/2022\/03\/25045103\/captura-de-pantalla-2022-03-09-a-las-132611.jpg","contentUrl":"https:\/\/media.poblenouurbandistrict.com\/2022\/03\/25045103\/captura-de-pantalla-2022-03-09-a-las-132611.jpg","width":652,"height":650},{"@type":"BreadcrumbList","@id":"https:\/\/poblenouurbandistrict.com\/es\/agenda\/concert-janine-jansen-y-denis-kozhukhin\/#breadcrumb","itemListElement":[{"@type":"ListItem","position":1,"name":"Home","item":"https:\/\/poblenouurbandistrict.com\/es\/"},{"@type":"ListItem","position":2,"name":"Esdeveniments","item":"https:\/\/poblenouurbandistrict.com\/es\/agenda\/"},{"@type":"ListItem","position":3,"name":"Concert: Janine Jansen y Denis Kozhukhin"}]},{"@type":"WebSite","@id":"https:\/\/poblenouurbandistrict.com\/es\/#website","url":"https:\/\/poblenouurbandistrict.com\/es\/","name":"Poblenou Urban District","description":"Comunidad Creativa","potentialAction":[{"@type":"SearchAction","target":{"@type":"EntryPoint","urlTemplate":"https:\/\/poblenouurbandistrict.com\/es\/?s={search_term_string}"},"query-input":{"@type":"PropertyValueSpecification","valueRequired":true,"valueName":"search_term_string"}}],"inLanguage":"es"}]}</script>
<!-- / Yoast SEO plugin. -->

En el momento de escribir esta Sonata para violín y piano, Schubert se había hecho un lugar en el mundo... Más →
