{"id":26940,"date":"2022-03-10T18:38:19","date_gmt":"2022-03-10T17:38:19","guid":{"rendered":"https:\/\/poblenouurbandistrict.com\/?post_type=tribe_events&#038;p=26940"},"modified":"2022-03-10T18:38:19","modified_gmt":"2022-03-10T17:38:19","slug":"wac-windows-art-circuit","status":"publish","type":"tribe_events","link":"https:\/\/poblenouurbandistrict.com\/es\/agenda\/wac-windows-art-circuit\/","title":{"rendered":"WAC: Windows Art Circuit"},"content":{"rendered":"<p>El pr\u00f3ximo 7 de mayo se celebrar\u00e1 el Windows Art Circuit (WAC), uno de los eventos vertebradores del Poblenou Urban District. Un circuito que permite el p\u00fablico experimentar en directo el proceso completo de creaci\u00f3n del arte mural sobre soportes no convencionales, reclamando las calles y recuperando los espacios en desuso como \u00e1reas de alto valor cultural.<\/p>","protected":false},"excerpt":{"rendered":"<p>El pr\u00f3ximo 7 de mayo se celebrar\u00e1 el Windows Art Circuit (WAC), uno de los eventos vertebradores del Poblenou Urban&#8230; <a href=\"https:\/\/poblenouurbandistrict.com\/es\/agenda\/wac-windows-art-circuit\/\">M\u00e1s  \u2192<\/a><\/p>\n","protected":false},"author":5,"featured_media":22398,"template":"","meta":{"_acf_changed":false,"_tribe_events_status":"","_tribe_events_status_reason":"","_tribe_events_is_hybrid":"","_tribe_events_is_virtual":"","_tribe_events_virtual_video_source":"","_tribe_events_virtual_embed_video":"","_tribe_events_virtual_linked_button_text":"","_tribe_events_virtual_linked_button":"","_tribe_events_virtual_show_embed_at":"","_tribe_events_virtual_show_embed_to":[],"_tribe_events_virtual_show_on_event":"","_tribe_events_virtual_show_on_views":"","_tribe_events_virtual_url":"","footnotes":""},"tags":[],"tribe_events_cat":[3553],"class_list":["post-26940","tribe_events","type-tribe_events","status-publish","has-post-thumbnail","hentry","tribe_events_cat-exposicion","cat_exposicion"],"acf":[],"yoast_head":"<!-- This site is optimized with the Yoast SEO plugin v27.5 - https:\/\/yoast.com\/product\/yoast-seo-wordpress\/ -->\n<title>WAC: Windows Art Circuit &#8211; Poblenou Urban District<\/title>\n<meta name=\"robots\" content=\"index, follow, max-snippet:-1, max-image-preview:large, max-video-preview:-1\" \/>\n<link rel=\"canonical\" href=\"https:\/\/poblenouurbandistrict.com\/es\/agenda\/wac-windows-art-circuit\/\" \/>\n<meta property=\"og:locale\" content=\"es_ES\" \/>\n<meta property=\"og:type\" content=\"article\" \/>\n<meta property=\"og:title\" content=\"WAC: Windows Art Circuit &#8211; Poblenou Urban District\" \/>\n<meta property=\"og:description\" content=\"El pr\u00f3ximo 7 de mayo se celebrar\u00e1 el Windows Art Circuit (WAC), uno de los eventos vertebradores del Poblenou Urban... M\u00e1s \u2192\" \/>\n<meta property=\"og:url\" content=\"https:\/\/poblenouurbandistrict.com\/es\/agenda\/wac-windows-art-circuit\/\" \/>\n<meta property=\"og:site_name\" content=\"Poblenou Urban District\" \/>\n<meta property=\"og:image\" content=\"https:\/\/poblenouurbandistrict.com\/wp-content\/uploads\/2021\/05\/creto.png\" \/>\n\t<meta property=\"og:image:width\" content=\"1080\" \/>\n\t<meta property=\"og:image:height\" content=\"1080\" \/>\n\t<meta property=\"og:image:type\" content=\"image\/png\" \/>\n<meta name=\"twitter:card\" content=\"summary_large_image\" \/>\n<meta name=\"twitter:label1\" content=\"Tiempo de lectura\" \/>\n\t<meta name=\"twitter:data1\" content=\"1 minuto\" \/>\n<script type=\"application\/ld+json\" class=\"yoast-schema-graph\">{\"@context\":\"https:\\\/\\\/schema.org\",\"@graph\":[{\"@type\":\"WebPage\",\"@id\":\"https:\\\/\\\/poblenouurbandistrict.com\\\/es\\\/agenda\\\/wac-windows-art-circuit\\\/\",\"url\":\"https:\\\/\\\/poblenouurbandistrict.com\\\/es\\\/agenda\\\/wac-windows-art-circuit\\\/\",\"name\":\"WAC: Windows Art Circuit &#8211; Poblenou Urban District\",\"isPartOf\":{\"@id\":\"https:\\\/\\\/poblenouurbandistrict.com\\\/es\\\/#website\"},\"primaryImageOfPage\":{\"@id\":\"https:\\\/\\\/poblenouurbandistrict.com\\\/es\\\/agenda\\\/wac-windows-art-circuit\\\/#primaryimage\"},\"image\":{\"@id\":\"https:\\\/\\\/poblenouurbandistrict.com\\\/agenda\\\/wac-windows-art-circuit\\\/#primaryimage\"},\"thumbnailUrl\":\"https:\\\/\\\/media.poblenouurbandistrict.com\\\/2021\\\/05\\\/25040040\\\/creto-1.jpg\",\"datePublished\":\"2022-03-10T17:38:19+00:00\",\"breadcrumb\":{\"@id\":\"https:\\\/\\\/poblenouurbandistrict.com\\\/es\\\/agenda\\\/wac-windows-art-circuit\\\/#breadcrumb\"},\"inLanguage\":\"es\",\"potentialAction\":[{\"@type\":\"ReadAction\",\"target\":[[\"https:\\\/\\\/poblenouurbandistrict.com\\\/es\\\/agenda\\\/wac-windows-art-circuit\\\/\"]]}]},{\"@type\":\"ImageObject\",\"inLanguage\":\"es\",\"@id\":\"https:\\\/\\\/poblenouurbandistrict.com\\\/es\\\/agenda\\\/wac-windows-art-circuit\\\/#primaryimage\",\"url\":\"https:\\\/\\\/media.poblenouurbandistrict.com\\\/2021\\\/05\\\/25040040\\\/creto-1.jpg\",\"contentUrl\":\"https:\\\/\\\/media.poblenouurbandistrict.com\\\/2021\\\/05\\\/25040040\\\/creto-1.jpg\",\"width\":1080,\"height\":1080,\"caption\":\"WAC_creto\"},{\"@type\":\"BreadcrumbList\",\"@id\":\"https:\\\/\\\/poblenouurbandistrict.com\\\/es\\\/agenda\\\/wac-windows-art-circuit\\\/#breadcrumb\",\"itemListElement\":[{\"@type\":\"ListItem\",\"position\":1,\"name\":\"Home\",\"item\":\"https:\\\/\\\/poblenouurbandistrict.com\\\/es\\\/\"},{\"@type\":\"ListItem\",\"position\":2,\"name\":\"Esdeveniments\",\"item\":\"https:\\\/\\\/poblenouurbandistrict.com\\\/es\\\/agenda\\\/\"},{\"@type\":\"ListItem\",\"position\":3,\"name\":\"WAC: Windows Art Circuit\"}]},{\"@type\":\"WebSite\",\"@id\":\"https:\\\/\\\/poblenouurbandistrict.com\\\/es\\\/#website\",\"url\":\"https:\\\/\\\/poblenouurbandistrict.com\\\/es\\\/\",\"name\":\"Poblenou Urban District\",\"description\":\"Comunidad Creativa\",\"potentialAction\":[{\"@type\":\"SearchAction\",\"target\":{\"@type\":\"EntryPoint\",\"urlTemplate\":\"https:\\\/\\\/poblenouurbandistrict.com\\\/es\\\/?s={search_term_string}\"},\"query-input\":{\"@type\":\"PropertyValueSpecification\",\"valueRequired\":true,\"valueName\":\"search_term_string\"}}],\"inLanguage\":\"es\"}]}<\/script>\n<!-- \/ Yoast SEO plugin. -->","yoast_head_json":{"title":"WAC: Windows Art Circuit &#8211; Poblenou Urban District","robots":{"index":"index","follow":"follow","max-snippet":"max-snippet:-1","max-image-preview":"max-image-preview:large","max-video-preview":"max-video-preview:-1"},"canonical":"https:\/\/poblenouurbandistrict.com\/es\/agenda\/wac-windows-art-circuit\/","og_locale":"es_ES","og_type":"article","og_title":"WAC: Windows Art Circuit &#8211; Poblenou Urban District","og_description":"El pr\u00f3ximo 7 de mayo se celebrar\u00e1 el Windows Art Circuit (WAC), uno de los eventos vertebradores del Poblenou Urban... M\u00e1s \u2192","og_url":"https:\/\/poblenouurbandistrict.com\/es\/agenda\/wac-windows-art-circuit\/","og_site_name":"Poblenou Urban District","og_image":[{"width":1080,"height":1080,"url":"https:\/\/poblenouurbandistrict.com\/wp-content\/uploads\/2021\/05\/creto.png","type":"image\/png"}],"twitter_card":"summary_large_image","twitter_misc":{"Tiempo de lectura":"1 minuto"},"schema":{"@context":"https:\/\/schema.org","@graph":[{"@type":"WebPage","@id":"https:\/\/poblenouurbandistrict.com\/es\/agenda\/wac-windows-art-circuit\/","url":"https:\/\/poblenouurbandistrict.com\/es\/agenda\/wac-windows-art-circuit\/","name":"WAC: Windows Art Circuit &#8211; Poblenou Urban District","isPartOf":{"@id":"https:\/\/poblenouurbandistrict.com\/es\/#website"},"primaryImageOfPage":{"@id":"https:\/\/poblenouurbandistrict.com\/es\/agenda\/wac-windows-art-circuit\/#primaryimage"},"image":{"@id":"https:\/\/poblenouurbandistrict.com\/agenda\/wac-windows-art-circuit\/#primaryimage"},"thumbnailUrl":"https:\/\/media.poblenouurbandistrict.com\/2021\/05\/25040040\/creto-1.jpg","datePublished":"2022-03-10T17:38:19+00:00","breadcrumb":{"@id":"https:\/\/poblenouurbandistrict.com\/es\/agenda\/wac-windows-art-circuit\/#breadcrumb"},"inLanguage":"es","potentialAction":[{"@type":"ReadAction","target":[["https:\/\/poblenouurbandistrict.com\/es\/agenda\/wac-windows-art-circuit\/"]]}]},{"@type":"ImageObject","inLanguage":"es","@id":"https:\/\/poblenouurbandistrict.com\/es\/agenda\/wac-windows-art-circuit\/#primaryimage","url":"https:\/\/media.poblenouurbandistrict.com\/2021\/05\/25040040\/creto-1.jpg","contentUrl":"https:\/\/media.poblenouurbandistrict.com\/2021\/05\/25040040\/creto-1.jpg","width":1080,"height":1080,"caption":"WAC_creto"},{"@type":"BreadcrumbList","@id":"https:\/\/poblenouurbandistrict.com\/es\/agenda\/wac-windows-art-circuit\/#breadcrumb","itemListElement":[{"@type":"ListItem","position":1,"name":"Home","item":"https:\/\/poblenouurbandistrict.com\/es\/"},{"@type":"ListItem","position":2,"name":"Esdeveniments","item":"https:\/\/poblenouurbandistrict.com\/es\/agenda\/"},{"@type":"ListItem","position":3,"name":"WAC: Windows Art Circuit"}]},{"@type":"WebSite","@id":"https:\/\/poblenouurbandistrict.com\/es\/#website","url":"https:\/\/poblenouurbandistrict.com\/es\/","name":"Poblenou Urban District","description":"Comunidad Creativa","potentialAction":[{"@type":"SearchAction","target":{"@type":"EntryPoint","urlTemplate":"https:\/\/poblenouurbandistrict.com\/es\/?s={search_term_string}"},"query-input":{"@type":"PropertyValueSpecification","valueRequired":true,"valueName":"search_term_string"}}],"inLanguage":"es"}]}},"_links":{"self":[{"href":"https:\/\/poblenouurbandistrict.com\/es\/wp-json\/wp\/v2\/tribe_events\/26940","targetHints":{"allow":["GET"]}}],"collection":[{"href":"https:\/\/poblenouurbandistrict.com\/es\/wp-json\/wp\/v2\/tribe_events"}],"about":[{"href":"https:\/\/poblenouurbandistrict.com\/es\/wp-json\/wp\/v2\/types\/tribe_events"}],"author":[{"embeddable":true,"href":"https:\/\/poblenouurbandistrict.com\/es\/wp-json\/wp\/v2\/users\/5"}],"version-history":[{"count":1,"href":"https:\/\/poblenouurbandistrict.com\/es\/wp-json\/wp\/v2\/tribe_events\/26940\/revisions"}],"predecessor-version":[{"id":26941,"href":"https:\/\/poblenouurbandistrict.com\/es\/wp-json\/wp\/v2\/tribe_events\/26940\/revisions\/26941"}],"wp:featuredmedia":[{"embeddable":true,"href":"https:\/\/poblenouurbandistrict.com\/es\/wp-json\/wp\/v2\/media\/22398"}],"wp:attachment":[{"href":"https:\/\/poblenouurbandistrict.com\/es\/wp-json\/wp\/v2\/media?parent=26940"}],"wp:term":[{"taxonomy":"post_tag","embeddable":true,"href":"https:\/\/poblenouurbandistrict.com\/es\/wp-json\/wp\/v2\/tags?post=26940"},{"taxonomy":"tribe_events_cat","embeddable":true,"href":"https:\/\/poblenouurbandistrict.com\/es\/wp-json\/wp\/v2\/tribe_events_cat?post=26940"}],"curies":[{"name":"wp","href":"https:\/\/api.w.org\/{rel}","templated":true}]}}

<p>El próximo 7 de mayo se celebrará el Windows Art Circuit (WAC), uno de los eventos vertebradores del Poblenou Urban District. Un circuito que permite el público experimentar en directo el proceso completo de creación del arte mural sobre soportes no convencionales, reclamando las calles y recuperando los espacios en desuso como áreas de alto valor cultural.</p>

<p>El próximo 7 de mayo se celebrará el Windows Art Circuit (WAC), uno de los eventos vertebradores del Poblenou Urban&#8230; <a href="https://poblenouurbandistrict.com/es/agenda/wac-windows-art-circuit/">Más  →</a></p>

<!-- This site is optimized with the Yoast SEO plugin v27.5 - https://yoast.com/product/yoast-seo-wordpress/ -->
<title>WAC: Windows Art Circuit &#8211; Poblenou Urban District</title>
<meta name="robots" content="index, follow, max-snippet:-1, max-image-preview:large, max-video-preview:-1" />
<link rel="canonical" href="https://poblenouurbandistrict.com/es/agenda/wac-windows-art-circuit/" />
<meta property="og:locale" content="es_ES" />
<meta property="og:type" content="article" />
<meta property="og:title" content="WAC: Windows Art Circuit &#8211; Poblenou Urban District" />
<meta property="og:description" content="El próximo 7 de mayo se celebrará el Windows Art Circuit (WAC), uno de los eventos vertebradores del Poblenou Urban... Más →" />
<meta property="og:url" content="https://poblenouurbandistrict.com/es/agenda/wac-windows-art-circuit/" />
<meta property="og:site_name" content="Poblenou Urban District" />
<meta property="og:image" content="https://poblenouurbandistrict.com/wp-content/uploads/2021/05/creto.png" />
	<meta property="og:image:width" content="1080" />
	<meta property="og:image:height" content="1080" />
	<meta property="og:image:type" content="image/png" />
<meta name="twitter:card" content="summary_large_image" />
<meta name="twitter:label1" content="Tiempo de lectura" />
	<meta name="twitter:data1" content="1 minuto" />
<script type="application/ld+json" class="yoast-schema-graph">{"@context":"https:\/\/schema.org","@graph":[{"@type":"WebPage","@id":"https:\/\/poblenouurbandistrict.com\/es\/agenda\/wac-windows-art-circuit\/","url":"https:\/\/poblenouurbandistrict.com\/es\/agenda\/wac-windows-art-circuit\/","name":"WAC: Windows Art Circuit &#8211; Poblenou Urban District","isPartOf":{"@id":"https:\/\/poblenouurbandistrict.com\/es\/#website"},"primaryImageOfPage":{"@id":"https:\/\/poblenouurbandistrict.com\/es\/agenda\/wac-windows-art-circuit\/#primaryimage"},"image":{"@id":"https:\/\/poblenouurbandistrict.com\/agenda\/wac-windows-art-circuit\/#primaryimage"},"thumbnailUrl":"https:\/\/media.poblenouurbandistrict.com\/2021\/05\/25040040\/creto-1.jpg","datePublished":"2022-03-10T17:38:19+00:00","breadcrumb":{"@id":"https:\/\/poblenouurbandistrict.com\/es\/agenda\/wac-windows-art-circuit\/#breadcrumb"},"inLanguage":"es","potentialAction":[{"@type":"ReadAction","target":[["https:\/\/poblenouurbandistrict.com\/es\/agenda\/wac-windows-art-circuit\/"]]}]},{"@type":"ImageObject","inLanguage":"es","@id":"https:\/\/poblenouurbandistrict.com\/es\/agenda\/wac-windows-art-circuit\/#primaryimage","url":"https:\/\/media.poblenouurbandistrict.com\/2021\/05\/25040040\/creto-1.jpg","contentUrl":"https:\/\/media.poblenouurbandistrict.com\/2021\/05\/25040040\/creto-1.jpg","width":1080,"height":1080,"caption":"WAC_creto"},{"@type":"BreadcrumbList","@id":"https:\/\/poblenouurbandistrict.com\/es\/agenda\/wac-windows-art-circuit\/#breadcrumb","itemListElement":[{"@type":"ListItem","position":1,"name":"Home","item":"https:\/\/poblenouurbandistrict.com\/es\/"},{"@type":"ListItem","position":2,"name":"Esdeveniments","item":"https:\/\/poblenouurbandistrict.com\/es\/agenda\/"},{"@type":"ListItem","position":3,"name":"WAC: Windows Art Circuit"}]},{"@type":"WebSite","@id":"https:\/\/poblenouurbandistrict.com\/es\/#website","url":"https:\/\/poblenouurbandistrict.com\/es\/","name":"Poblenou Urban District","description":"Comunidad Creativa","potentialAction":[{"@type":"SearchAction","target":{"@type":"EntryPoint","urlTemplate":"https:\/\/poblenouurbandistrict.com\/es\/?s={search_term_string}"},"query-input":{"@type":"PropertyValueSpecification","valueRequired":true,"valueName":"search_term_string"}}],"inLanguage":"es"}]}</script>
<!-- / Yoast SEO plugin. -->

El próximo 7 de mayo se celebrará el Windows Art Circuit (WAC), uno de los eventos vertebradores del Poblenou Urban... Más →
