{"id":27587,"date":"2022-03-24T13:08:22","date_gmt":"2022-03-24T12:08:22","guid":{"rendered":"https:\/\/poblenouurbandistrict.com\/?post_type=tribe_events&#038;p=27587"},"modified":"2022-03-24T13:08:22","modified_gmt":"2022-03-24T12:08:22","slug":"concert-per-la-pau","status":"publish","type":"tribe_events","link":"https:\/\/poblenouurbandistrict.com\/es\/agenda\/concert-per-la-pau\/","title":{"rendered":"Concierto por la Paz"},"content":{"rendered":"<p>Diversas entidades musicales m\u00e1s importantes del territorio interpretar\u00e1n la Orquesta y coro por la Paz, creada especialmente para esta ocasi\u00f3n por m\u00fasicos voluntarios, con el objetivo de recaudar fondos para <strong>Cruz Roja Internacional,\u00a0<\/strong>destinados al proyecto \u00abUcrania nos necesita\u00bb.<\/p>\n<p>El\u00a0<strong>Concierto por la Paz\u00a0<\/strong>contar\u00e1 con la participaci\u00f3n de instituciones y entidades musicales como la Orquesta OBC, Franz Schubert Filharmon\u00eda, L\u2019Auditori, Gran Teatre del Liceu, Palau de la M\u00fasica Catalana, ESMUC, Conservatori del Liceu, Fundaci\u00f3 Pau Casals, Escola Municipal de M\u00fasica Victoria de los \u00c1ngeles y la Fundaci\u00f3 Victoria de los \u00c1ngeles.<\/p>","protected":false},"excerpt":{"rendered":"<p>Diversas entidades musicales m\u00e1s importantes del territorio interpretar\u00e1n la Orquesta y coro por la Paz, creada especialmente para esta ocasi\u00f3n&#8230; <a href=\"https:\/\/poblenouurbandistrict.com\/es\/agenda\/concert-per-la-pau\/\">M\u00e1s  \u2192<\/a><\/p>\n","protected":false},"author":5,"featured_media":27167,"template":"","meta":{"_acf_changed":false,"_tribe_events_status":"","_tribe_events_status_reason":"","_tribe_events_is_hybrid":"","_tribe_events_is_virtual":"","_tribe_events_virtual_video_source":"","_tribe_events_virtual_embed_video":"","_tribe_events_virtual_linked_button_text":"","_tribe_events_virtual_linked_button":"","_tribe_events_virtual_show_embed_at":"","_tribe_events_virtual_show_embed_to":[],"_tribe_events_virtual_show_on_event":"","_tribe_events_virtual_show_on_views":"","_tribe_events_virtual_url":"","footnotes":""},"tags":[],"tribe_events_cat":[3557],"class_list":["post-27587","tribe_events","type-tribe_events","status-publish","has-post-thumbnail","hentry","tribe_events_cat-musica","cat_musica"],"acf":[],"yoast_head":"<!-- This site is optimized with the Yoast SEO plugin v27.4 - https:\/\/yoast.com\/product\/yoast-seo-wordpress\/ -->\n<title>Concierto por la Paz &#8211; Poblenou Urban District<\/title>\n<meta name=\"description\" content=\"Diverses entitats musicals m\u00e9s importants del territori interpretaran l\u2019Orquestra i Cor per la Pau per recaptar fons per a\u00a0Creu Roja.\" \/>\n<meta name=\"robots\" content=\"index, follow, max-snippet:-1, max-image-preview:large, max-video-preview:-1\" \/>\n<link rel=\"canonical\" href=\"https:\/\/poblenouurbandistrict.com\/es\/agenda\/concert-per-la-pau\/\" \/>\n<meta property=\"og:locale\" content=\"es_ES\" \/>\n<meta property=\"og:type\" content=\"article\" \/>\n<meta property=\"og:title\" content=\"Concierto por la Paz &#8211; Poblenou Urban District\" \/>\n<meta property=\"og:description\" content=\"Diverses entitats musicals m\u00e9s importants del territori interpretaran l\u2019Orquestra i Cor per la Pau per recaptar fons per a\u00a0Creu Roja.\" \/>\n<meta property=\"og:url\" content=\"https:\/\/poblenouurbandistrict.com\/es\/agenda\/concert-per-la-pau\/\" \/>\n<meta property=\"og:site_name\" content=\"Poblenou Urban District\" \/>\n<meta property=\"og:image\" content=\"https:\/\/poblenouurbandistrict.com\/wp-content\/uploads\/2022\/03\/screenshot-2022-03-16-at-183413.jpg\" \/>\n\t<meta property=\"og:image:width\" content=\"528\" \/>\n\t<meta property=\"og:image:height\" content=\"528\" \/>\n\t<meta property=\"og:image:type\" content=\"image\/jpeg\" \/>\n<meta name=\"twitter:card\" content=\"summary_large_image\" \/>\n<meta name=\"twitter:label1\" content=\"Tiempo de lectura\" \/>\n\t<meta name=\"twitter:data1\" content=\"1 minuto\" \/>\n<script type=\"application\/ld+json\" class=\"yoast-schema-graph\">{\"@context\":\"https:\\\/\\\/schema.org\",\"@graph\":[{\"@type\":\"WebPage\",\"@id\":\"https:\\\/\\\/poblenouurbandistrict.com\\\/es\\\/agenda\\\/concert-per-la-pau\\\/\",\"url\":\"https:\\\/\\\/poblenouurbandistrict.com\\\/es\\\/agenda\\\/concert-per-la-pau\\\/\",\"name\":\"Concierto por la Paz &#8211; Poblenou Urban District\",\"isPartOf\":{\"@id\":\"https:\\\/\\\/poblenouurbandistrict.com\\\/es\\\/#website\"},\"primaryImageOfPage\":{\"@id\":\"https:\\\/\\\/poblenouurbandistrict.com\\\/es\\\/agenda\\\/concert-per-la-pau\\\/#primaryimage\"},\"image\":{\"@id\":\"https:\\\/\\\/poblenouurbandistrict.com\\\/agenda\\\/concert-per-la-pau\\\/#primaryimage\"},\"thumbnailUrl\":\"https:\\\/\\\/media.poblenouurbandistrict.com\\\/2022\\\/03\\\/25045417\\\/screenshot-2022-03-16-at-183413.jpg\",\"datePublished\":\"2022-03-24T12:08:22+00:00\",\"description\":\"Diverses entitats musicals m\u00e9s importants del territori interpretaran l\u2019Orquestra i Cor per la Pau per recaptar fons per a\u00a0Creu Roja.\",\"breadcrumb\":{\"@id\":\"https:\\\/\\\/poblenouurbandistrict.com\\\/es\\\/agenda\\\/concert-per-la-pau\\\/#breadcrumb\"},\"inLanguage\":\"es\",\"potentialAction\":[{\"@type\":\"ReadAction\",\"target\":[[\"https:\\\/\\\/poblenouurbandistrict.com\\\/es\\\/agenda\\\/concert-per-la-pau\\\/\"]]}]},{\"@type\":\"ImageObject\",\"inLanguage\":\"es\",\"@id\":\"https:\\\/\\\/poblenouurbandistrict.com\\\/es\\\/agenda\\\/concert-per-la-pau\\\/#primaryimage\",\"url\":\"https:\\\/\\\/media.poblenouurbandistrict.com\\\/2022\\\/03\\\/25045417\\\/screenshot-2022-03-16-at-183413.jpg\",\"contentUrl\":\"https:\\\/\\\/media.poblenouurbandistrict.com\\\/2022\\\/03\\\/25045417\\\/screenshot-2022-03-16-at-183413.jpg\",\"width\":528,\"height\":528},{\"@type\":\"BreadcrumbList\",\"@id\":\"https:\\\/\\\/poblenouurbandistrict.com\\\/es\\\/agenda\\\/concert-per-la-pau\\\/#breadcrumb\",\"itemListElement\":[{\"@type\":\"ListItem\",\"position\":1,\"name\":\"Home\",\"item\":\"https:\\\/\\\/poblenouurbandistrict.com\\\/es\\\/\"},{\"@type\":\"ListItem\",\"position\":2,\"name\":\"Esdeveniments\",\"item\":\"https:\\\/\\\/poblenouurbandistrict.com\\\/es\\\/agenda\\\/\"},{\"@type\":\"ListItem\",\"position\":3,\"name\":\"Concert per la Pau\"}]},{\"@type\":\"WebSite\",\"@id\":\"https:\\\/\\\/poblenouurbandistrict.com\\\/es\\\/#website\",\"url\":\"https:\\\/\\\/poblenouurbandistrict.com\\\/es\\\/\",\"name\":\"Poblenou Urban District\",\"description\":\"Comunidad Creativa\",\"potentialAction\":[{\"@type\":\"SearchAction\",\"target\":{\"@type\":\"EntryPoint\",\"urlTemplate\":\"https:\\\/\\\/poblenouurbandistrict.com\\\/es\\\/?s={search_term_string}\"},\"query-input\":{\"@type\":\"PropertyValueSpecification\",\"valueRequired\":true,\"valueName\":\"search_term_string\"}}],\"inLanguage\":\"es\"}]}<\/script>\n<!-- \/ Yoast SEO plugin. -->","yoast_head_json":{"title":"Concierto por la Paz &#8211; Poblenou Urban District","description":"Diverses entitats musicals m\u00e9s importants del territori interpretaran l\u2019Orquestra i Cor per la Pau per recaptar fons per a\u00a0Creu Roja.","robots":{"index":"index","follow":"follow","max-snippet":"max-snippet:-1","max-image-preview":"max-image-preview:large","max-video-preview":"max-video-preview:-1"},"canonical":"https:\/\/poblenouurbandistrict.com\/es\/agenda\/concert-per-la-pau\/","og_locale":"es_ES","og_type":"article","og_title":"Concierto por la Paz &#8211; Poblenou Urban District","og_description":"Diverses entitats musicals m\u00e9s importants del territori interpretaran l\u2019Orquestra i Cor per la Pau per recaptar fons per a\u00a0Creu Roja.","og_url":"https:\/\/poblenouurbandistrict.com\/es\/agenda\/concert-per-la-pau\/","og_site_name":"Poblenou Urban District","og_image":[{"width":528,"height":528,"url":"https:\/\/poblenouurbandistrict.com\/wp-content\/uploads\/2022\/03\/screenshot-2022-03-16-at-183413.jpg","type":"image\/jpeg"}],"twitter_card":"summary_large_image","twitter_misc":{"Tiempo de lectura":"1 minuto"},"schema":{"@context":"https:\/\/schema.org","@graph":[{"@type":"WebPage","@id":"https:\/\/poblenouurbandistrict.com\/es\/agenda\/concert-per-la-pau\/","url":"https:\/\/poblenouurbandistrict.com\/es\/agenda\/concert-per-la-pau\/","name":"Concierto por la Paz &#8211; Poblenou Urban District","isPartOf":{"@id":"https:\/\/poblenouurbandistrict.com\/es\/#website"},"primaryImageOfPage":{"@id":"https:\/\/poblenouurbandistrict.com\/es\/agenda\/concert-per-la-pau\/#primaryimage"},"image":{"@id":"https:\/\/poblenouurbandistrict.com\/agenda\/concert-per-la-pau\/#primaryimage"},"thumbnailUrl":"https:\/\/media.poblenouurbandistrict.com\/2022\/03\/25045417\/screenshot-2022-03-16-at-183413.jpg","datePublished":"2022-03-24T12:08:22+00:00","description":"Diverses entitats musicals m\u00e9s importants del territori interpretaran l\u2019Orquestra i Cor per la Pau per recaptar fons per a\u00a0Creu Roja.","breadcrumb":{"@id":"https:\/\/poblenouurbandistrict.com\/es\/agenda\/concert-per-la-pau\/#breadcrumb"},"inLanguage":"es","potentialAction":[{"@type":"ReadAction","target":[["https:\/\/poblenouurbandistrict.com\/es\/agenda\/concert-per-la-pau\/"]]}]},{"@type":"ImageObject","inLanguage":"es","@id":"https:\/\/poblenouurbandistrict.com\/es\/agenda\/concert-per-la-pau\/#primaryimage","url":"https:\/\/media.poblenouurbandistrict.com\/2022\/03\/25045417\/screenshot-2022-03-16-at-183413.jpg","contentUrl":"https:\/\/media.poblenouurbandistrict.com\/2022\/03\/25045417\/screenshot-2022-03-16-at-183413.jpg","width":528,"height":528},{"@type":"BreadcrumbList","@id":"https:\/\/poblenouurbandistrict.com\/es\/agenda\/concert-per-la-pau\/#breadcrumb","itemListElement":[{"@type":"ListItem","position":1,"name":"Home","item":"https:\/\/poblenouurbandistrict.com\/es\/"},{"@type":"ListItem","position":2,"name":"Esdeveniments","item":"https:\/\/poblenouurbandistrict.com\/es\/agenda\/"},{"@type":"ListItem","position":3,"name":"Concert per la Pau"}]},{"@type":"WebSite","@id":"https:\/\/poblenouurbandistrict.com\/es\/#website","url":"https:\/\/poblenouurbandistrict.com\/es\/","name":"Poblenou Urban District","description":"Comunidad Creativa","potentialAction":[{"@type":"SearchAction","target":{"@type":"EntryPoint","urlTemplate":"https:\/\/poblenouurbandistrict.com\/es\/?s={search_term_string}"},"query-input":{"@type":"PropertyValueSpecification","valueRequired":true,"valueName":"search_term_string"}}],"inLanguage":"es"}]}},"_links":{"self":[{"href":"https:\/\/poblenouurbandistrict.com\/es\/wp-json\/wp\/v2\/tribe_events\/27587","targetHints":{"allow":["GET"]}}],"collection":[{"href":"https:\/\/poblenouurbandistrict.com\/es\/wp-json\/wp\/v2\/tribe_events"}],"about":[{"href":"https:\/\/poblenouurbandistrict.com\/es\/wp-json\/wp\/v2\/types\/tribe_events"}],"author":[{"embeddable":true,"href":"https:\/\/poblenouurbandistrict.com\/es\/wp-json\/wp\/v2\/users\/5"}],"version-history":[{"count":1,"href":"https:\/\/poblenouurbandistrict.com\/es\/wp-json\/wp\/v2\/tribe_events\/27587\/revisions"}],"predecessor-version":[{"id":27588,"href":"https:\/\/poblenouurbandistrict.com\/es\/wp-json\/wp\/v2\/tribe_events\/27587\/revisions\/27588"}],"wp:featuredmedia":[{"embeddable":true,"href":"https:\/\/poblenouurbandistrict.com\/es\/wp-json\/wp\/v2\/media\/27167"}],"wp:attachment":[{"href":"https:\/\/poblenouurbandistrict.com\/es\/wp-json\/wp\/v2\/media?parent=27587"}],"wp:term":[{"taxonomy":"post_tag","embeddable":true,"href":"https:\/\/poblenouurbandistrict.com\/es\/wp-json\/wp\/v2\/tags?post=27587"},{"taxonomy":"tribe_events_cat","embeddable":true,"href":"https:\/\/poblenouurbandistrict.com\/es\/wp-json\/wp\/v2\/tribe_events_cat?post=27587"}],"curies":[{"name":"wp","href":"https:\/\/api.w.org\/{rel}","templated":true}]}}

<p>Diversas entidades musicales más importantes del territorio interpretarán la Orquesta y coro por la Paz, creada especialmente para esta ocasión por músicos voluntarios, con el objetivo de recaudar fondos para <strong>Cruz Roja Internacional, </strong>destinados al proyecto «Ucrania nos necesita».</p>
<p>El <strong>Concierto por la Paz </strong>contará con la participación de instituciones y entidades musicales como la Orquesta OBC, Franz Schubert Filharmonía, L’Auditori, Gran Teatre del Liceu, Palau de la Música Catalana, ESMUC, Conservatori del Liceu, Fundació Pau Casals, Escola Municipal de Música Victoria de los Ángeles y la Fundació Victoria de los Ángeles.</p>

<p>Diversas entidades musicales más importantes del territorio interpretarán la Orquesta y coro por la Paz, creada especialmente para esta ocasión&#8230; <a href="https://poblenouurbandistrict.com/es/agenda/concert-per-la-pau/">Más  →</a></p>

<!-- This site is optimized with the Yoast SEO plugin v27.4 - https://yoast.com/product/yoast-seo-wordpress/ -->
<title>Concierto por la Paz &#8211; Poblenou Urban District</title>
<meta name="description" content="Diverses entitats musicals més importants del territori interpretaran l’Orquestra i Cor per la Pau per recaptar fons per a Creu Roja." />
<meta name="robots" content="index, follow, max-snippet:-1, max-image-preview:large, max-video-preview:-1" />
<link rel="canonical" href="https://poblenouurbandistrict.com/es/agenda/concert-per-la-pau/" />
<meta property="og:locale" content="es_ES" />
<meta property="og:type" content="article" />
<meta property="og:title" content="Concierto por la Paz &#8211; Poblenou Urban District" />
<meta property="og:description" content="Diverses entitats musicals més importants del territori interpretaran l’Orquestra i Cor per la Pau per recaptar fons per a Creu Roja." />
<meta property="og:url" content="https://poblenouurbandistrict.com/es/agenda/concert-per-la-pau/" />
<meta property="og:site_name" content="Poblenou Urban District" />
<meta property="og:image" content="https://poblenouurbandistrict.com/wp-content/uploads/2022/03/screenshot-2022-03-16-at-183413.jpg" />
	<meta property="og:image:width" content="528" />
	<meta property="og:image:height" content="528" />
	<meta property="og:image:type" content="image/jpeg" />
<meta name="twitter:card" content="summary_large_image" />
<meta name="twitter:label1" content="Tiempo de lectura" />
	<meta name="twitter:data1" content="1 minuto" />
<script type="application/ld+json" class="yoast-schema-graph">{"@context":"https:\/\/schema.org","@graph":[{"@type":"WebPage","@id":"https:\/\/poblenouurbandistrict.com\/es\/agenda\/concert-per-la-pau\/","url":"https:\/\/poblenouurbandistrict.com\/es\/agenda\/concert-per-la-pau\/","name":"Concierto por la Paz &#8211; Poblenou Urban District","isPartOf":{"@id":"https:\/\/poblenouurbandistrict.com\/es\/#website"},"primaryImageOfPage":{"@id":"https:\/\/poblenouurbandistrict.com\/es\/agenda\/concert-per-la-pau\/#primaryimage"},"image":{"@id":"https:\/\/poblenouurbandistrict.com\/agenda\/concert-per-la-pau\/#primaryimage"},"thumbnailUrl":"https:\/\/media.poblenouurbandistrict.com\/2022\/03\/25045417\/screenshot-2022-03-16-at-183413.jpg","datePublished":"2022-03-24T12:08:22+00:00","description":"Diverses entitats musicals més importants del territori interpretaran l’Orquestra i Cor per la Pau per recaptar fons per a Creu Roja.","breadcrumb":{"@id":"https:\/\/poblenouurbandistrict.com\/es\/agenda\/concert-per-la-pau\/#breadcrumb"},"inLanguage":"es","potentialAction":[{"@type":"ReadAction","target":[["https:\/\/poblenouurbandistrict.com\/es\/agenda\/concert-per-la-pau\/"]]}]},{"@type":"ImageObject","inLanguage":"es","@id":"https:\/\/poblenouurbandistrict.com\/es\/agenda\/concert-per-la-pau\/#primaryimage","url":"https:\/\/media.poblenouurbandistrict.com\/2022\/03\/25045417\/screenshot-2022-03-16-at-183413.jpg","contentUrl":"https:\/\/media.poblenouurbandistrict.com\/2022\/03\/25045417\/screenshot-2022-03-16-at-183413.jpg","width":528,"height":528},{"@type":"BreadcrumbList","@id":"https:\/\/poblenouurbandistrict.com\/es\/agenda\/concert-per-la-pau\/#breadcrumb","itemListElement":[{"@type":"ListItem","position":1,"name":"Home","item":"https:\/\/poblenouurbandistrict.com\/es\/"},{"@type":"ListItem","position":2,"name":"Esdeveniments","item":"https:\/\/poblenouurbandistrict.com\/es\/agenda\/"},{"@type":"ListItem","position":3,"name":"Concert per la Pau"}]},{"@type":"WebSite","@id":"https:\/\/poblenouurbandistrict.com\/es\/#website","url":"https:\/\/poblenouurbandistrict.com\/es\/","name":"Poblenou Urban District","description":"Comunidad Creativa","potentialAction":[{"@type":"SearchAction","target":{"@type":"EntryPoint","urlTemplate":"https:\/\/poblenouurbandistrict.com\/es\/?s={search_term_string}"},"query-input":{"@type":"PropertyValueSpecification","valueRequired":true,"valueName":"search_term_string"}}],"inLanguage":"es"}]}</script>
<!-- / Yoast SEO plugin. -->

Diverses entitats musicals més importants del territori interpretaran l’Orquestra i Cor per la Pau per recaptar fons per a Creu Roja.
