{"id":29505,"date":"2022-04-28T16:00:48","date_gmt":"2022-04-28T14:00:48","guid":{"rendered":"https:\/\/poblenouurbandistrict.com\/?post_type=tribe_events&#038;p=29505"},"modified":"2022-04-28T16:00:48","modified_gmt":"2022-04-28T14:00:48","slug":"xerrada-apartamento-1-laura-agusti-by-cc-magazine","status":"publish","type":"tribe_events","link":"https:\/\/poblenouurbandistrict.com\/es\/agenda\/xerrada-apartamento-1-laura-agusti-by-cc-magazine\/","title":{"rendered":"Charla: Apartamento #1 &#8211; Laura Agust\u00ed by CC Magazine"},"content":{"rendered":"<p>Cada mes, Cecilia Camacho, la fundadora y creadora de contenidos del medio de lifestyle y tendencias CCMagazine, se sienta en el sal\u00f3n de L\u2019Apartamento de The Hoxton, Poblenou, para charlar con algunas de las mentes m\u00e1s creativas e inspiradoras de la ciudad. La primera charla ser\u00e1 con Laura Agust\u00ed (@lalauri) ilustradora y autora de \u2018Historia de un gato\u2019 &#8211; Lumen, 2022.<\/p>","protected":false},"excerpt":{"rendered":"<p>Cada mes, Cecilia Camacho, la fundadora y creadora de contenidos del medio de lifestyle y tendencias CCMagazine, se sienta en&#8230; <a href=\"https:\/\/poblenouurbandistrict.com\/es\/agenda\/xerrada-apartamento-1-laura-agusti-by-cc-magazine\/\">M\u00e1s  \u2192<\/a><\/p>\n","protected":false},"author":5,"featured_media":29506,"template":"","meta":{"_acf_changed":false,"_tribe_events_status":"","_tribe_events_status_reason":"","_tribe_events_is_hybrid":"","_tribe_events_is_virtual":"","_tribe_events_virtual_video_source":"","_tribe_events_virtual_embed_video":"","_tribe_events_virtual_linked_button_text":"","_tribe_events_virtual_linked_button":"","_tribe_events_virtual_show_embed_at":"","_tribe_events_virtual_show_embed_to":[],"_tribe_events_virtual_show_on_event":"","_tribe_events_virtual_show_on_views":"","_tribe_events_virtual_url":"","footnotes":""},"tags":[],"tribe_events_cat":[3554],"class_list":["post-29505","tribe_events","type-tribe_events","status-publish","has-post-thumbnail","hentry","tribe_events_cat-charla","cat_charla"],"acf":[],"yoast_head":"<!-- This site is optimized with the Yoast SEO plugin v27.4 - https:\/\/yoast.com\/product\/yoast-seo-wordpress\/ -->\n<title>Charla: Apartamento #1 - Laura Agust\u00ed by CC Magazine &#8211; Poblenou Urban District<\/title>\n<meta name=\"robots\" content=\"index, follow, max-snippet:-1, max-image-preview:large, max-video-preview:-1\" \/>\n<link rel=\"canonical\" href=\"https:\/\/poblenouurbandistrict.com\/es\/agenda\/xerrada-apartamento-1-laura-agusti-by-cc-magazine\/\" \/>\n<meta property=\"og:locale\" content=\"es_ES\" \/>\n<meta property=\"og:type\" content=\"article\" \/>\n<meta property=\"og:title\" content=\"Charla: Apartamento #1 - Laura Agust\u00ed by CC Magazine &#8211; Poblenou Urban District\" \/>\n<meta property=\"og:description\" content=\"Cada mes, Cecilia Camacho, la fundadora y creadora de contenidos del medio de lifestyle y tendencias CCMagazine, se sienta en... M\u00e1s \u2192\" \/>\n<meta property=\"og:url\" content=\"https:\/\/poblenouurbandistrict.com\/es\/agenda\/xerrada-apartamento-1-laura-agusti-by-cc-magazine\/\" \/>\n<meta property=\"og:site_name\" content=\"Poblenou Urban District\" \/>\n<meta property=\"og:image\" content=\"https:\/\/poblenouurbandistrict.com\/wp-content\/uploads\/2022\/04\/pud-agenda-2-2.png\" \/>\n\t<meta property=\"og:image:width\" content=\"1000\" \/>\n\t<meta property=\"og:image:height\" content=\"1000\" \/>\n\t<meta property=\"og:image:type\" content=\"image\/jpeg\" \/>\n<meta name=\"twitter:card\" content=\"summary_large_image\" \/>\n<meta name=\"twitter:label1\" content=\"Tiempo de lectura\" \/>\n\t<meta name=\"twitter:data1\" content=\"1 minuto\" \/>\n<script type=\"application\/ld+json\" class=\"yoast-schema-graph\">{\"@context\":\"https:\\\/\\\/schema.org\",\"@graph\":[{\"@type\":\"WebPage\",\"@id\":\"https:\\\/\\\/poblenouurbandistrict.com\\\/es\\\/agenda\\\/xerrada-apartamento-1-laura-agusti-by-cc-magazine\\\/\",\"url\":\"https:\\\/\\\/poblenouurbandistrict.com\\\/es\\\/agenda\\\/xerrada-apartamento-1-laura-agusti-by-cc-magazine\\\/\",\"name\":\"Charla: Apartamento #1 - Laura Agust\u00ed by CC Magazine &#8211; Poblenou Urban District\",\"isPartOf\":{\"@id\":\"https:\\\/\\\/poblenouurbandistrict.com\\\/es\\\/#website\"},\"primaryImageOfPage\":{\"@id\":\"https:\\\/\\\/poblenouurbandistrict.com\\\/es\\\/agenda\\\/xerrada-apartamento-1-laura-agusti-by-cc-magazine\\\/#primaryimage\"},\"image\":{\"@id\":\"https:\\\/\\\/poblenouurbandistrict.com\\\/agenda\\\/xerrada-apartamento-1-laura-agusti-by-cc-magazine\\\/#primaryimage\"},\"thumbnailUrl\":\"https:\\\/\\\/media.poblenouurbandistrict.com\\\/2022\\\/04\\\/25050801\\\/pud-agenda-2-2.jpg\",\"datePublished\":\"2022-04-28T14:00:48+00:00\",\"breadcrumb\":{\"@id\":\"https:\\\/\\\/poblenouurbandistrict.com\\\/es\\\/agenda\\\/xerrada-apartamento-1-laura-agusti-by-cc-magazine\\\/#breadcrumb\"},\"inLanguage\":\"es\",\"potentialAction\":[{\"@type\":\"ReadAction\",\"target\":[[\"https:\\\/\\\/poblenouurbandistrict.com\\\/es\\\/agenda\\\/xerrada-apartamento-1-laura-agusti-by-cc-magazine\\\/\"]]}]},{\"@type\":\"ImageObject\",\"inLanguage\":\"es\",\"@id\":\"https:\\\/\\\/poblenouurbandistrict.com\\\/es\\\/agenda\\\/xerrada-apartamento-1-laura-agusti-by-cc-magazine\\\/#primaryimage\",\"url\":\"https:\\\/\\\/media.poblenouurbandistrict.com\\\/2022\\\/04\\\/25050801\\\/pud-agenda-2-2.jpg\",\"contentUrl\":\"https:\\\/\\\/media.poblenouurbandistrict.com\\\/2022\\\/04\\\/25050801\\\/pud-agenda-2-2.jpg\",\"width\":1000,\"height\":1000},{\"@type\":\"BreadcrumbList\",\"@id\":\"https:\\\/\\\/poblenouurbandistrict.com\\\/es\\\/agenda\\\/xerrada-apartamento-1-laura-agusti-by-cc-magazine\\\/#breadcrumb\",\"itemListElement\":[{\"@type\":\"ListItem\",\"position\":1,\"name\":\"Home\",\"item\":\"https:\\\/\\\/poblenouurbandistrict.com\\\/es\\\/\"},{\"@type\":\"ListItem\",\"position\":2,\"name\":\"Esdeveniments\",\"item\":\"https:\\\/\\\/poblenouurbandistrict.com\\\/es\\\/agenda\\\/\"},{\"@type\":\"ListItem\",\"position\":3,\"name\":\"Xerrada: Apartamento #1 &#8211; Laura Agust\u00ed by CC Magazine\"}]},{\"@type\":\"WebSite\",\"@id\":\"https:\\\/\\\/poblenouurbandistrict.com\\\/es\\\/#website\",\"url\":\"https:\\\/\\\/poblenouurbandistrict.com\\\/es\\\/\",\"name\":\"Poblenou Urban District\",\"description\":\"Comunidad Creativa\",\"potentialAction\":[{\"@type\":\"SearchAction\",\"target\":{\"@type\":\"EntryPoint\",\"urlTemplate\":\"https:\\\/\\\/poblenouurbandistrict.com\\\/es\\\/?s={search_term_string}\"},\"query-input\":{\"@type\":\"PropertyValueSpecification\",\"valueRequired\":true,\"valueName\":\"search_term_string\"}}],\"inLanguage\":\"es\"}]}<\/script>\n<!-- \/ Yoast SEO plugin. -->","yoast_head_json":{"title":"Charla: Apartamento #1 - Laura Agust\u00ed by CC Magazine &#8211; Poblenou Urban District","robots":{"index":"index","follow":"follow","max-snippet":"max-snippet:-1","max-image-preview":"max-image-preview:large","max-video-preview":"max-video-preview:-1"},"canonical":"https:\/\/poblenouurbandistrict.com\/es\/agenda\/xerrada-apartamento-1-laura-agusti-by-cc-magazine\/","og_locale":"es_ES","og_type":"article","og_title":"Charla: Apartamento #1 - Laura Agust\u00ed by CC Magazine &#8211; Poblenou Urban District","og_description":"Cada mes, Cecilia Camacho, la fundadora y creadora de contenidos del medio de lifestyle y tendencias CCMagazine, se sienta en... M\u00e1s \u2192","og_url":"https:\/\/poblenouurbandistrict.com\/es\/agenda\/xerrada-apartamento-1-laura-agusti-by-cc-magazine\/","og_site_name":"Poblenou Urban District","og_image":[{"width":1000,"height":1000,"url":"https:\/\/poblenouurbandistrict.com\/wp-content\/uploads\/2022\/04\/pud-agenda-2-2.png","type":"image\/jpeg"}],"twitter_card":"summary_large_image","twitter_misc":{"Tiempo de lectura":"1 minuto"},"schema":{"@context":"https:\/\/schema.org","@graph":[{"@type":"WebPage","@id":"https:\/\/poblenouurbandistrict.com\/es\/agenda\/xerrada-apartamento-1-laura-agusti-by-cc-magazine\/","url":"https:\/\/poblenouurbandistrict.com\/es\/agenda\/xerrada-apartamento-1-laura-agusti-by-cc-magazine\/","name":"Charla: Apartamento #1 - Laura Agust\u00ed by CC Magazine &#8211; Poblenou Urban District","isPartOf":{"@id":"https:\/\/poblenouurbandistrict.com\/es\/#website"},"primaryImageOfPage":{"@id":"https:\/\/poblenouurbandistrict.com\/es\/agenda\/xerrada-apartamento-1-laura-agusti-by-cc-magazine\/#primaryimage"},"image":{"@id":"https:\/\/poblenouurbandistrict.com\/agenda\/xerrada-apartamento-1-laura-agusti-by-cc-magazine\/#primaryimage"},"thumbnailUrl":"https:\/\/media.poblenouurbandistrict.com\/2022\/04\/25050801\/pud-agenda-2-2.jpg","datePublished":"2022-04-28T14:00:48+00:00","breadcrumb":{"@id":"https:\/\/poblenouurbandistrict.com\/es\/agenda\/xerrada-apartamento-1-laura-agusti-by-cc-magazine\/#breadcrumb"},"inLanguage":"es","potentialAction":[{"@type":"ReadAction","target":[["https:\/\/poblenouurbandistrict.com\/es\/agenda\/xerrada-apartamento-1-laura-agusti-by-cc-magazine\/"]]}]},{"@type":"ImageObject","inLanguage":"es","@id":"https:\/\/poblenouurbandistrict.com\/es\/agenda\/xerrada-apartamento-1-laura-agusti-by-cc-magazine\/#primaryimage","url":"https:\/\/media.poblenouurbandistrict.com\/2022\/04\/25050801\/pud-agenda-2-2.jpg","contentUrl":"https:\/\/media.poblenouurbandistrict.com\/2022\/04\/25050801\/pud-agenda-2-2.jpg","width":1000,"height":1000},{"@type":"BreadcrumbList","@id":"https:\/\/poblenouurbandistrict.com\/es\/agenda\/xerrada-apartamento-1-laura-agusti-by-cc-magazine\/#breadcrumb","itemListElement":[{"@type":"ListItem","position":1,"name":"Home","item":"https:\/\/poblenouurbandistrict.com\/es\/"},{"@type":"ListItem","position":2,"name":"Esdeveniments","item":"https:\/\/poblenouurbandistrict.com\/es\/agenda\/"},{"@type":"ListItem","position":3,"name":"Xerrada: Apartamento #1 &#8211; Laura Agust\u00ed by CC Magazine"}]},{"@type":"WebSite","@id":"https:\/\/poblenouurbandistrict.com\/es\/#website","url":"https:\/\/poblenouurbandistrict.com\/es\/","name":"Poblenou Urban District","description":"Comunidad Creativa","potentialAction":[{"@type":"SearchAction","target":{"@type":"EntryPoint","urlTemplate":"https:\/\/poblenouurbandistrict.com\/es\/?s={search_term_string}"},"query-input":{"@type":"PropertyValueSpecification","valueRequired":true,"valueName":"search_term_string"}}],"inLanguage":"es"}]}},"_links":{"self":[{"href":"https:\/\/poblenouurbandistrict.com\/es\/wp-json\/wp\/v2\/tribe_events\/29505","targetHints":{"allow":["GET"]}}],"collection":[{"href":"https:\/\/poblenouurbandistrict.com\/es\/wp-json\/wp\/v2\/tribe_events"}],"about":[{"href":"https:\/\/poblenouurbandistrict.com\/es\/wp-json\/wp\/v2\/types\/tribe_events"}],"author":[{"embeddable":true,"href":"https:\/\/poblenouurbandistrict.com\/es\/wp-json\/wp\/v2\/users\/5"}],"version-history":[{"count":1,"href":"https:\/\/poblenouurbandistrict.com\/es\/wp-json\/wp\/v2\/tribe_events\/29505\/revisions"}],"predecessor-version":[{"id":29507,"href":"https:\/\/poblenouurbandistrict.com\/es\/wp-json\/wp\/v2\/tribe_events\/29505\/revisions\/29507"}],"wp:featuredmedia":[{"embeddable":true,"href":"https:\/\/poblenouurbandistrict.com\/es\/wp-json\/wp\/v2\/media\/29506"}],"wp:attachment":[{"href":"https:\/\/poblenouurbandistrict.com\/es\/wp-json\/wp\/v2\/media?parent=29505"}],"wp:term":[{"taxonomy":"post_tag","embeddable":true,"href":"https:\/\/poblenouurbandistrict.com\/es\/wp-json\/wp\/v2\/tags?post=29505"},{"taxonomy":"tribe_events_cat","embeddable":true,"href":"https:\/\/poblenouurbandistrict.com\/es\/wp-json\/wp\/v2\/tribe_events_cat?post=29505"}],"curies":[{"name":"wp","href":"https:\/\/api.w.org\/{rel}","templated":true}]}}

Charla: Apartamento #1 &#8211; Laura Agustí by CC Magazine

<p>Cada mes, Cecilia Camacho, la fundadora y creadora de contenidos del medio de lifestyle y tendencias CCMagazine, se sienta en el salón de L’Apartamento de The Hoxton, Poblenou, para charlar con algunas de las mentes más creativas e inspiradoras de la ciudad. La primera charla será con Laura Agustí (@lalauri) ilustradora y autora de ‘Historia de un gato’ &#8211; Lumen, 2022.</p>

<p>Cada mes, Cecilia Camacho, la fundadora y creadora de contenidos del medio de lifestyle y tendencias CCMagazine, se sienta en&#8230; <a href="https://poblenouurbandistrict.com/es/agenda/xerrada-apartamento-1-laura-agusti-by-cc-magazine/">Más  →</a></p>

<!-- This site is optimized with the Yoast SEO plugin v27.4 - https://yoast.com/product/yoast-seo-wordpress/ -->
<title>Charla: Apartamento #1 - Laura Agustí by CC Magazine &#8211; Poblenou Urban District</title>
<meta name="robots" content="index, follow, max-snippet:-1, max-image-preview:large, max-video-preview:-1" />
<link rel="canonical" href="https://poblenouurbandistrict.com/es/agenda/xerrada-apartamento-1-laura-agusti-by-cc-magazine/" />
<meta property="og:locale" content="es_ES" />
<meta property="og:type" content="article" />
<meta property="og:title" content="Charla: Apartamento #1 - Laura Agustí by CC Magazine &#8211; Poblenou Urban District" />
<meta property="og:description" content="Cada mes, Cecilia Camacho, la fundadora y creadora de contenidos del medio de lifestyle y tendencias CCMagazine, se sienta en... Más →" />
<meta property="og:url" content="https://poblenouurbandistrict.com/es/agenda/xerrada-apartamento-1-laura-agusti-by-cc-magazine/" />
<meta property="og:site_name" content="Poblenou Urban District" />
<meta property="og:image" content="https://poblenouurbandistrict.com/wp-content/uploads/2022/04/pud-agenda-2-2.png" />
	<meta property="og:image:width" content="1000" />
	<meta property="og:image:height" content="1000" />
	<meta property="og:image:type" content="image/jpeg" />
<meta name="twitter:card" content="summary_large_image" />
<meta name="twitter:label1" content="Tiempo de lectura" />
	<meta name="twitter:data1" content="1 minuto" />
<script type="application/ld+json" class="yoast-schema-graph">{"@context":"https:\/\/schema.org","@graph":[{"@type":"WebPage","@id":"https:\/\/poblenouurbandistrict.com\/es\/agenda\/xerrada-apartamento-1-laura-agusti-by-cc-magazine\/","url":"https:\/\/poblenouurbandistrict.com\/es\/agenda\/xerrada-apartamento-1-laura-agusti-by-cc-magazine\/","name":"Charla: Apartamento #1 - Laura Agustí by CC Magazine &#8211; Poblenou Urban District","isPartOf":{"@id":"https:\/\/poblenouurbandistrict.com\/es\/#website"},"primaryImageOfPage":{"@id":"https:\/\/poblenouurbandistrict.com\/es\/agenda\/xerrada-apartamento-1-laura-agusti-by-cc-magazine\/#primaryimage"},"image":{"@id":"https:\/\/poblenouurbandistrict.com\/agenda\/xerrada-apartamento-1-laura-agusti-by-cc-magazine\/#primaryimage"},"thumbnailUrl":"https:\/\/media.poblenouurbandistrict.com\/2022\/04\/25050801\/pud-agenda-2-2.jpg","datePublished":"2022-04-28T14:00:48+00:00","breadcrumb":{"@id":"https:\/\/poblenouurbandistrict.com\/es\/agenda\/xerrada-apartamento-1-laura-agusti-by-cc-magazine\/#breadcrumb"},"inLanguage":"es","potentialAction":[{"@type":"ReadAction","target":[["https:\/\/poblenouurbandistrict.com\/es\/agenda\/xerrada-apartamento-1-laura-agusti-by-cc-magazine\/"]]}]},{"@type":"ImageObject","inLanguage":"es","@id":"https:\/\/poblenouurbandistrict.com\/es\/agenda\/xerrada-apartamento-1-laura-agusti-by-cc-magazine\/#primaryimage","url":"https:\/\/media.poblenouurbandistrict.com\/2022\/04\/25050801\/pud-agenda-2-2.jpg","contentUrl":"https:\/\/media.poblenouurbandistrict.com\/2022\/04\/25050801\/pud-agenda-2-2.jpg","width":1000,"height":1000},{"@type":"BreadcrumbList","@id":"https:\/\/poblenouurbandistrict.com\/es\/agenda\/xerrada-apartamento-1-laura-agusti-by-cc-magazine\/#breadcrumb","itemListElement":[{"@type":"ListItem","position":1,"name":"Home","item":"https:\/\/poblenouurbandistrict.com\/es\/"},{"@type":"ListItem","position":2,"name":"Esdeveniments","item":"https:\/\/poblenouurbandistrict.com\/es\/agenda\/"},{"@type":"ListItem","position":3,"name":"Xerrada: Apartamento #1 &#8211; Laura Agustí by CC Magazine"}]},{"@type":"WebSite","@id":"https:\/\/poblenouurbandistrict.com\/es\/#website","url":"https:\/\/poblenouurbandistrict.com\/es\/","name":"Poblenou Urban District","description":"Comunidad Creativa","potentialAction":[{"@type":"SearchAction","target":{"@type":"EntryPoint","urlTemplate":"https:\/\/poblenouurbandistrict.com\/es\/?s={search_term_string}"},"query-input":{"@type":"PropertyValueSpecification","valueRequired":true,"valueName":"search_term_string"}}],"inLanguage":"es"}]}</script>
<!-- / Yoast SEO plugin. -->

Charla: Apartamento #1 - Laura Agustí by CC Magazine &#8211; Poblenou Urban District

Cada mes, Cecilia Camacho, la fundadora y creadora de contenidos del medio de lifestyle y tendencias CCMagazine, se sienta en... Más →

Xerrada: Apartamento #1 &#8211; Laura Agustí by CC Magazine
