{"id":30729,"date":"2022-05-20T14:18:23","date_gmt":"2022-05-20T12:18:23","guid":{"rendered":"https:\/\/poblenouurbandistrict.com\/?post_type=tribe_events&#038;p=30729"},"modified":"2022-05-20T14:18:23","modified_gmt":"2022-05-20T12:18:23","slug":"musica-la-banda-al-palau-de-la-musica-catalana","status":"publish","type":"tribe_events","link":"https:\/\/poblenouurbandistrict.com\/es\/agenda\/musica-la-banda-al-palau-de-la-musica-catalana\/","title":{"rendered":"M\u00fasica: La Banda en el Palau de la M\u00fasica Catalana"},"content":{"rendered":"<p>La Banda Municipal de Barcelona visita el Palau de la M\u00fasica Catalana con un programa casi monogr\u00e1fico centrado en la m\u00fasica de Richard Strauss, que comparte cartel con la del compositor suizo Franco Cesarini.<\/p>","protected":false},"excerpt":{"rendered":"<p>La Banda Municipal de Barcelona visita el Palau de la M\u00fasica Catalana con un programa casi monogr\u00e1fico centrado en la&#8230; <a href=\"https:\/\/poblenouurbandistrict.com\/es\/agenda\/musica-la-banda-al-palau-de-la-musica-catalana\/\">M\u00e1s  \u2192<\/a><\/p>\n","protected":false},"author":5,"featured_media":30730,"template":"","meta":{"_acf_changed":false,"_tribe_events_status":"","_tribe_events_status_reason":"","_tribe_events_is_hybrid":"","_tribe_events_is_virtual":"","_tribe_events_virtual_video_source":"","_tribe_events_virtual_embed_video":"","_tribe_events_virtual_linked_button_text":"","_tribe_events_virtual_linked_button":"","_tribe_events_virtual_show_embed_at":"","_tribe_events_virtual_show_embed_to":[],"_tribe_events_virtual_show_on_event":"","_tribe_events_virtual_show_on_views":"","_tribe_events_virtual_url":"","footnotes":""},"tags":[],"tribe_events_cat":[3557],"class_list":["post-30729","tribe_events","type-tribe_events","status-publish","has-post-thumbnail","hentry","tribe_events_cat-musica","cat_musica"],"acf":[],"yoast_head":"<!-- This site is optimized with the Yoast SEO plugin v27.4 - https:\/\/yoast.com\/product\/yoast-seo-wordpress\/ -->\n<title>M\u00fasica: La Banda en el Palau de la M\u00fasica Catalana &#8211; Poblenou Urban District<\/title>\n<meta name=\"robots\" content=\"index, follow, max-snippet:-1, max-image-preview:large, max-video-preview:-1\" \/>\n<link rel=\"canonical\" href=\"https:\/\/poblenouurbandistrict.com\/es\/agenda\/musica-la-banda-al-palau-de-la-musica-catalana\/\" \/>\n<meta property=\"og:locale\" content=\"es_ES\" \/>\n<meta property=\"og:type\" content=\"article\" \/>\n<meta property=\"og:title\" content=\"M\u00fasica: La Banda en el Palau de la M\u00fasica Catalana &#8211; Poblenou Urban District\" \/>\n<meta property=\"og:description\" content=\"La Banda Municipal de Barcelona visita el Palau de la M\u00fasica Catalana con un programa casi monogr\u00e1fico centrado en la... M\u00e1s \u2192\" \/>\n<meta property=\"og:url\" content=\"https:\/\/poblenouurbandistrict.com\/es\/agenda\/musica-la-banda-al-palau-de-la-musica-catalana\/\" \/>\n<meta property=\"og:site_name\" content=\"Poblenou Urban District\" \/>\n<meta property=\"og:image\" content=\"https:\/\/poblenouurbandistrict.com\/wp-content\/uploads\/2022\/05\/screenshot-2022-05-20-at-141800.png\" \/>\n\t<meta property=\"og:image:width\" content=\"606\" \/>\n\t<meta property=\"og:image:height\" content=\"606\" \/>\n\t<meta property=\"og:image:type\" content=\"image\/jpeg\" \/>\n<meta name=\"twitter:card\" content=\"summary_large_image\" \/>\n<meta name=\"twitter:label1\" content=\"Tiempo de lectura\" \/>\n\t<meta name=\"twitter:data1\" content=\"1 minuto\" \/>\n<script type=\"application\/ld+json\" class=\"yoast-schema-graph\">{\"@context\":\"https:\\\/\\\/schema.org\",\"@graph\":[{\"@type\":\"WebPage\",\"@id\":\"https:\\\/\\\/poblenouurbandistrict.com\\\/es\\\/agenda\\\/musica-la-banda-al-palau-de-la-musica-catalana\\\/\",\"url\":\"https:\\\/\\\/poblenouurbandistrict.com\\\/es\\\/agenda\\\/musica-la-banda-al-palau-de-la-musica-catalana\\\/\",\"name\":\"M\u00fasica: La Banda en el Palau de la M\u00fasica Catalana &#8211; Poblenou Urban District\",\"isPartOf\":{\"@id\":\"https:\\\/\\\/poblenouurbandistrict.com\\\/es\\\/#website\"},\"primaryImageOfPage\":{\"@id\":\"https:\\\/\\\/poblenouurbandistrict.com\\\/es\\\/agenda\\\/musica-la-banda-al-palau-de-la-musica-catalana\\\/#primaryimage\"},\"image\":{\"@id\":\"https:\\\/\\\/poblenouurbandistrict.com\\\/agenda\\\/musica-la-banda-al-palau-de-la-musica-catalana\\\/#primaryimage\"},\"thumbnailUrl\":\"https:\\\/\\\/media.poblenouurbandistrict.com\\\/2022\\\/05\\\/25051914\\\/screenshot-2022-05-20-at-141800.jpg\",\"datePublished\":\"2022-05-20T12:18:23+00:00\",\"breadcrumb\":{\"@id\":\"https:\\\/\\\/poblenouurbandistrict.com\\\/es\\\/agenda\\\/musica-la-banda-al-palau-de-la-musica-catalana\\\/#breadcrumb\"},\"inLanguage\":\"es\",\"potentialAction\":[{\"@type\":\"ReadAction\",\"target\":[[\"https:\\\/\\\/poblenouurbandistrict.com\\\/es\\\/agenda\\\/musica-la-banda-al-palau-de-la-musica-catalana\\\/\"]]}]},{\"@type\":\"ImageObject\",\"inLanguage\":\"es\",\"@id\":\"https:\\\/\\\/poblenouurbandistrict.com\\\/es\\\/agenda\\\/musica-la-banda-al-palau-de-la-musica-catalana\\\/#primaryimage\",\"url\":\"https:\\\/\\\/media.poblenouurbandistrict.com\\\/2022\\\/05\\\/25051914\\\/screenshot-2022-05-20-at-141800.jpg\",\"contentUrl\":\"https:\\\/\\\/media.poblenouurbandistrict.com\\\/2022\\\/05\\\/25051914\\\/screenshot-2022-05-20-at-141800.jpg\",\"width\":606,\"height\":606},{\"@type\":\"BreadcrumbList\",\"@id\":\"https:\\\/\\\/poblenouurbandistrict.com\\\/es\\\/agenda\\\/musica-la-banda-al-palau-de-la-musica-catalana\\\/#breadcrumb\",\"itemListElement\":[{\"@type\":\"ListItem\",\"position\":1,\"name\":\"Home\",\"item\":\"https:\\\/\\\/poblenouurbandistrict.com\\\/es\\\/\"},{\"@type\":\"ListItem\",\"position\":2,\"name\":\"Esdeveniments\",\"item\":\"https:\\\/\\\/poblenouurbandistrict.com\\\/es\\\/agenda\\\/\"},{\"@type\":\"ListItem\",\"position\":3,\"name\":\"M\u00fasica: La Banda al Palau de la M\u00fasica Catalana\"}]},{\"@type\":\"WebSite\",\"@id\":\"https:\\\/\\\/poblenouurbandistrict.com\\\/es\\\/#website\",\"url\":\"https:\\\/\\\/poblenouurbandistrict.com\\\/es\\\/\",\"name\":\"Poblenou Urban District\",\"description\":\"Comunidad Creativa\",\"potentialAction\":[{\"@type\":\"SearchAction\",\"target\":{\"@type\":\"EntryPoint\",\"urlTemplate\":\"https:\\\/\\\/poblenouurbandistrict.com\\\/es\\\/?s={search_term_string}\"},\"query-input\":{\"@type\":\"PropertyValueSpecification\",\"valueRequired\":true,\"valueName\":\"search_term_string\"}}],\"inLanguage\":\"es\"}]}<\/script>\n<!-- \/ Yoast SEO plugin. -->","yoast_head_json":{"title":"M\u00fasica: La Banda en el Palau de la M\u00fasica Catalana &#8211; Poblenou Urban District","robots":{"index":"index","follow":"follow","max-snippet":"max-snippet:-1","max-image-preview":"max-image-preview:large","max-video-preview":"max-video-preview:-1"},"canonical":"https:\/\/poblenouurbandistrict.com\/es\/agenda\/musica-la-banda-al-palau-de-la-musica-catalana\/","og_locale":"es_ES","og_type":"article","og_title":"M\u00fasica: La Banda en el Palau de la M\u00fasica Catalana &#8211; Poblenou Urban District","og_description":"La Banda Municipal de Barcelona visita el Palau de la M\u00fasica Catalana con un programa casi monogr\u00e1fico centrado en la... M\u00e1s \u2192","og_url":"https:\/\/poblenouurbandistrict.com\/es\/agenda\/musica-la-banda-al-palau-de-la-musica-catalana\/","og_site_name":"Poblenou Urban District","og_image":[{"width":606,"height":606,"url":"https:\/\/poblenouurbandistrict.com\/wp-content\/uploads\/2022\/05\/screenshot-2022-05-20-at-141800.png","type":"image\/jpeg"}],"twitter_card":"summary_large_image","twitter_misc":{"Tiempo de lectura":"1 minuto"},"schema":{"@context":"https:\/\/schema.org","@graph":[{"@type":"WebPage","@id":"https:\/\/poblenouurbandistrict.com\/es\/agenda\/musica-la-banda-al-palau-de-la-musica-catalana\/","url":"https:\/\/poblenouurbandistrict.com\/es\/agenda\/musica-la-banda-al-palau-de-la-musica-catalana\/","name":"M\u00fasica: La Banda en el Palau de la M\u00fasica Catalana &#8211; Poblenou Urban District","isPartOf":{"@id":"https:\/\/poblenouurbandistrict.com\/es\/#website"},"primaryImageOfPage":{"@id":"https:\/\/poblenouurbandistrict.com\/es\/agenda\/musica-la-banda-al-palau-de-la-musica-catalana\/#primaryimage"},"image":{"@id":"https:\/\/poblenouurbandistrict.com\/agenda\/musica-la-banda-al-palau-de-la-musica-catalana\/#primaryimage"},"thumbnailUrl":"https:\/\/media.poblenouurbandistrict.com\/2022\/05\/25051914\/screenshot-2022-05-20-at-141800.jpg","datePublished":"2022-05-20T12:18:23+00:00","breadcrumb":{"@id":"https:\/\/poblenouurbandistrict.com\/es\/agenda\/musica-la-banda-al-palau-de-la-musica-catalana\/#breadcrumb"},"inLanguage":"es","potentialAction":[{"@type":"ReadAction","target":[["https:\/\/poblenouurbandistrict.com\/es\/agenda\/musica-la-banda-al-palau-de-la-musica-catalana\/"]]}]},{"@type":"ImageObject","inLanguage":"es","@id":"https:\/\/poblenouurbandistrict.com\/es\/agenda\/musica-la-banda-al-palau-de-la-musica-catalana\/#primaryimage","url":"https:\/\/media.poblenouurbandistrict.com\/2022\/05\/25051914\/screenshot-2022-05-20-at-141800.jpg","contentUrl":"https:\/\/media.poblenouurbandistrict.com\/2022\/05\/25051914\/screenshot-2022-05-20-at-141800.jpg","width":606,"height":606},{"@type":"BreadcrumbList","@id":"https:\/\/poblenouurbandistrict.com\/es\/agenda\/musica-la-banda-al-palau-de-la-musica-catalana\/#breadcrumb","itemListElement":[{"@type":"ListItem","position":1,"name":"Home","item":"https:\/\/poblenouurbandistrict.com\/es\/"},{"@type":"ListItem","position":2,"name":"Esdeveniments","item":"https:\/\/poblenouurbandistrict.com\/es\/agenda\/"},{"@type":"ListItem","position":3,"name":"M\u00fasica: La Banda al Palau de la M\u00fasica Catalana"}]},{"@type":"WebSite","@id":"https:\/\/poblenouurbandistrict.com\/es\/#website","url":"https:\/\/poblenouurbandistrict.com\/es\/","name":"Poblenou Urban District","description":"Comunidad Creativa","potentialAction":[{"@type":"SearchAction","target":{"@type":"EntryPoint","urlTemplate":"https:\/\/poblenouurbandistrict.com\/es\/?s={search_term_string}"},"query-input":{"@type":"PropertyValueSpecification","valueRequired":true,"valueName":"search_term_string"}}],"inLanguage":"es"}]}},"_links":{"self":[{"href":"https:\/\/poblenouurbandistrict.com\/es\/wp-json\/wp\/v2\/tribe_events\/30729","targetHints":{"allow":["GET"]}}],"collection":[{"href":"https:\/\/poblenouurbandistrict.com\/es\/wp-json\/wp\/v2\/tribe_events"}],"about":[{"href":"https:\/\/poblenouurbandistrict.com\/es\/wp-json\/wp\/v2\/types\/tribe_events"}],"author":[{"embeddable":true,"href":"https:\/\/poblenouurbandistrict.com\/es\/wp-json\/wp\/v2\/users\/5"}],"version-history":[{"count":1,"href":"https:\/\/poblenouurbandistrict.com\/es\/wp-json\/wp\/v2\/tribe_events\/30729\/revisions"}],"predecessor-version":[{"id":30731,"href":"https:\/\/poblenouurbandistrict.com\/es\/wp-json\/wp\/v2\/tribe_events\/30729\/revisions\/30731"}],"wp:featuredmedia":[{"embeddable":true,"href":"https:\/\/poblenouurbandistrict.com\/es\/wp-json\/wp\/v2\/media\/30730"}],"wp:attachment":[{"href":"https:\/\/poblenouurbandistrict.com\/es\/wp-json\/wp\/v2\/media?parent=30729"}],"wp:term":[{"taxonomy":"post_tag","embeddable":true,"href":"https:\/\/poblenouurbandistrict.com\/es\/wp-json\/wp\/v2\/tags?post=30729"},{"taxonomy":"tribe_events_cat","embeddable":true,"href":"https:\/\/poblenouurbandistrict.com\/es\/wp-json\/wp\/v2\/tribe_events_cat?post=30729"}],"curies":[{"name":"wp","href":"https:\/\/api.w.org\/{rel}","templated":true}]}}

Música: La Banda en el Palau de la Música Catalana

<p>La Banda Municipal de Barcelona visita el Palau de la Música Catalana con un programa casi monográfico centrado en la música de Richard Strauss, que comparte cartel con la del compositor suizo Franco Cesarini.</p>

<p>La Banda Municipal de Barcelona visita el Palau de la Música Catalana con un programa casi monográfico centrado en la&#8230; <a href="https://poblenouurbandistrict.com/es/agenda/musica-la-banda-al-palau-de-la-musica-catalana/">Más  →</a></p>

<!-- This site is optimized with the Yoast SEO plugin v27.4 - https://yoast.com/product/yoast-seo-wordpress/ -->
<title>Música: La Banda en el Palau de la Música Catalana &#8211; Poblenou Urban District</title>
<meta name="robots" content="index, follow, max-snippet:-1, max-image-preview:large, max-video-preview:-1" />
<link rel="canonical" href="https://poblenouurbandistrict.com/es/agenda/musica-la-banda-al-palau-de-la-musica-catalana/" />
<meta property="og:locale" content="es_ES" />
<meta property="og:type" content="article" />
<meta property="og:title" content="Música: La Banda en el Palau de la Música Catalana &#8211; Poblenou Urban District" />
<meta property="og:description" content="La Banda Municipal de Barcelona visita el Palau de la Música Catalana con un programa casi monográfico centrado en la... Más →" />
<meta property="og:url" content="https://poblenouurbandistrict.com/es/agenda/musica-la-banda-al-palau-de-la-musica-catalana/" />
<meta property="og:site_name" content="Poblenou Urban District" />
<meta property="og:image" content="https://poblenouurbandistrict.com/wp-content/uploads/2022/05/screenshot-2022-05-20-at-141800.png" />
	<meta property="og:image:width" content="606" />
	<meta property="og:image:height" content="606" />
	<meta property="og:image:type" content="image/jpeg" />
<meta name="twitter:card" content="summary_large_image" />
<meta name="twitter:label1" content="Tiempo de lectura" />
	<meta name="twitter:data1" content="1 minuto" />
<script type="application/ld+json" class="yoast-schema-graph">{"@context":"https:\/\/schema.org","@graph":[{"@type":"WebPage","@id":"https:\/\/poblenouurbandistrict.com\/es\/agenda\/musica-la-banda-al-palau-de-la-musica-catalana\/","url":"https:\/\/poblenouurbandistrict.com\/es\/agenda\/musica-la-banda-al-palau-de-la-musica-catalana\/","name":"Música: La Banda en el Palau de la Música Catalana &#8211; Poblenou Urban District","isPartOf":{"@id":"https:\/\/poblenouurbandistrict.com\/es\/#website"},"primaryImageOfPage":{"@id":"https:\/\/poblenouurbandistrict.com\/es\/agenda\/musica-la-banda-al-palau-de-la-musica-catalana\/#primaryimage"},"image":{"@id":"https:\/\/poblenouurbandistrict.com\/agenda\/musica-la-banda-al-palau-de-la-musica-catalana\/#primaryimage"},"thumbnailUrl":"https:\/\/media.poblenouurbandistrict.com\/2022\/05\/25051914\/screenshot-2022-05-20-at-141800.jpg","datePublished":"2022-05-20T12:18:23+00:00","breadcrumb":{"@id":"https:\/\/poblenouurbandistrict.com\/es\/agenda\/musica-la-banda-al-palau-de-la-musica-catalana\/#breadcrumb"},"inLanguage":"es","potentialAction":[{"@type":"ReadAction","target":[["https:\/\/poblenouurbandistrict.com\/es\/agenda\/musica-la-banda-al-palau-de-la-musica-catalana\/"]]}]},{"@type":"ImageObject","inLanguage":"es","@id":"https:\/\/poblenouurbandistrict.com\/es\/agenda\/musica-la-banda-al-palau-de-la-musica-catalana\/#primaryimage","url":"https:\/\/media.poblenouurbandistrict.com\/2022\/05\/25051914\/screenshot-2022-05-20-at-141800.jpg","contentUrl":"https:\/\/media.poblenouurbandistrict.com\/2022\/05\/25051914\/screenshot-2022-05-20-at-141800.jpg","width":606,"height":606},{"@type":"BreadcrumbList","@id":"https:\/\/poblenouurbandistrict.com\/es\/agenda\/musica-la-banda-al-palau-de-la-musica-catalana\/#breadcrumb","itemListElement":[{"@type":"ListItem","position":1,"name":"Home","item":"https:\/\/poblenouurbandistrict.com\/es\/"},{"@type":"ListItem","position":2,"name":"Esdeveniments","item":"https:\/\/poblenouurbandistrict.com\/es\/agenda\/"},{"@type":"ListItem","position":3,"name":"Música: La Banda al Palau de la Música Catalana"}]},{"@type":"WebSite","@id":"https:\/\/poblenouurbandistrict.com\/es\/#website","url":"https:\/\/poblenouurbandistrict.com\/es\/","name":"Poblenou Urban District","description":"Comunidad Creativa","potentialAction":[{"@type":"SearchAction","target":{"@type":"EntryPoint","urlTemplate":"https:\/\/poblenouurbandistrict.com\/es\/?s={search_term_string}"},"query-input":{"@type":"PropertyValueSpecification","valueRequired":true,"valueName":"search_term_string"}}],"inLanguage":"es"}]}</script>
<!-- / Yoast SEO plugin. -->

Música: La Banda en el Palau de la Música Catalana &#8211; Poblenou Urban District

La Banda Municipal de Barcelona visita el Palau de la Música Catalana con un programa casi monográfico centrado en la... Más →

Música: La Banda al Palau de la Música Catalana
