{"id":33342,"date":"2022-08-30T15:53:36","date_gmt":"2022-08-30T13:53:36","guid":{"rendered":"https:\/\/poblenouurbandistrict.com\/?post_type=tribe_events&#038;p=33342"},"modified":"2022-08-30T15:53:36","modified_gmt":"2022-08-30T13:53:36","slug":"concert-jerusalem-quartet-i-quartet-atenea","status":"publish","type":"tribe_events","link":"https:\/\/poblenouurbandistrict.com\/es\/agenda\/concert-jerusalem-quartet-i-quartet-atenea\/","title":{"rendered":"Concierto: JERUSALEM QUARTET y QUARTETO ATENEA"},"content":{"rendered":"<p><\/p>\n<div class=\"repertory item\">\n<div class=\"tit\">\n<h2>REPERTORIO<\/h2>\n<\/div>\n<p><em>Quartet Atenea<\/em><\/p>\n<ul>\n<li style=\"list-style-type: none;\">\n<ul>Benet Casablancas: Cuarteto de cuerda n.\u00ba 3 \u00abRaging in the Dark\u00bb (2008-2009) 23&#8242;<\/ul>\n<\/li>\n<\/ul>\n<p><em>Jerusalem Quartet<\/em><\/p>\n<ul>\n<li style=\"list-style-type: none;\">\n<ul>W. A. Mozart: Cuarteto de cuerda n.\u00ba 21 en Re, K. 575 \u00abLa violeta\u00bb<\/ul>\n<\/li>\n<\/ul>\n<ul>Anton\u00edn Dvo\u0159\u00e1k: Cuarteto de cuerda n.\u00ba 12 en Fa #, op. 96 \u00abAmericano\u00bb<\/ul>\n<\/div>\n<div class=\"artist item\">\n<div class=\"tit accent\">\n<h2>INT\u00c9RPRETES<\/h2>\n<\/div>\n<ul>\n<li style=\"list-style-type: none;\">\n<ul>Jerusalem Quartet<\/ul>\n<\/li>\n<\/ul>\n<ul>Quartet Atenea<\/ul>\n<\/div>\n<div class=\"item\">\n<div class=\"tit\">\n<h2>PROGRAMA<\/h2>\n<\/div>\n<div class=\"text-file\">\n<p>Anton\u00edn Dvo\u0159\u00e1k cre\u00f3 el Cuarteto de cuerda n.\u00ba 12, op. 96 durante una estancia veraniega en Iowa, en Estados Unidos, poco despu\u00e9s de haber compuesto la Sinfon\u00eda del Nuevo Mundo. La influencia de la m\u00fasica americana est\u00e1 presente en la obra a trav\u00e9s de varios elementos, como el uso de la escala pentat\u00f3nica y los ritmos sincopados. En este cuarteto, Dvo\u0159\u00e1k logra equilibrar la creatividad mel\u00f3dica y la claridad estructural.<br \/>\nEl Cuarteto de cuerda n.\u00ba 21, KV 575, dedicado al rey Federico Guillermo II de Prusia, es una obra distendida que Mozart compuso ya en plena madurez y que contiene pasajes de violonchelo especialmente virtuos\u00edsticos.<br \/>\nCon el Cuarteto de cuerda n.\u00ba 3, Benet Casablancas explora la oscuridad y la nocturnidad, como hace tambi\u00e9n en obras como Darkness visible y Shade and Darkness. A partir de unos versos de W. B. Yeats, Casablancas crea un solo movimiento con tres partes claramente diferenciadas: las dos secciones extremas, que evocan tormentas nocturnas, son de gran intensidad emocional y r\u00edtmica, mientras que la parte central es delicada y sugiere un clima de calma y reposo.<\/p>\n<\/div>\n<\/div>\n<p><\/p>","protected":false},"excerpt":{"rendered":"<p>REPERTORIO Quartet Atenea Benet Casablancas: Cuarteto de cuerda n.\u00ba 3 \u00abRaging in the Dark\u00bb (2008-2009) 23&#8242; Jerusalem Quartet W. A&#8230;. <a href=\"https:\/\/poblenouurbandistrict.com\/es\/agenda\/concert-jerusalem-quartet-i-quartet-atenea\/\">M\u00e1s  \u2192<\/a><\/p>\n","protected":false},"author":5,"featured_media":33343,"template":"","meta":{"_acf_changed":false,"_tribe_events_status":"","_tribe_events_status_reason":"","_tribe_events_is_hybrid":"","_tribe_events_is_virtual":"","_tribe_events_virtual_video_source":"","_tribe_events_virtual_embed_video":"","_tribe_events_virtual_linked_button_text":"","_tribe_events_virtual_linked_button":"","_tribe_events_virtual_show_embed_at":"","_tribe_events_virtual_show_embed_to":[],"_tribe_events_virtual_show_on_event":"","_tribe_events_virtual_show_on_views":"","_tribe_events_virtual_url":"","footnotes":""},"tags":[],"tribe_events_cat":[],"class_list":["post-33342","tribe_events","type-tribe_events","status-publish","has-post-thumbnail","hentry"],"acf":[],"yoast_head":"<!-- This site is optimized with the Yoast SEO plugin v27.4 - https:\/\/yoast.com\/product\/yoast-seo-wordpress\/ -->\n<title>Concierto: JERUSALEM QUARTET y QUARTETO ATENEA &#8211; Poblenou Urban District<\/title>\n<meta name=\"robots\" content=\"index, follow, max-snippet:-1, max-image-preview:large, max-video-preview:-1\" \/>\n<link rel=\"canonical\" href=\"https:\/\/poblenouurbandistrict.com\/es\/agenda\/concert-jerusalem-quartet-i-quartet-atenea\/\" \/>\n<meta property=\"og:locale\" content=\"es_ES\" \/>\n<meta property=\"og:type\" content=\"article\" \/>\n<meta property=\"og:title\" content=\"Concierto: JERUSALEM QUARTET y QUARTETO ATENEA &#8211; Poblenou Urban District\" \/>\n<meta property=\"og:description\" content=\"REPERTORIO Quartet Atenea Benet Casablancas: Cuarteto de cuerda n.\u00ba 3 \u00abRaging in the Dark\u00bb (2008-2009) 23&#8242; Jerusalem Quartet W. A.... M\u00e1s \u2192\" \/>\n<meta property=\"og:url\" content=\"https:\/\/poblenouurbandistrict.com\/es\/agenda\/concert-jerusalem-quartet-i-quartet-atenea\/\" \/>\n<meta property=\"og:site_name\" content=\"Poblenou Urban District\" \/>\n<meta property=\"og:image\" content=\"https:\/\/poblenouurbandistrict.com\/wp-content\/uploads\/2022\/08\/diseno-sin-titulo-9.png\" \/>\n\t<meta property=\"og:image:width\" content=\"1080\" \/>\n\t<meta property=\"og:image:height\" content=\"1080\" \/>\n\t<meta property=\"og:image:type\" content=\"image\/png\" \/>\n<meta name=\"twitter:card\" content=\"summary_large_image\" \/>\n<meta name=\"twitter:label1\" content=\"Tiempo de lectura\" \/>\n\t<meta name=\"twitter:data1\" content=\"2 minutos\" \/>\n<script type=\"application\/ld+json\" class=\"yoast-schema-graph\">{\"@context\":\"https:\\\/\\\/schema.org\",\"@graph\":[{\"@type\":\"WebPage\",\"@id\":\"https:\\\/\\\/poblenouurbandistrict.com\\\/es\\\/agenda\\\/concert-jerusalem-quartet-i-quartet-atenea\\\/\",\"url\":\"https:\\\/\\\/poblenouurbandistrict.com\\\/es\\\/agenda\\\/concert-jerusalem-quartet-i-quartet-atenea\\\/\",\"name\":\"Concierto: JERUSALEM QUARTET y QUARTETO ATENEA &#8211; Poblenou Urban District\",\"isPartOf\":{\"@id\":\"https:\\\/\\\/poblenouurbandistrict.com\\\/es\\\/#website\"},\"primaryImageOfPage\":{\"@id\":\"https:\\\/\\\/poblenouurbandistrict.com\\\/es\\\/agenda\\\/concert-jerusalem-quartet-i-quartet-atenea\\\/#primaryimage\"},\"image\":{\"@id\":\"https:\\\/\\\/poblenouurbandistrict.com\\\/agenda\\\/concert-jerusalem-quartet-i-quartet-atenea\\\/#primaryimage\"},\"thumbnailUrl\":\"https:\\\/\\\/poblenouurbandistrict.com\\\/wp-content\\\/uploads\\\/2022\\\/08\\\/diseno-sin-titulo-9.jpg\",\"datePublished\":\"2022-08-30T13:53:36+00:00\",\"breadcrumb\":{\"@id\":\"https:\\\/\\\/poblenouurbandistrict.com\\\/es\\\/agenda\\\/concert-jerusalem-quartet-i-quartet-atenea\\\/#breadcrumb\"},\"inLanguage\":\"es\",\"potentialAction\":[{\"@type\":\"ReadAction\",\"target\":[[\"https:\\\/\\\/poblenouurbandistrict.com\\\/es\\\/agenda\\\/concert-jerusalem-quartet-i-quartet-atenea\\\/\"]]}]},{\"@type\":\"ImageObject\",\"inLanguage\":\"es\",\"@id\":\"https:\\\/\\\/poblenouurbandistrict.com\\\/es\\\/agenda\\\/concert-jerusalem-quartet-i-quartet-atenea\\\/#primaryimage\",\"url\":\"https:\\\/\\\/poblenouurbandistrict.com\\\/wp-content\\\/uploads\\\/2022\\\/08\\\/diseno-sin-titulo-9.jpg\",\"contentUrl\":\"https:\\\/\\\/poblenouurbandistrict.com\\\/wp-content\\\/uploads\\\/2022\\\/08\\\/diseno-sin-titulo-9.jpg\",\"width\":1080,\"height\":1080},{\"@type\":\"BreadcrumbList\",\"@id\":\"https:\\\/\\\/poblenouurbandistrict.com\\\/es\\\/agenda\\\/concert-jerusalem-quartet-i-quartet-atenea\\\/#breadcrumb\",\"itemListElement\":[{\"@type\":\"ListItem\",\"position\":1,\"name\":\"Home\",\"item\":\"https:\\\/\\\/poblenouurbandistrict.com\\\/es\\\/\"},{\"@type\":\"ListItem\",\"position\":2,\"name\":\"Esdeveniments\",\"item\":\"https:\\\/\\\/poblenouurbandistrict.com\\\/es\\\/agenda\\\/\"},{\"@type\":\"ListItem\",\"position\":3,\"name\":\"Concert: JERUSALEM QUARTET I QUARTET ATENEA\"}]},{\"@type\":\"WebSite\",\"@id\":\"https:\\\/\\\/poblenouurbandistrict.com\\\/es\\\/#website\",\"url\":\"https:\\\/\\\/poblenouurbandistrict.com\\\/es\\\/\",\"name\":\"Poblenou Urban District\",\"description\":\"Comunidad Creativa\",\"potentialAction\":[{\"@type\":\"SearchAction\",\"target\":{\"@type\":\"EntryPoint\",\"urlTemplate\":\"https:\\\/\\\/poblenouurbandistrict.com\\\/es\\\/?s={search_term_string}\"},\"query-input\":{\"@type\":\"PropertyValueSpecification\",\"valueRequired\":true,\"valueName\":\"search_term_string\"}}],\"inLanguage\":\"es\"}]}<\/script>\n<!-- \/ Yoast SEO plugin. -->","yoast_head_json":{"title":"Concierto: JERUSALEM QUARTET y QUARTETO ATENEA &#8211; Poblenou Urban District","robots":{"index":"index","follow":"follow","max-snippet":"max-snippet:-1","max-image-preview":"max-image-preview:large","max-video-preview":"max-video-preview:-1"},"canonical":"https:\/\/poblenouurbandistrict.com\/es\/agenda\/concert-jerusalem-quartet-i-quartet-atenea\/","og_locale":"es_ES","og_type":"article","og_title":"Concierto: JERUSALEM QUARTET y QUARTETO ATENEA &#8211; Poblenou Urban District","og_description":"REPERTORIO Quartet Atenea Benet Casablancas: Cuarteto de cuerda n.\u00ba 3 \u00abRaging in the Dark\u00bb (2008-2009) 23&#8242; Jerusalem Quartet W. A.... M\u00e1s \u2192","og_url":"https:\/\/poblenouurbandistrict.com\/es\/agenda\/concert-jerusalem-quartet-i-quartet-atenea\/","og_site_name":"Poblenou Urban District","og_image":[{"width":1080,"height":1080,"url":"https:\/\/poblenouurbandistrict.com\/wp-content\/uploads\/2022\/08\/diseno-sin-titulo-9.png","type":"image\/png"}],"twitter_card":"summary_large_image","twitter_misc":{"Tiempo de lectura":"2 minutos"},"schema":{"@context":"https:\/\/schema.org","@graph":[{"@type":"WebPage","@id":"https:\/\/poblenouurbandistrict.com\/es\/agenda\/concert-jerusalem-quartet-i-quartet-atenea\/","url":"https:\/\/poblenouurbandistrict.com\/es\/agenda\/concert-jerusalem-quartet-i-quartet-atenea\/","name":"Concierto: JERUSALEM QUARTET y QUARTETO ATENEA &#8211; Poblenou Urban District","isPartOf":{"@id":"https:\/\/poblenouurbandistrict.com\/es\/#website"},"primaryImageOfPage":{"@id":"https:\/\/poblenouurbandistrict.com\/es\/agenda\/concert-jerusalem-quartet-i-quartet-atenea\/#primaryimage"},"image":{"@id":"https:\/\/poblenouurbandistrict.com\/agenda\/concert-jerusalem-quartet-i-quartet-atenea\/#primaryimage"},"thumbnailUrl":"https:\/\/poblenouurbandistrict.com\/wp-content\/uploads\/2022\/08\/diseno-sin-titulo-9.jpg","datePublished":"2022-08-30T13:53:36+00:00","breadcrumb":{"@id":"https:\/\/poblenouurbandistrict.com\/es\/agenda\/concert-jerusalem-quartet-i-quartet-atenea\/#breadcrumb"},"inLanguage":"es","potentialAction":[{"@type":"ReadAction","target":[["https:\/\/poblenouurbandistrict.com\/es\/agenda\/concert-jerusalem-quartet-i-quartet-atenea\/"]]}]},{"@type":"ImageObject","inLanguage":"es","@id":"https:\/\/poblenouurbandistrict.com\/es\/agenda\/concert-jerusalem-quartet-i-quartet-atenea\/#primaryimage","url":"https:\/\/poblenouurbandistrict.com\/wp-content\/uploads\/2022\/08\/diseno-sin-titulo-9.jpg","contentUrl":"https:\/\/poblenouurbandistrict.com\/wp-content\/uploads\/2022\/08\/diseno-sin-titulo-9.jpg","width":1080,"height":1080},{"@type":"BreadcrumbList","@id":"https:\/\/poblenouurbandistrict.com\/es\/agenda\/concert-jerusalem-quartet-i-quartet-atenea\/#breadcrumb","itemListElement":[{"@type":"ListItem","position":1,"name":"Home","item":"https:\/\/poblenouurbandistrict.com\/es\/"},{"@type":"ListItem","position":2,"name":"Esdeveniments","item":"https:\/\/poblenouurbandistrict.com\/es\/agenda\/"},{"@type":"ListItem","position":3,"name":"Concert: JERUSALEM QUARTET I QUARTET ATENEA"}]},{"@type":"WebSite","@id":"https:\/\/poblenouurbandistrict.com\/es\/#website","url":"https:\/\/poblenouurbandistrict.com\/es\/","name":"Poblenou Urban District","description":"Comunidad Creativa","potentialAction":[{"@type":"SearchAction","target":{"@type":"EntryPoint","urlTemplate":"https:\/\/poblenouurbandistrict.com\/es\/?s={search_term_string}"},"query-input":{"@type":"PropertyValueSpecification","valueRequired":true,"valueName":"search_term_string"}}],"inLanguage":"es"}]}},"_links":{"self":[{"href":"https:\/\/poblenouurbandistrict.com\/es\/wp-json\/wp\/v2\/tribe_events\/33342","targetHints":{"allow":["GET"]}}],"collection":[{"href":"https:\/\/poblenouurbandistrict.com\/es\/wp-json\/wp\/v2\/tribe_events"}],"about":[{"href":"https:\/\/poblenouurbandistrict.com\/es\/wp-json\/wp\/v2\/types\/tribe_events"}],"author":[{"embeddable":true,"href":"https:\/\/poblenouurbandistrict.com\/es\/wp-json\/wp\/v2\/users\/5"}],"version-history":[{"count":1,"href":"https:\/\/poblenouurbandistrict.com\/es\/wp-json\/wp\/v2\/tribe_events\/33342\/revisions"}],"predecessor-version":[{"id":33344,"href":"https:\/\/poblenouurbandistrict.com\/es\/wp-json\/wp\/v2\/tribe_events\/33342\/revisions\/33344"}],"wp:featuredmedia":[{"embeddable":true,"href":"https:\/\/poblenouurbandistrict.com\/es\/wp-json\/wp\/v2\/media\/33343"}],"wp:attachment":[{"href":"https:\/\/poblenouurbandistrict.com\/es\/wp-json\/wp\/v2\/media?parent=33342"}],"wp:term":[{"taxonomy":"post_tag","embeddable":true,"href":"https:\/\/poblenouurbandistrict.com\/es\/wp-json\/wp\/v2\/tags?post=33342"},{"taxonomy":"tribe_events_cat","embeddable":true,"href":"https:\/\/poblenouurbandistrict.com\/es\/wp-json\/wp\/v2\/tribe_events_cat?post=33342"}],"curies":[{"name":"wp","href":"https:\/\/api.w.org\/{rel}","templated":true}]}}

<p></p>
<div class="repertory item">
<div class="tit">
<h2>REPERTORIO</h2>
</div>
<p><em>Quartet Atenea</em></p>
<ul>
<li style="list-style-type: none;">
<ul>Benet Casablancas: Cuarteto de cuerda n.º 3 «Raging in the Dark» (2008-2009) 23&#8242;</ul>
</li>
</ul>
<p><em>Jerusalem Quartet</em></p>
<ul>
<li style="list-style-type: none;">
<ul>W. A. Mozart: Cuarteto de cuerda n.º 21 en Re, K. 575 «La violeta»</ul>
</li>
</ul>
<ul>Antonín Dvořák: Cuarteto de cuerda n.º 12 en Fa #, op. 96 «Americano»</ul>
</div>
<div class="artist item">
<div class="tit accent">
<h2>INTÉRPRETES</h2>
</div>
<ul>
<li style="list-style-type: none;">
<ul>Jerusalem Quartet</ul>
</li>
</ul>
<ul>Quartet Atenea</ul>
</div>
<div class="item">
<div class="tit">
<h2>PROGRAMA</h2>
</div>
<div class="text-file">
<p>Antonín Dvořák creó el Cuarteto de cuerda n.º 12, op. 96 durante una estancia veraniega en Iowa, en Estados Unidos, poco después de haber compuesto la Sinfonía del Nuevo Mundo. La influencia de la música americana está presente en la obra a través de varios elementos, como el uso de la escala pentatónica y los ritmos sincopados. En este cuarteto, Dvořák logra equilibrar la creatividad melódica y la claridad estructural.<br />
El Cuarteto de cuerda n.º 21, KV 575, dedicado al rey Federico Guillermo II de Prusia, es una obra distendida que Mozart compuso ya en plena madurez y que contiene pasajes de violonchelo especialmente virtuosísticos.<br />
Con el Cuarteto de cuerda n.º 3, Benet Casablancas explora la oscuridad y la nocturnidad, como hace también en obras como Darkness visible y Shade and Darkness. A partir de unos versos de W. B. Yeats, Casablancas crea un solo movimiento con tres partes claramente diferenciadas: las dos secciones extremas, que evocan tormentas nocturnas, son de gran intensidad emocional y rítmica, mientras que la parte central es delicada y sugiere un clima de calma y reposo.</p>
</div>
</div>
<p></p>

<p>REPERTORIO Quartet Atenea Benet Casablancas: Cuarteto de cuerda n.º 3 «Raging in the Dark» (2008-2009) 23&#8242; Jerusalem Quartet W. A&#8230;. <a href="https://poblenouurbandistrict.com/es/agenda/concert-jerusalem-quartet-i-quartet-atenea/">Más  →</a></p>

<!-- This site is optimized with the Yoast SEO plugin v27.4 - https://yoast.com/product/yoast-seo-wordpress/ -->
<title>Concierto: JERUSALEM QUARTET y QUARTETO ATENEA &#8211; Poblenou Urban District</title>
<meta name="robots" content="index, follow, max-snippet:-1, max-image-preview:large, max-video-preview:-1" />
<link rel="canonical" href="https://poblenouurbandistrict.com/es/agenda/concert-jerusalem-quartet-i-quartet-atenea/" />
<meta property="og:locale" content="es_ES" />
<meta property="og:type" content="article" />
<meta property="og:title" content="Concierto: JERUSALEM QUARTET y QUARTETO ATENEA &#8211; Poblenou Urban District" />
<meta property="og:description" content="REPERTORIO Quartet Atenea Benet Casablancas: Cuarteto de cuerda n.º 3 «Raging in the Dark» (2008-2009) 23&#8242; Jerusalem Quartet W. A.... Más →" />
<meta property="og:url" content="https://poblenouurbandistrict.com/es/agenda/concert-jerusalem-quartet-i-quartet-atenea/" />
<meta property="og:site_name" content="Poblenou Urban District" />
<meta property="og:image" content="https://poblenouurbandistrict.com/wp-content/uploads/2022/08/diseno-sin-titulo-9.png" />
	<meta property="og:image:width" content="1080" />
	<meta property="og:image:height" content="1080" />
	<meta property="og:image:type" content="image/png" />
<meta name="twitter:card" content="summary_large_image" />
<meta name="twitter:label1" content="Tiempo de lectura" />
	<meta name="twitter:data1" content="2 minutos" />
<script type="application/ld+json" class="yoast-schema-graph">{"@context":"https:\/\/schema.org","@graph":[{"@type":"WebPage","@id":"https:\/\/poblenouurbandistrict.com\/es\/agenda\/concert-jerusalem-quartet-i-quartet-atenea\/","url":"https:\/\/poblenouurbandistrict.com\/es\/agenda\/concert-jerusalem-quartet-i-quartet-atenea\/","name":"Concierto: JERUSALEM QUARTET y QUARTETO ATENEA &#8211; Poblenou Urban District","isPartOf":{"@id":"https:\/\/poblenouurbandistrict.com\/es\/#website"},"primaryImageOfPage":{"@id":"https:\/\/poblenouurbandistrict.com\/es\/agenda\/concert-jerusalem-quartet-i-quartet-atenea\/#primaryimage"},"image":{"@id":"https:\/\/poblenouurbandistrict.com\/agenda\/concert-jerusalem-quartet-i-quartet-atenea\/#primaryimage"},"thumbnailUrl":"https:\/\/poblenouurbandistrict.com\/wp-content\/uploads\/2022\/08\/diseno-sin-titulo-9.jpg","datePublished":"2022-08-30T13:53:36+00:00","breadcrumb":{"@id":"https:\/\/poblenouurbandistrict.com\/es\/agenda\/concert-jerusalem-quartet-i-quartet-atenea\/#breadcrumb"},"inLanguage":"es","potentialAction":[{"@type":"ReadAction","target":[["https:\/\/poblenouurbandistrict.com\/es\/agenda\/concert-jerusalem-quartet-i-quartet-atenea\/"]]}]},{"@type":"ImageObject","inLanguage":"es","@id":"https:\/\/poblenouurbandistrict.com\/es\/agenda\/concert-jerusalem-quartet-i-quartet-atenea\/#primaryimage","url":"https:\/\/poblenouurbandistrict.com\/wp-content\/uploads\/2022\/08\/diseno-sin-titulo-9.jpg","contentUrl":"https:\/\/poblenouurbandistrict.com\/wp-content\/uploads\/2022\/08\/diseno-sin-titulo-9.jpg","width":1080,"height":1080},{"@type":"BreadcrumbList","@id":"https:\/\/poblenouurbandistrict.com\/es\/agenda\/concert-jerusalem-quartet-i-quartet-atenea\/#breadcrumb","itemListElement":[{"@type":"ListItem","position":1,"name":"Home","item":"https:\/\/poblenouurbandistrict.com\/es\/"},{"@type":"ListItem","position":2,"name":"Esdeveniments","item":"https:\/\/poblenouurbandistrict.com\/es\/agenda\/"},{"@type":"ListItem","position":3,"name":"Concert: JERUSALEM QUARTET I QUARTET ATENEA"}]},{"@type":"WebSite","@id":"https:\/\/poblenouurbandistrict.com\/es\/#website","url":"https:\/\/poblenouurbandistrict.com\/es\/","name":"Poblenou Urban District","description":"Comunidad Creativa","potentialAction":[{"@type":"SearchAction","target":{"@type":"EntryPoint","urlTemplate":"https:\/\/poblenouurbandistrict.com\/es\/?s={search_term_string}"},"query-input":{"@type":"PropertyValueSpecification","valueRequired":true,"valueName":"search_term_string"}}],"inLanguage":"es"}]}</script>
<!-- / Yoast SEO plugin. -->

REPERTORIO Quartet Atenea Benet Casablancas: Cuarteto de cuerda n.º 3 «Raging in the Dark» (2008-2009) 23&#8242; Jerusalem Quartet W. A.... Más →
