{"id":47329,"date":"2024-10-08T11:51:02","date_gmt":"2024-10-08T09:51:02","guid":{"rendered":"https:\/\/poblenouurbandistrict.com\/?post_type=tribe_events&#038;p=47329"},"modified":"2024-10-08T11:58:26","modified_gmt":"2024-10-08T09:58:26","slug":"dirty-suc-2","status":"publish","type":"tribe_events","link":"https:\/\/poblenouurbandistrict.com\/es\/agenda\/dirty-suc-2\/","title":{"rendered":"WALLS"},"content":{"rendered":"<p><\/p>\n<div dir=\"auto\">\n<p>Walls, el polifac\u00e9tico artista espa\u00f1ol, considerado uno de los referentes de su generaci\u00f3n, anuncia 6 nuevas fechas en Espa\u00f1a donde, adem\u00e1s de repasar todos sus \u00e9xitos pasados, vendr\u00e1 a presentarnos su segundo \u00e1lbum Luna 18.<\/p>\n<p><strong>Walls<\/strong>,\u00a0<strong>Gin\u00e9s Paredes Gim\u00e9nez<\/strong>, es un cantante murciano de rap especializado en freestyle, aunque tambi\u00e9n ha publicado varios temas m\u00e1s orientados hacia el pop. Desde 2018 ha lanzado una larga colecci\u00f3n de sencillos, de los cuales varios han contado con colaboraciones de artistas como\u00a0<strong>Robledo, Pol Granch o Daniel Sabater.<\/strong><\/p>\n<div class=\"flex max-w-full flex-col flex-grow\">\n<div class=\"min-h-8 text-message flex w-full flex-col items-end gap-2 whitespace-normal break-words [.text-message+&amp;]:mt-5\" dir=\"auto\" data-message-author-role=\"assistant\" data-message-id=\"1a6ce883-b3ca-4912-b3c5-feda2a193057\">\n<div class=\"flex w-full flex-col gap-1 empty:hidden first:pt-[3px]\">\n<div class=\"markdown prose w-full break-words dark:prose-invert dark\">\n<p>M\u00e1s informaci\u00f3n y entradas<a href=\"https:\/\/www.salarazzmatazz.com\/13-10-2024\/walls?utm_source=Newsletter+Sala+Razzmatazz&amp;utm_campaign=5dc71136da-EMAIL_CAMPAIGN_11_13_2023_11_10_COPY_01&amp;utm_medium=email&amp;utm_term=0_0683fe5d6e-5dc71136da-89231326&amp;mc_cid=5dc71136da&amp;mc_eid=5d5157c6cf\"> aqu\u00ed.<\/a><\/p>\n<\/div>\n<\/div>\n<\/div>\n<\/div>\n<\/div>\n<p><\/p>","protected":false},"excerpt":{"rendered":"<p>Walls, el polifac\u00e9tico artista espa\u00f1ol, considerado uno de los referentes de su generaci\u00f3n, anuncia 6 nuevas fechas en Espa\u00f1a donde,&#8230; <a href=\"https:\/\/poblenouurbandistrict.com\/es\/agenda\/dirty-suc-2\/\">M\u00e1s  \u2192<\/a><\/p>\n","protected":false},"author":5,"featured_media":47330,"template":"","meta":{"_acf_changed":false,"_tribe_events_status":"","_tribe_events_status_reason":"","_tribe_events_is_hybrid":"","_tribe_events_is_virtual":"","_tribe_events_virtual_video_source":"","_tribe_events_virtual_embed_video":"","_tribe_events_virtual_linked_button_text":"","_tribe_events_virtual_linked_button":"","_tribe_events_virtual_show_embed_at":"","_tribe_events_virtual_show_embed_to":[],"_tribe_events_virtual_show_on_event":"","_tribe_events_virtual_show_on_views":"","_tribe_events_virtual_url":"","footnotes":""},"tags":[],"tribe_events_cat":[3557],"class_list":["post-47329","tribe_events","type-tribe_events","status-publish","has-post-thumbnail","hentry","tribe_events_cat-musica","cat_musica"],"acf":[],"yoast_head":"<!-- This site is optimized with the Yoast SEO plugin v27.5 - https:\/\/yoast.com\/product\/yoast-seo-wordpress\/ -->\n<title>WALLS &#8211; Poblenou Urban District<\/title>\n<meta name=\"robots\" content=\"index, follow, max-snippet:-1, max-image-preview:large, max-video-preview:-1\" \/>\n<link rel=\"canonical\" href=\"https:\/\/poblenouurbandistrict.com\/es\/agenda\/dirty-suc-2\/\" \/>\n<meta property=\"og:locale\" content=\"es_ES\" \/>\n<meta property=\"og:type\" content=\"article\" \/>\n<meta property=\"og:title\" content=\"WALLS &#8211; Poblenou Urban District\" \/>\n<meta property=\"og:description\" content=\"Walls, el polifac\u00e9tico artista espa\u00f1ol, considerado uno de los referentes de su generaci\u00f3n, anuncia 6 nuevas fechas en Espa\u00f1a donde,... M\u00e1s \u2192\" \/>\n<meta property=\"og:url\" content=\"https:\/\/poblenouurbandistrict.com\/es\/agenda\/dirty-suc-2\/\" \/>\n<meta property=\"og:site_name\" content=\"Poblenou Urban District\" \/>\n<meta property=\"article:modified_time\" content=\"2024-10-08T09:58:26+00:00\" \/>\n<meta property=\"og:image\" content=\"https:\/\/poblenouurbandistrict.com\/wp-content\/uploads\/2024\/10\/walls1-1000x540-1.jpg\" \/>\n\t<meta property=\"og:image:width\" content=\"1000\" \/>\n\t<meta property=\"og:image:height\" content=\"540\" \/>\n\t<meta property=\"og:image:type\" content=\"image\/jpeg\" \/>\n<meta name=\"twitter:card\" content=\"summary_large_image\" \/>\n<meta name=\"twitter:label1\" content=\"Tiempo de lectura\" \/>\n\t<meta name=\"twitter:data1\" content=\"1 minuto\" \/>\n<script type=\"application\/ld+json\" class=\"yoast-schema-graph\">{\"@context\":\"https:\\\/\\\/schema.org\",\"@graph\":[{\"@type\":\"WebPage\",\"@id\":\"https:\\\/\\\/poblenouurbandistrict.com\\\/es\\\/agenda\\\/dirty-suc-2\\\/\",\"url\":\"https:\\\/\\\/poblenouurbandistrict.com\\\/es\\\/agenda\\\/dirty-suc-2\\\/\",\"name\":\"WALLS &#8211; Poblenou Urban District\",\"isPartOf\":{\"@id\":\"https:\\\/\\\/poblenouurbandistrict.com\\\/es\\\/#website\"},\"primaryImageOfPage\":{\"@id\":\"https:\\\/\\\/poblenouurbandistrict.com\\\/es\\\/agenda\\\/dirty-suc-2\\\/#primaryimage\"},\"image\":{\"@id\":\"https:\\\/\\\/poblenouurbandistrict.com\\\/agenda\\\/dirty-suc-2\\\/#primaryimage\"},\"thumbnailUrl\":\"https:\\\/\\\/media.poblenouurbandistrict.com\\\/2024\\\/10\\\/25075822\\\/walls1-1000x540-1.jpg\",\"datePublished\":\"2024-10-08T09:51:02+00:00\",\"dateModified\":\"2024-10-08T09:58:26+00:00\",\"breadcrumb\":{\"@id\":\"https:\\\/\\\/poblenouurbandistrict.com\\\/es\\\/agenda\\\/dirty-suc-2\\\/#breadcrumb\"},\"inLanguage\":\"es\",\"potentialAction\":[{\"@type\":\"ReadAction\",\"target\":[[\"https:\\\/\\\/poblenouurbandistrict.com\\\/es\\\/agenda\\\/dirty-suc-2\\\/\"]]}]},{\"@type\":\"ImageObject\",\"inLanguage\":\"es\",\"@id\":\"https:\\\/\\\/poblenouurbandistrict.com\\\/es\\\/agenda\\\/dirty-suc-2\\\/#primaryimage\",\"url\":\"https:\\\/\\\/media.poblenouurbandistrict.com\\\/2024\\\/10\\\/25075822\\\/walls1-1000x540-1.jpg\",\"contentUrl\":\"https:\\\/\\\/media.poblenouurbandistrict.com\\\/2024\\\/10\\\/25075822\\\/walls1-1000x540-1.jpg\",\"width\":1000,\"height\":540},{\"@type\":\"BreadcrumbList\",\"@id\":\"https:\\\/\\\/poblenouurbandistrict.com\\\/es\\\/agenda\\\/dirty-suc-2\\\/#breadcrumb\",\"itemListElement\":[{\"@type\":\"ListItem\",\"position\":1,\"name\":\"Home\",\"item\":\"https:\\\/\\\/poblenouurbandistrict.com\\\/es\\\/\"},{\"@type\":\"ListItem\",\"position\":2,\"name\":\"Esdeveniments\",\"item\":\"https:\\\/\\\/poblenouurbandistrict.com\\\/es\\\/agenda\\\/\"},{\"@type\":\"ListItem\",\"position\":3,\"name\":\"WALLS\"}]},{\"@type\":\"WebSite\",\"@id\":\"https:\\\/\\\/poblenouurbandistrict.com\\\/es\\\/#website\",\"url\":\"https:\\\/\\\/poblenouurbandistrict.com\\\/es\\\/\",\"name\":\"Poblenou Urban District\",\"description\":\"Comunidad Creativa\",\"potentialAction\":[{\"@type\":\"SearchAction\",\"target\":{\"@type\":\"EntryPoint\",\"urlTemplate\":\"https:\\\/\\\/poblenouurbandistrict.com\\\/es\\\/?s={search_term_string}\"},\"query-input\":{\"@type\":\"PropertyValueSpecification\",\"valueRequired\":true,\"valueName\":\"search_term_string\"}}],\"inLanguage\":\"es\"}]}<\/script>\n<!-- \/ Yoast SEO plugin. -->","yoast_head_json":{"title":"WALLS &#8211; Poblenou Urban District","robots":{"index":"index","follow":"follow","max-snippet":"max-snippet:-1","max-image-preview":"max-image-preview:large","max-video-preview":"max-video-preview:-1"},"canonical":"https:\/\/poblenouurbandistrict.com\/es\/agenda\/dirty-suc-2\/","og_locale":"es_ES","og_type":"article","og_title":"WALLS &#8211; Poblenou Urban District","og_description":"Walls, el polifac\u00e9tico artista espa\u00f1ol, considerado uno de los referentes de su generaci\u00f3n, anuncia 6 nuevas fechas en Espa\u00f1a donde,... M\u00e1s \u2192","og_url":"https:\/\/poblenouurbandistrict.com\/es\/agenda\/dirty-suc-2\/","og_site_name":"Poblenou Urban District","article_modified_time":"2024-10-08T09:58:26+00:00","og_image":[{"width":1000,"height":540,"url":"https:\/\/poblenouurbandistrict.com\/wp-content\/uploads\/2024\/10\/walls1-1000x540-1.jpg","type":"image\/jpeg"}],"twitter_card":"summary_large_image","twitter_misc":{"Tiempo de lectura":"1 minuto"},"schema":{"@context":"https:\/\/schema.org","@graph":[{"@type":"WebPage","@id":"https:\/\/poblenouurbandistrict.com\/es\/agenda\/dirty-suc-2\/","url":"https:\/\/poblenouurbandistrict.com\/es\/agenda\/dirty-suc-2\/","name":"WALLS &#8211; Poblenou Urban District","isPartOf":{"@id":"https:\/\/poblenouurbandistrict.com\/es\/#website"},"primaryImageOfPage":{"@id":"https:\/\/poblenouurbandistrict.com\/es\/agenda\/dirty-suc-2\/#primaryimage"},"image":{"@id":"https:\/\/poblenouurbandistrict.com\/agenda\/dirty-suc-2\/#primaryimage"},"thumbnailUrl":"https:\/\/media.poblenouurbandistrict.com\/2024\/10\/25075822\/walls1-1000x540-1.jpg","datePublished":"2024-10-08T09:51:02+00:00","dateModified":"2024-10-08T09:58:26+00:00","breadcrumb":{"@id":"https:\/\/poblenouurbandistrict.com\/es\/agenda\/dirty-suc-2\/#breadcrumb"},"inLanguage":"es","potentialAction":[{"@type":"ReadAction","target":[["https:\/\/poblenouurbandistrict.com\/es\/agenda\/dirty-suc-2\/"]]}]},{"@type":"ImageObject","inLanguage":"es","@id":"https:\/\/poblenouurbandistrict.com\/es\/agenda\/dirty-suc-2\/#primaryimage","url":"https:\/\/media.poblenouurbandistrict.com\/2024\/10\/25075822\/walls1-1000x540-1.jpg","contentUrl":"https:\/\/media.poblenouurbandistrict.com\/2024\/10\/25075822\/walls1-1000x540-1.jpg","width":1000,"height":540},{"@type":"BreadcrumbList","@id":"https:\/\/poblenouurbandistrict.com\/es\/agenda\/dirty-suc-2\/#breadcrumb","itemListElement":[{"@type":"ListItem","position":1,"name":"Home","item":"https:\/\/poblenouurbandistrict.com\/es\/"},{"@type":"ListItem","position":2,"name":"Esdeveniments","item":"https:\/\/poblenouurbandistrict.com\/es\/agenda\/"},{"@type":"ListItem","position":3,"name":"WALLS"}]},{"@type":"WebSite","@id":"https:\/\/poblenouurbandistrict.com\/es\/#website","url":"https:\/\/poblenouurbandistrict.com\/es\/","name":"Poblenou Urban District","description":"Comunidad Creativa","potentialAction":[{"@type":"SearchAction","target":{"@type":"EntryPoint","urlTemplate":"https:\/\/poblenouurbandistrict.com\/es\/?s={search_term_string}"},"query-input":{"@type":"PropertyValueSpecification","valueRequired":true,"valueName":"search_term_string"}}],"inLanguage":"es"}]}},"_links":{"self":[{"href":"https:\/\/poblenouurbandistrict.com\/es\/wp-json\/wp\/v2\/tribe_events\/47329","targetHints":{"allow":["GET"]}}],"collection":[{"href":"https:\/\/poblenouurbandistrict.com\/es\/wp-json\/wp\/v2\/tribe_events"}],"about":[{"href":"https:\/\/poblenouurbandistrict.com\/es\/wp-json\/wp\/v2\/types\/tribe_events"}],"author":[{"embeddable":true,"href":"https:\/\/poblenouurbandistrict.com\/es\/wp-json\/wp\/v2\/users\/5"}],"version-history":[{"count":3,"href":"https:\/\/poblenouurbandistrict.com\/es\/wp-json\/wp\/v2\/tribe_events\/47329\/revisions"}],"predecessor-version":[{"id":47336,"href":"https:\/\/poblenouurbandistrict.com\/es\/wp-json\/wp\/v2\/tribe_events\/47329\/revisions\/47336"}],"wp:featuredmedia":[{"embeddable":true,"href":"https:\/\/poblenouurbandistrict.com\/es\/wp-json\/wp\/v2\/media\/47330"}],"wp:attachment":[{"href":"https:\/\/poblenouurbandistrict.com\/es\/wp-json\/wp\/v2\/media?parent=47329"}],"wp:term":[{"taxonomy":"post_tag","embeddable":true,"href":"https:\/\/poblenouurbandistrict.com\/es\/wp-json\/wp\/v2\/tags?post=47329"},{"taxonomy":"tribe_events_cat","embeddable":true,"href":"https:\/\/poblenouurbandistrict.com\/es\/wp-json\/wp\/v2\/tribe_events_cat?post=47329"}],"curies":[{"name":"wp","href":"https:\/\/api.w.org\/{rel}","templated":true}]}}

<p></p>
<div dir="auto">
<p>Walls, el polifacético artista español, considerado uno de los referentes de su generación, anuncia 6 nuevas fechas en España donde, además de repasar todos sus éxitos pasados, vendrá a presentarnos su segundo álbum Luna 18.</p>
<p><strong>Walls</strong>, <strong>Ginés Paredes Giménez</strong>, es un cantante murciano de rap especializado en freestyle, aunque también ha publicado varios temas más orientados hacia el pop. Desde 2018 ha lanzado una larga colección de sencillos, de los cuales varios han contado con colaboraciones de artistas como <strong>Robledo, Pol Granch o Daniel Sabater.</strong></p>
<div class="flex max-w-full flex-col flex-grow">
<div class="min-h-8 text-message flex w-full flex-col items-end gap-2 whitespace-normal break-words [.text-message+&amp;]:mt-5" dir="auto" data-message-author-role="assistant" data-message-id="1a6ce883-b3ca-4912-b3c5-feda2a193057">
<div class="flex w-full flex-col gap-1 empty:hidden first:pt-[3px]">
<div class="markdown prose w-full break-words dark:prose-invert dark">
<p>Más información y entradas<a href="https://www.salarazzmatazz.com/13-10-2024/walls?utm_source=Newsletter+Sala+Razzmatazz&amp;utm_campaign=5dc71136da-EMAIL_CAMPAIGN_11_13_2023_11_10_COPY_01&amp;utm_medium=email&amp;utm_term=0_0683fe5d6e-5dc71136da-89231326&amp;mc_cid=5dc71136da&amp;mc_eid=5d5157c6cf"> aquí.</a></p>
</div>
</div>
</div>
</div>
</div>
<p></p>

<p>Walls, el polifacético artista español, considerado uno de los referentes de su generación, anuncia 6 nuevas fechas en España donde,&#8230; <a href="https://poblenouurbandistrict.com/es/agenda/dirty-suc-2/">Más  →</a></p>

<!-- This site is optimized with the Yoast SEO plugin v27.5 - https://yoast.com/product/yoast-seo-wordpress/ -->
<title>WALLS &#8211; Poblenou Urban District</title>
<meta name="robots" content="index, follow, max-snippet:-1, max-image-preview:large, max-video-preview:-1" />
<link rel="canonical" href="https://poblenouurbandistrict.com/es/agenda/dirty-suc-2/" />
<meta property="og:locale" content="es_ES" />
<meta property="og:type" content="article" />
<meta property="og:title" content="WALLS &#8211; Poblenou Urban District" />
<meta property="og:description" content="Walls, el polifacético artista español, considerado uno de los referentes de su generación, anuncia 6 nuevas fechas en España donde,... Más →" />
<meta property="og:url" content="https://poblenouurbandistrict.com/es/agenda/dirty-suc-2/" />
<meta property="og:site_name" content="Poblenou Urban District" />
<meta property="article:modified_time" content="2024-10-08T09:58:26+00:00" />
<meta property="og:image" content="https://poblenouurbandistrict.com/wp-content/uploads/2024/10/walls1-1000x540-1.jpg" />
	<meta property="og:image:width" content="1000" />
	<meta property="og:image:height" content="540" />
	<meta property="og:image:type" content="image/jpeg" />
<meta name="twitter:card" content="summary_large_image" />
<meta name="twitter:label1" content="Tiempo de lectura" />
	<meta name="twitter:data1" content="1 minuto" />
<script type="application/ld+json" class="yoast-schema-graph">{"@context":"https:\/\/schema.org","@graph":[{"@type":"WebPage","@id":"https:\/\/poblenouurbandistrict.com\/es\/agenda\/dirty-suc-2\/","url":"https:\/\/poblenouurbandistrict.com\/es\/agenda\/dirty-suc-2\/","name":"WALLS &#8211; Poblenou Urban District","isPartOf":{"@id":"https:\/\/poblenouurbandistrict.com\/es\/#website"},"primaryImageOfPage":{"@id":"https:\/\/poblenouurbandistrict.com\/es\/agenda\/dirty-suc-2\/#primaryimage"},"image":{"@id":"https:\/\/poblenouurbandistrict.com\/agenda\/dirty-suc-2\/#primaryimage"},"thumbnailUrl":"https:\/\/media.poblenouurbandistrict.com\/2024\/10\/25075822\/walls1-1000x540-1.jpg","datePublished":"2024-10-08T09:51:02+00:00","dateModified":"2024-10-08T09:58:26+00:00","breadcrumb":{"@id":"https:\/\/poblenouurbandistrict.com\/es\/agenda\/dirty-suc-2\/#breadcrumb"},"inLanguage":"es","potentialAction":[{"@type":"ReadAction","target":[["https:\/\/poblenouurbandistrict.com\/es\/agenda\/dirty-suc-2\/"]]}]},{"@type":"ImageObject","inLanguage":"es","@id":"https:\/\/poblenouurbandistrict.com\/es\/agenda\/dirty-suc-2\/#primaryimage","url":"https:\/\/media.poblenouurbandistrict.com\/2024\/10\/25075822\/walls1-1000x540-1.jpg","contentUrl":"https:\/\/media.poblenouurbandistrict.com\/2024\/10\/25075822\/walls1-1000x540-1.jpg","width":1000,"height":540},{"@type":"BreadcrumbList","@id":"https:\/\/poblenouurbandistrict.com\/es\/agenda\/dirty-suc-2\/#breadcrumb","itemListElement":[{"@type":"ListItem","position":1,"name":"Home","item":"https:\/\/poblenouurbandistrict.com\/es\/"},{"@type":"ListItem","position":2,"name":"Esdeveniments","item":"https:\/\/poblenouurbandistrict.com\/es\/agenda\/"},{"@type":"ListItem","position":3,"name":"WALLS"}]},{"@type":"WebSite","@id":"https:\/\/poblenouurbandistrict.com\/es\/#website","url":"https:\/\/poblenouurbandistrict.com\/es\/","name":"Poblenou Urban District","description":"Comunidad Creativa","potentialAction":[{"@type":"SearchAction","target":{"@type":"EntryPoint","urlTemplate":"https:\/\/poblenouurbandistrict.com\/es\/?s={search_term_string}"},"query-input":{"@type":"PropertyValueSpecification","valueRequired":true,"valueName":"search_term_string"}}],"inLanguage":"es"}]}</script>
<!-- / Yoast SEO plugin. -->

Walls, el polifacético artista español, considerado uno de los referentes de su generación, anuncia 6 nuevas fechas en España donde,... Más →
