{"id":47568,"date":"2024-10-15T12:41:47","date_gmt":"2024-10-15T10:41:47","guid":{"rendered":"https:\/\/poblenouurbandistrict.com\/?post_type=tribe_events&#038;p=47568"},"modified":"2024-10-15T12:41:47","modified_gmt":"2024-10-15T10:41:47","slug":"fruko-y-sus-tesos-gira-60-anos-haciendo-bailar-al-mundo","status":"publish","type":"tribe_events","link":"https:\/\/poblenouurbandistrict.com\/es\/agenda\/fruko-y-sus-tesos-gira-60-anos-haciendo-bailar-al-mundo\/","title":{"rendered":"FRUKO Y SUS TESOS &#8211; GIRA 60 A\u00d1OS HACIENDO BAILAR AL MUNDO"},"content":{"rendered":"<p>Julio Ernesto Estrada, mejor conocido como Fruko, es una leyenda de la salsa viviente con una trayectoria en la m\u00fasica de 60 a\u00f1os. Ha grabado m\u00e1s de 8,000 canciones, que han acompa\u00f1ado las vidas de los latinoamericanos y los amantes de la m\u00fasica tropical en todo el mundo. Este octubre viene con su aclamada orquesta, Fruko y Sus Tesos.<\/p>\n<p>\u00a1No pierdas la oportunidad de experimentar en vivo el poderoso y legendario sonido de una de las bandas de salsa m\u00e1s influyentes de Colombia!<\/p>\n<p>&nbsp;<\/p>\n<p>M\u00e1s informaci\u00f3n y entradas <a href=\"https:\/\/www.salarazzmatazz.com\/16-10-2024\/fruko-y-sus-tesos-gira-60-anos-haciendo-bailar-al-mundo?utm_source=Newsletter+Sala+Razzmatazz&amp;utm_campaign=0a6abab76a-EMAIL_CAMPAIGN_11_13_2023_11_10_COPY_01&amp;utm_medium=email&amp;utm_term=0_0683fe5d6e-0a6abab76a-89231326&amp;mc_cid=0a6abab76a&amp;mc_eid=5d5157c6cf\">aqu\u00ed<\/a>.<\/p>","protected":false},"excerpt":{"rendered":"<p>Julio Ernesto Estrada, mejor conocido como Fruko, es una leyenda de la salsa viviente con una trayectoria en la m\u00fasica&#8230; <a href=\"https:\/\/poblenouurbandistrict.com\/es\/agenda\/fruko-y-sus-tesos-gira-60-anos-haciendo-bailar-al-mundo\/\">M\u00e1s  \u2192<\/a><\/p>\n","protected":false},"author":5,"featured_media":47569,"template":"","meta":{"_acf_changed":false,"_tribe_events_status":"","_tribe_events_status_reason":"","_tribe_events_is_hybrid":"","_tribe_events_is_virtual":"","_tribe_events_virtual_video_source":"","_tribe_events_virtual_embed_video":"","_tribe_events_virtual_linked_button_text":"","_tribe_events_virtual_linked_button":"","_tribe_events_virtual_show_embed_at":"","_tribe_events_virtual_show_embed_to":[],"_tribe_events_virtual_show_on_event":"","_tribe_events_virtual_show_on_views":"","_tribe_events_virtual_url":"","footnotes":""},"tags":[],"tribe_events_cat":[],"class_list":["post-47568","tribe_events","type-tribe_events","status-publish","has-post-thumbnail","hentry"],"acf":[],"yoast_head":"<!-- This site is optimized with the Yoast SEO plugin v27.5 - https:\/\/yoast.com\/product\/yoast-seo-wordpress\/ -->\n<title>FRUKO Y SUS TESOS - GIRA 60 A\u00d1OS HACIENDO BAILAR AL MUNDO &#8211; Poblenou Urban District<\/title>\n<meta name=\"robots\" content=\"index, follow, max-snippet:-1, max-image-preview:large, max-video-preview:-1\" \/>\n<link rel=\"canonical\" href=\"https:\/\/poblenouurbandistrict.com\/es\/agenda\/fruko-y-sus-tesos-gira-60-anos-haciendo-bailar-al-mundo\/\" \/>\n<meta property=\"og:locale\" content=\"es_ES\" \/>\n<meta property=\"og:type\" content=\"article\" \/>\n<meta property=\"og:title\" content=\"FRUKO Y SUS TESOS - GIRA 60 A\u00d1OS HACIENDO BAILAR AL MUNDO &#8211; Poblenou Urban District\" \/>\n<meta property=\"og:description\" content=\"Julio Ernesto Estrada, mejor conocido como Fruko, es una leyenda de la salsa viviente con una trayectoria en la m\u00fasica... M\u00e1s \u2192\" \/>\n<meta property=\"og:url\" content=\"https:\/\/poblenouurbandistrict.com\/es\/agenda\/fruko-y-sus-tesos-gira-60-anos-haciendo-bailar-al-mundo\/\" \/>\n<meta property=\"og:site_name\" content=\"Poblenou Urban District\" \/>\n<meta property=\"og:image\" content=\"https:\/\/poblenouurbandistrict.com\/wp-content\/uploads\/2024\/10\/fruko1-1000x540-1.jpg\" \/>\n\t<meta property=\"og:image:width\" content=\"950\" \/>\n\t<meta property=\"og:image:height\" content=\"540\" \/>\n\t<meta property=\"og:image:type\" content=\"image\/jpeg\" \/>\n<meta name=\"twitter:card\" content=\"summary_large_image\" \/>\n<meta name=\"twitter:label1\" content=\"Tiempo de lectura\" \/>\n\t<meta name=\"twitter:data1\" content=\"1 minuto\" \/>\n<script type=\"application\/ld+json\" class=\"yoast-schema-graph\">{\"@context\":\"https:\\\/\\\/schema.org\",\"@graph\":[{\"@type\":\"WebPage\",\"@id\":\"https:\\\/\\\/poblenouurbandistrict.com\\\/es\\\/agenda\\\/fruko-y-sus-tesos-gira-60-anos-haciendo-bailar-al-mundo\\\/\",\"url\":\"https:\\\/\\\/poblenouurbandistrict.com\\\/es\\\/agenda\\\/fruko-y-sus-tesos-gira-60-anos-haciendo-bailar-al-mundo\\\/\",\"name\":\"FRUKO Y SUS TESOS - GIRA 60 A\u00d1OS HACIENDO BAILAR AL MUNDO &#8211; Poblenou Urban District\",\"isPartOf\":{\"@id\":\"https:\\\/\\\/poblenouurbandistrict.com\\\/es\\\/#website\"},\"primaryImageOfPage\":{\"@id\":\"https:\\\/\\\/poblenouurbandistrict.com\\\/es\\\/agenda\\\/fruko-y-sus-tesos-gira-60-anos-haciendo-bailar-al-mundo\\\/#primaryimage\"},\"image\":{\"@id\":\"https:\\\/\\\/poblenouurbandistrict.com\\\/agenda\\\/fruko-y-sus-tesos-gira-60-anos-haciendo-bailar-al-mundo\\\/#primaryimage\"},\"thumbnailUrl\":\"https:\\\/\\\/media.poblenouurbandistrict.com\\\/2024\\\/10\\\/25080314\\\/fruko1-1000x540-1.jpg\",\"datePublished\":\"2024-10-15T10:41:47+00:00\",\"breadcrumb\":{\"@id\":\"https:\\\/\\\/poblenouurbandistrict.com\\\/es\\\/agenda\\\/fruko-y-sus-tesos-gira-60-anos-haciendo-bailar-al-mundo\\\/#breadcrumb\"},\"inLanguage\":\"es\",\"potentialAction\":[{\"@type\":\"ReadAction\",\"target\":[[\"https:\\\/\\\/poblenouurbandistrict.com\\\/es\\\/agenda\\\/fruko-y-sus-tesos-gira-60-anos-haciendo-bailar-al-mundo\\\/\"]]}]},{\"@type\":\"ImageObject\",\"inLanguage\":\"es\",\"@id\":\"https:\\\/\\\/poblenouurbandistrict.com\\\/es\\\/agenda\\\/fruko-y-sus-tesos-gira-60-anos-haciendo-bailar-al-mundo\\\/#primaryimage\",\"url\":\"https:\\\/\\\/media.poblenouurbandistrict.com\\\/2024\\\/10\\\/25080314\\\/fruko1-1000x540-1.jpg\",\"contentUrl\":\"https:\\\/\\\/media.poblenouurbandistrict.com\\\/2024\\\/10\\\/25080314\\\/fruko1-1000x540-1.jpg\",\"width\":950,\"height\":540},{\"@type\":\"BreadcrumbList\",\"@id\":\"https:\\\/\\\/poblenouurbandistrict.com\\\/es\\\/agenda\\\/fruko-y-sus-tesos-gira-60-anos-haciendo-bailar-al-mundo\\\/#breadcrumb\",\"itemListElement\":[{\"@type\":\"ListItem\",\"position\":1,\"name\":\"Home\",\"item\":\"https:\\\/\\\/poblenouurbandistrict.com\\\/es\\\/\"},{\"@type\":\"ListItem\",\"position\":2,\"name\":\"Esdeveniments\",\"item\":\"https:\\\/\\\/poblenouurbandistrict.com\\\/es\\\/agenda\\\/\"},{\"@type\":\"ListItem\",\"position\":3,\"name\":\"FRUKO Y SUS TESOS &#8211; GIRA 60 A\u00d1OS HACIENDO BAILAR AL MUNDO\"}]},{\"@type\":\"WebSite\",\"@id\":\"https:\\\/\\\/poblenouurbandistrict.com\\\/es\\\/#website\",\"url\":\"https:\\\/\\\/poblenouurbandistrict.com\\\/es\\\/\",\"name\":\"Poblenou Urban District\",\"description\":\"Comunidad Creativa\",\"potentialAction\":[{\"@type\":\"SearchAction\",\"target\":{\"@type\":\"EntryPoint\",\"urlTemplate\":\"https:\\\/\\\/poblenouurbandistrict.com\\\/es\\\/?s={search_term_string}\"},\"query-input\":{\"@type\":\"PropertyValueSpecification\",\"valueRequired\":true,\"valueName\":\"search_term_string\"}}],\"inLanguage\":\"es\"}]}<\/script>\n<!-- \/ Yoast SEO plugin. -->","yoast_head_json":{"title":"FRUKO Y SUS TESOS - GIRA 60 A\u00d1OS HACIENDO BAILAR AL MUNDO &#8211; Poblenou Urban District","robots":{"index":"index","follow":"follow","max-snippet":"max-snippet:-1","max-image-preview":"max-image-preview:large","max-video-preview":"max-video-preview:-1"},"canonical":"https:\/\/poblenouurbandistrict.com\/es\/agenda\/fruko-y-sus-tesos-gira-60-anos-haciendo-bailar-al-mundo\/","og_locale":"es_ES","og_type":"article","og_title":"FRUKO Y SUS TESOS - GIRA 60 A\u00d1OS HACIENDO BAILAR AL MUNDO &#8211; Poblenou Urban District","og_description":"Julio Ernesto Estrada, mejor conocido como Fruko, es una leyenda de la salsa viviente con una trayectoria en la m\u00fasica... M\u00e1s \u2192","og_url":"https:\/\/poblenouurbandistrict.com\/es\/agenda\/fruko-y-sus-tesos-gira-60-anos-haciendo-bailar-al-mundo\/","og_site_name":"Poblenou Urban District","og_image":[{"width":950,"height":540,"url":"https:\/\/poblenouurbandistrict.com\/wp-content\/uploads\/2024\/10\/fruko1-1000x540-1.jpg","type":"image\/jpeg"}],"twitter_card":"summary_large_image","twitter_misc":{"Tiempo de lectura":"1 minuto"},"schema":{"@context":"https:\/\/schema.org","@graph":[{"@type":"WebPage","@id":"https:\/\/poblenouurbandistrict.com\/es\/agenda\/fruko-y-sus-tesos-gira-60-anos-haciendo-bailar-al-mundo\/","url":"https:\/\/poblenouurbandistrict.com\/es\/agenda\/fruko-y-sus-tesos-gira-60-anos-haciendo-bailar-al-mundo\/","name":"FRUKO Y SUS TESOS - GIRA 60 A\u00d1OS HACIENDO BAILAR AL MUNDO &#8211; Poblenou Urban District","isPartOf":{"@id":"https:\/\/poblenouurbandistrict.com\/es\/#website"},"primaryImageOfPage":{"@id":"https:\/\/poblenouurbandistrict.com\/es\/agenda\/fruko-y-sus-tesos-gira-60-anos-haciendo-bailar-al-mundo\/#primaryimage"},"image":{"@id":"https:\/\/poblenouurbandistrict.com\/agenda\/fruko-y-sus-tesos-gira-60-anos-haciendo-bailar-al-mundo\/#primaryimage"},"thumbnailUrl":"https:\/\/media.poblenouurbandistrict.com\/2024\/10\/25080314\/fruko1-1000x540-1.jpg","datePublished":"2024-10-15T10:41:47+00:00","breadcrumb":{"@id":"https:\/\/poblenouurbandistrict.com\/es\/agenda\/fruko-y-sus-tesos-gira-60-anos-haciendo-bailar-al-mundo\/#breadcrumb"},"inLanguage":"es","potentialAction":[{"@type":"ReadAction","target":[["https:\/\/poblenouurbandistrict.com\/es\/agenda\/fruko-y-sus-tesos-gira-60-anos-haciendo-bailar-al-mundo\/"]]}]},{"@type":"ImageObject","inLanguage":"es","@id":"https:\/\/poblenouurbandistrict.com\/es\/agenda\/fruko-y-sus-tesos-gira-60-anos-haciendo-bailar-al-mundo\/#primaryimage","url":"https:\/\/media.poblenouurbandistrict.com\/2024\/10\/25080314\/fruko1-1000x540-1.jpg","contentUrl":"https:\/\/media.poblenouurbandistrict.com\/2024\/10\/25080314\/fruko1-1000x540-1.jpg","width":950,"height":540},{"@type":"BreadcrumbList","@id":"https:\/\/poblenouurbandistrict.com\/es\/agenda\/fruko-y-sus-tesos-gira-60-anos-haciendo-bailar-al-mundo\/#breadcrumb","itemListElement":[{"@type":"ListItem","position":1,"name":"Home","item":"https:\/\/poblenouurbandistrict.com\/es\/"},{"@type":"ListItem","position":2,"name":"Esdeveniments","item":"https:\/\/poblenouurbandistrict.com\/es\/agenda\/"},{"@type":"ListItem","position":3,"name":"FRUKO Y SUS TESOS &#8211; GIRA 60 A\u00d1OS HACIENDO BAILAR AL MUNDO"}]},{"@type":"WebSite","@id":"https:\/\/poblenouurbandistrict.com\/es\/#website","url":"https:\/\/poblenouurbandistrict.com\/es\/","name":"Poblenou Urban District","description":"Comunidad Creativa","potentialAction":[{"@type":"SearchAction","target":{"@type":"EntryPoint","urlTemplate":"https:\/\/poblenouurbandistrict.com\/es\/?s={search_term_string}"},"query-input":{"@type":"PropertyValueSpecification","valueRequired":true,"valueName":"search_term_string"}}],"inLanguage":"es"}]}},"_links":{"self":[{"href":"https:\/\/poblenouurbandistrict.com\/es\/wp-json\/wp\/v2\/tribe_events\/47568","targetHints":{"allow":["GET"]}}],"collection":[{"href":"https:\/\/poblenouurbandistrict.com\/es\/wp-json\/wp\/v2\/tribe_events"}],"about":[{"href":"https:\/\/poblenouurbandistrict.com\/es\/wp-json\/wp\/v2\/types\/tribe_events"}],"author":[{"embeddable":true,"href":"https:\/\/poblenouurbandistrict.com\/es\/wp-json\/wp\/v2\/users\/5"}],"version-history":[{"count":1,"href":"https:\/\/poblenouurbandistrict.com\/es\/wp-json\/wp\/v2\/tribe_events\/47568\/revisions"}],"predecessor-version":[{"id":47570,"href":"https:\/\/poblenouurbandistrict.com\/es\/wp-json\/wp\/v2\/tribe_events\/47568\/revisions\/47570"}],"wp:featuredmedia":[{"embeddable":true,"href":"https:\/\/poblenouurbandistrict.com\/es\/wp-json\/wp\/v2\/media\/47569"}],"wp:attachment":[{"href":"https:\/\/poblenouurbandistrict.com\/es\/wp-json\/wp\/v2\/media?parent=47568"}],"wp:term":[{"taxonomy":"post_tag","embeddable":true,"href":"https:\/\/poblenouurbandistrict.com\/es\/wp-json\/wp\/v2\/tags?post=47568"},{"taxonomy":"tribe_events_cat","embeddable":true,"href":"https:\/\/poblenouurbandistrict.com\/es\/wp-json\/wp\/v2\/tribe_events_cat?post=47568"}],"curies":[{"name":"wp","href":"https:\/\/api.w.org\/{rel}","templated":true}]}}

FRUKO Y SUS TESOS &#8211; GIRA 60 AÑOS HACIENDO BAILAR AL MUNDO

<p>Julio Ernesto Estrada, mejor conocido como Fruko, es una leyenda de la salsa viviente con una trayectoria en la música de 60 años. Ha grabado más de 8,000 canciones, que han acompañado las vidas de los latinoamericanos y los amantes de la música tropical en todo el mundo. Este octubre viene con su aclamada orquesta, Fruko y Sus Tesos.</p>
<p>¡No pierdas la oportunidad de experimentar en vivo el poderoso y legendario sonido de una de las bandas de salsa más influyentes de Colombia!</p>
<p>&nbsp;</p>
<p>Más información y entradas <a href="https://www.salarazzmatazz.com/16-10-2024/fruko-y-sus-tesos-gira-60-anos-haciendo-bailar-al-mundo?utm_source=Newsletter+Sala+Razzmatazz&amp;utm_campaign=0a6abab76a-EMAIL_CAMPAIGN_11_13_2023_11_10_COPY_01&amp;utm_medium=email&amp;utm_term=0_0683fe5d6e-0a6abab76a-89231326&amp;mc_cid=0a6abab76a&amp;mc_eid=5d5157c6cf">aquí</a>.</p>

<p>Julio Ernesto Estrada, mejor conocido como Fruko, es una leyenda de la salsa viviente con una trayectoria en la música&#8230; <a href="https://poblenouurbandistrict.com/es/agenda/fruko-y-sus-tesos-gira-60-anos-haciendo-bailar-al-mundo/">Más  →</a></p>

<!-- This site is optimized with the Yoast SEO plugin v27.5 - https://yoast.com/product/yoast-seo-wordpress/ -->
<title>FRUKO Y SUS TESOS - GIRA 60 AÑOS HACIENDO BAILAR AL MUNDO &#8211; Poblenou Urban District</title>
<meta name="robots" content="index, follow, max-snippet:-1, max-image-preview:large, max-video-preview:-1" />
<link rel="canonical" href="https://poblenouurbandistrict.com/es/agenda/fruko-y-sus-tesos-gira-60-anos-haciendo-bailar-al-mundo/" />
<meta property="og:locale" content="es_ES" />
<meta property="og:type" content="article" />
<meta property="og:title" content="FRUKO Y SUS TESOS - GIRA 60 AÑOS HACIENDO BAILAR AL MUNDO &#8211; Poblenou Urban District" />
<meta property="og:description" content="Julio Ernesto Estrada, mejor conocido como Fruko, es una leyenda de la salsa viviente con una trayectoria en la música... Más →" />
<meta property="og:url" content="https://poblenouurbandistrict.com/es/agenda/fruko-y-sus-tesos-gira-60-anos-haciendo-bailar-al-mundo/" />
<meta property="og:site_name" content="Poblenou Urban District" />
<meta property="og:image" content="https://poblenouurbandistrict.com/wp-content/uploads/2024/10/fruko1-1000x540-1.jpg" />
	<meta property="og:image:width" content="950" />
	<meta property="og:image:height" content="540" />
	<meta property="og:image:type" content="image/jpeg" />
<meta name="twitter:card" content="summary_large_image" />
<meta name="twitter:label1" content="Tiempo de lectura" />
	<meta name="twitter:data1" content="1 minuto" />
<script type="application/ld+json" class="yoast-schema-graph">{"@context":"https:\/\/schema.org","@graph":[{"@type":"WebPage","@id":"https:\/\/poblenouurbandistrict.com\/es\/agenda\/fruko-y-sus-tesos-gira-60-anos-haciendo-bailar-al-mundo\/","url":"https:\/\/poblenouurbandistrict.com\/es\/agenda\/fruko-y-sus-tesos-gira-60-anos-haciendo-bailar-al-mundo\/","name":"FRUKO Y SUS TESOS - GIRA 60 AÑOS HACIENDO BAILAR AL MUNDO &#8211; Poblenou Urban District","isPartOf":{"@id":"https:\/\/poblenouurbandistrict.com\/es\/#website"},"primaryImageOfPage":{"@id":"https:\/\/poblenouurbandistrict.com\/es\/agenda\/fruko-y-sus-tesos-gira-60-anos-haciendo-bailar-al-mundo\/#primaryimage"},"image":{"@id":"https:\/\/poblenouurbandistrict.com\/agenda\/fruko-y-sus-tesos-gira-60-anos-haciendo-bailar-al-mundo\/#primaryimage"},"thumbnailUrl":"https:\/\/media.poblenouurbandistrict.com\/2024\/10\/25080314\/fruko1-1000x540-1.jpg","datePublished":"2024-10-15T10:41:47+00:00","breadcrumb":{"@id":"https:\/\/poblenouurbandistrict.com\/es\/agenda\/fruko-y-sus-tesos-gira-60-anos-haciendo-bailar-al-mundo\/#breadcrumb"},"inLanguage":"es","potentialAction":[{"@type":"ReadAction","target":[["https:\/\/poblenouurbandistrict.com\/es\/agenda\/fruko-y-sus-tesos-gira-60-anos-haciendo-bailar-al-mundo\/"]]}]},{"@type":"ImageObject","inLanguage":"es","@id":"https:\/\/poblenouurbandistrict.com\/es\/agenda\/fruko-y-sus-tesos-gira-60-anos-haciendo-bailar-al-mundo\/#primaryimage","url":"https:\/\/media.poblenouurbandistrict.com\/2024\/10\/25080314\/fruko1-1000x540-1.jpg","contentUrl":"https:\/\/media.poblenouurbandistrict.com\/2024\/10\/25080314\/fruko1-1000x540-1.jpg","width":950,"height":540},{"@type":"BreadcrumbList","@id":"https:\/\/poblenouurbandistrict.com\/es\/agenda\/fruko-y-sus-tesos-gira-60-anos-haciendo-bailar-al-mundo\/#breadcrumb","itemListElement":[{"@type":"ListItem","position":1,"name":"Home","item":"https:\/\/poblenouurbandistrict.com\/es\/"},{"@type":"ListItem","position":2,"name":"Esdeveniments","item":"https:\/\/poblenouurbandistrict.com\/es\/agenda\/"},{"@type":"ListItem","position":3,"name":"FRUKO Y SUS TESOS &#8211; GIRA 60 AÑOS HACIENDO BAILAR AL MUNDO"}]},{"@type":"WebSite","@id":"https:\/\/poblenouurbandistrict.com\/es\/#website","url":"https:\/\/poblenouurbandistrict.com\/es\/","name":"Poblenou Urban District","description":"Comunidad Creativa","potentialAction":[{"@type":"SearchAction","target":{"@type":"EntryPoint","urlTemplate":"https:\/\/poblenouurbandistrict.com\/es\/?s={search_term_string}"},"query-input":{"@type":"PropertyValueSpecification","valueRequired":true,"valueName":"search_term_string"}}],"inLanguage":"es"}]}</script>
<!-- / Yoast SEO plugin. -->

FRUKO Y SUS TESOS - GIRA 60 AÑOS HACIENDO BAILAR AL MUNDO &#8211; Poblenou Urban District

Julio Ernesto Estrada, mejor conocido como Fruko, es una leyenda de la salsa viviente con una trayectoria en la música... Más →
